{"id":653,"date":"2019-03-24T17:06:57","date_gmt":"2019-03-24T16:06:57","guid":{"rendered":"https:\/\/wordpress.nibis.de\/gsahlem\/?page_id=653"},"modified":"2025-03-28T14:11:23","modified_gmt":"2025-03-28T13:11:23","slug":"pausenteufel","status":"publish","type":"page","link":"https:\/\/wordpress.nibis.de\/gsahlem\/pausenteufel\/","title":{"rendered":"Pausenteufel"},"content":{"rendered":"<p><span style=\"font-family: arial, helvetica, sans-serif;font-size: 14pt;color: #003366\"><strong>Der Pausenteufel<\/strong><\/span><\/p>\n<p><span style=\"font-family: arial, helvetica, sans-serif\">Der Paus<\/span><span style=\"font-family: arial, helvetica, sans-serif;font-size: 14pt;color: #003366\"><strong><img loading=\"lazy\" decoding=\"async\" class=\"alignright wp-image-3082 \" src=\"https:\/\/wordpress.nibis.de\/gsahlem\/files\/2025\/03\/Pausenteufel-Poster-212x300.jpg\" alt=\"\" width=\"107\" height=\"151\" srcset=\"https:\/\/wordpress.nibis.de\/gsahlem\/files\/2025\/03\/Pausenteufel-Poster-212x300.jpg 212w, https:\/\/wordpress.nibis.de\/gsahlem\/files\/2025\/03\/Pausenteufel-Poster-725x1024.jpg 725w, https:\/\/wordpress.nibis.de\/gsahlem\/files\/2025\/03\/Pausenteufel-Poster-768x1085.jpg 768w, https:\/\/wordpress.nibis.de\/gsahlem\/files\/2025\/03\/Pausenteufel-Poster-1087x1536.jpg 1087w, https:\/\/wordpress.nibis.de\/gsahlem\/files\/2025\/03\/Pausenteufel-Poster.jpg 1123w\" sizes=\"auto, (max-width: 107px) 100vw, 107px\" \/><\/strong><\/span><span style=\"font-family: arial, helvetica, sans-serif\">enteufel ist eine Spielzeugausleihstation, die durch Sch\u00fclerinnen und Sch\u00fclern in Zusammenarbeit mit Lehrkr\u00e4f<\/span><span style=\"font-family: arial, helvetica, sans-serif\">ten der Gr<\/span><span style=\"font-family: arial, helvetica, sans-serif\">un<\/span><span style=\"font-family: arial, helvetica, sans-serif\">d<\/span><span style=\"font-family: arial, helvetica, sans-serif\">s<\/span><span style=\"font-family: arial, helvetica, sans-serif\">chule Ahlem initiiert wurde. Die Spielger\u00e4te sind f\u00fcr die Sch\u00fclerinnen und Sch\u00fcler auf dem Schulhof w\u00e4hrend der gro\u00dfen Pause ausleihbar. Das <\/span><span style=\"font-family: arial, helvetica, sans-serif\">Besondere bei dieser Spielzeugausleihe ist, dass die Sch\u00fclerinnen und Sch\u00fcler der vierten Klassen<\/span><span style=\"font-family: arial, helvetica, sans-serif\"> selbstst\u00e4ndig diesen Dienst ausf\u00fchren. Die Klassen des vierten Jahrgangs wechseln sich bei der Durchf\u00fchrung des Dienstes monatlich ab.<\/span><\/p>\n<p style=\"text-align: justify\"><span style=\"font-family: arial, helvetica, sans-serif\">Zehn Minuten vor Pausenbeginn baut ein Team von drei Kindern die Spielzeugtheke auf dem Schulhof auf. Die Ausleihe wird wie folgt dargestellt durchgef\u00fchrt:<\/span><\/p>\n<ol style=\"list-style-type: lower-alpha\">\n<li style=\"text-align: justify\"><span style=\"font-family: arial, helvetica, sans-serif\">Kinder stellen sich in der Reihe zum Pausenhof hin auf.<\/span><\/li>\n<li style=\"text-align: justify\"><span style=\"font-family: arial, helvetica, sans-serif\">Es wird nur gegen Abgabe der eigenen Ausleihkarte ausgeliehen.<\/span><\/li>\n<li style=\"text-align: justify\"><span style=\"font-family: arial, helvetica, sans-serif\">In jeder Pause darf ein Kind nur ein Ger\u00e4t ausleihen.<\/span><\/li>\n<li style=\"text-align: justify\"><span style=\"font-family: arial, helvetica, sans-serif\">Wenn der Pausenhof durch Wetterbedingungen matschig ist, werden keine Stoff- und Schaumstoffspielzeuge ausgeliehen.<\/span><\/li>\n<li style=\"text-align: justify\"><span style=\"font-family: arial, helvetica, sans-serif\">Kinder, die ein Ger\u00e4t kaputt machen oder es verlieren, m\u00fcssen es ersetzen. Die Karte wird der Klassenlehrerin gegeben und einbehalten, bis der Schaden ersetzt ist.<\/span><\/li>\n<\/ol>\n<p style=\"text-align: justify\"><span style=\"font-family: arial, helvetica, sans-serif\">Der Abbau erfolgt unmittelbar nach dem Gong. Jedes Pausenteufelteam fegt am Ende seines Dienstes den Pausenteufelraum aus und r\u00e4umt auf.<\/span><\/p>\n","protected":false},"excerpt":{"rendered":"<p>Der Pausenteufel Der Pausenteufel ist eine Spielzeugausleihstation, die durch Sch\u00fclerinnen und Sch\u00fclern in Zusammenarbeit mit Lehrkr\u00e4ften der Grundschule Ahlem initiiert wurde. Die Spielger\u00e4te sind f\u00fcr die Sch\u00fclerinnen und Sch\u00fcler auf dem Schulhof w\u00e4hrend der gro\u00dfen Pause ausleihbar. Das Besondere bei dieser Spielzeugausleihe ist, dass die Sch\u00fclerinnen und Sch\u00fcler der vierten Klassen selbstst\u00e4ndig diesen Dienst ausf\u00fchren. [&hellip;]<\/p>\n","protected":false},"author":9192592,"featured_media":0,"parent":0,"menu_order":0,"comment_status":"closed","ping_status":"closed","template":"","meta":{"footnotes":""},"class_list":["post-653","page","type-page","status-publish","hentry"],"_links":{"self":[{"href":"https:\/\/wordpress.nibis.de\/gsahlem\/wp-json\/wp\/v2\/pages\/653","targetHints":{"allow":["GET"]}}],"collection":[{"href":"https:\/\/wordpress.nibis.de\/gsahlem\/wp-json\/wp\/v2\/pages"}],"about":[{"href":"https:\/\/wordpress.nibis.de\/gsahlem\/wp-json\/wp\/v2\/types\/page"}],"author":[{"embeddable":true,"href":"https:\/\/wordpress.nibis.de\/gsahlem\/wp-json\/wp\/v2\/users\/9192592"}],"replies":[{"embeddable":true,"href":"https:\/\/wordpress.nibis.de\/gsahlem\/wp-json\/wp\/v2\/comments?post=653"}],"version-history":[{"count":9,"href":"https:\/\/wordpress.nibis.de\/gsahlem\/wp-json\/wp\/v2\/pages\/653\/revisions"}],"predecessor-version":[{"id":3083,"href":"https:\/\/wordpress.nibis.de\/gsahlem\/wp-json\/wp\/v2\/pages\/653\/revisions\/3083"}],"wp:attachment":[{"href":"https:\/\/wordpress.nibis.de\/gsahlem\/wp-json\/wp\/v2\/media?parent=653"}],"curies":[{"name":"wp","href":"https:\/\/api.w.org\/{rel}","templated":true}]}}