{"id":918,"date":"2020-02-17T10:41:51","date_gmt":"2020-02-17T09:41:51","guid":{"rendered":"https:\/\/wordpress.nibis.de\/gsahlem\/?page_id=918"},"modified":"2020-02-17T10:43:08","modified_gmt":"2020-02-17T09:43:08","slug":"leitbild-der-schule","status":"publish","type":"page","link":"https:\/\/wordpress.nibis.de\/gsahlem\/leitbild-der-schule\/","title":{"rendered":"Leitbild der Schule"},"content":{"rendered":"<p>&nbsp;<\/p>\n<p style=\"text-align: center\"><span style=\"font-size: 18pt;color: #003366\"><strong><u>Grundschule Ahlem \u2013 Leitbild<\/u><\/strong><\/span><\/p>\n<p><img loading=\"lazy\" decoding=\"async\" class=\"aligncenter wp-image-921 size-full\" src=\"https:\/\/wordpress.nibis.de\/gsahlem\/files\/2020\/02\/Leitbild.jpg\" alt=\"Leitbilder der GS Ahlem\" width=\"1024\" height=\"724\" srcset=\"https:\/\/wordpress.nibis.de\/gsahlem\/files\/2020\/02\/Leitbild.jpg 1024w, https:\/\/wordpress.nibis.de\/gsahlem\/files\/2020\/02\/Leitbild-300x212.jpg 300w, https:\/\/wordpress.nibis.de\/gsahlem\/files\/2020\/02\/Leitbild-768x543.jpg 768w\" sizes=\"auto, (max-width: 1024px) 100vw, 1024px\" \/><\/p>\n<p style=\"text-align: left\"><strong><span style=\"color: #993300;font-size: 14pt\"><u>Unser Leitspruch:<\/u><\/span><\/strong><\/p>\n<ul>\n<li style=\"text-align: left\"><strong>Jeder ist einzigartig und wertvoll!<\/strong><\/li>\n<\/ul>\n<p style=\"text-align: left\">Hier kann ich mit Freude lernen und arbeiten, weil ich so angenommen, \u00a0gesehen, unterst\u00fctzt und gefordert werde, wie ich bin!<\/p>\n<p style=\"text-align: left\">Wir alle sorgen daf\u00fcr, dass wir uns hier miteinander wohlf\u00fchlen.<\/p>\n<p style=\"text-align: left\">Wir alle achten auf einen freundlichen Umgang und eine gute Zusammenarbeit.<\/p>\n<p>&nbsp;<\/p>\n<p style=\"text-align: left\"><span style=\"color: #993300\"><strong><span style=\"font-size: 14pt\"><u>Unsere Ziele f\u00fcr die Sch\u00fclerschaft:<\/u><\/span><\/strong><\/span><\/p>\n<ul style=\"text-align: left\">\n<li><strong>Pers\u00f6nlichkeitsst\u00e4rkung:<\/strong><\/li>\n<\/ul>\n<p style=\"text-align: left\">Wir unterst\u00fctzen die F\u00f6rderung der Selbstwahrnehmung und die St\u00e4rkung des Selbstwertgef\u00fchles. Die Sch\u00fclerinnen und Sch\u00fcler sollen aktiv an der Mitgestaltung des Schullebens teilnehmen.<\/p>\n<ul style=\"text-align: left\">\n<li><strong>respektvoller und gewaltfreier Umgang miteinander:<\/strong><\/li>\n<\/ul>\n<p style=\"text-align: left\">Wir legen den Grundstein f\u00fcr die Erweiterung der kommunikativen Kompetenzen, um Toleranz und Offenheit herzustellen.<\/p>\n<ul style=\"text-align: left\">\n<li><strong>l\u00f6sungsorientiertes Denken:<\/strong><\/li>\n<\/ul>\n<p style=\"text-align: left\">L\u00f6sungsorientiertes Denken als eine Schl\u00fcsselqualifikation f\u00fcr die Sch\u00fclerinnen und Sch\u00fcler wird gef\u00f6rdert durch ein Angebot an vielf\u00e4ltigen Arbeitsformen, verschiedenen Lernorten und unterschiedlichen Methoden.<\/p>\n<ul style=\"text-align: left\">\n<li><strong>Kreativit\u00e4t und nachhaltiges Denken:<\/strong><\/li>\n<\/ul>\n<p style=\"text-align: left\">Zur F\u00f6rderung kreativen und nachhaltigen Denkens tr\u00e4gt insbesondere das lebenspraktische Lernen bei.<\/p>\n<p>&nbsp;<\/p>\n<p><span style=\"font-size: 14pt\"><strong><span style=\"color: #993300\"><u>So arbeiten wir:<\/u><\/span><\/strong><\/span><\/p>\n<ul>\n<li>individuell und differenziert<\/li>\n<li>ganzheitlich mit Kopf, Herz und Hand<\/li>\n<li>an verschiedenen Lernorten (z.B. Bauernhof, Schulbiologiezentrum, Sprengelmuseum, Zoo&#8230;)<\/li>\n<li>im Team<\/li>\n<li>mit offenen und selbstorganisierten Arbeitsformen<\/li>\n<li>in Klasse 1 und 2 jahrgangsgemischt<\/li>\n<\/ul>\n<p>&nbsp;<\/p>\n<p><strong><span style=\"font-size: 14pt;color: #993300\"><u>Miteinander:<\/u><\/span><\/strong><\/p>\n<p>Die Sch\u00fclerschaft, Lehrkr\u00e4fte und Eltern bilden unsere Schulgemeinschaft. Gemeinsam tragen wir die Verantwortung f\u00fcr ein gutes Miteinander.<\/p>\n<p>Dazu braucht es:<\/p>\n<ul>\n<li><strong>Respekt<\/strong> Wir gehen respektvoll miteinander um.<\/li>\n<li><strong>Wertsch\u00e4tzung <\/strong>Jeder freut sich \u00fcber Wertsch\u00e4tzung.<\/li>\n<li><strong>Anerkennung <\/strong>Jeder ist Experte in seinem Bereich.<\/li>\n<li><strong>Empathie<\/strong> Es ist uns wichtig, uns in die Situation des Gegen\u00fcbers<\/li>\n<\/ul>\n<p>&nbsp;<\/p>\n<p>Dies erm\u00f6glicht uns ein Miteinander auf Augenh\u00f6he.<\/p>\n<p>Wir ber\u00fccksichtigen unterschiedliche Perspektiven, nutzen unsere St\u00e4rken und fangen Schw\u00e4chen auf.<\/p>\n<p>So k\u00f6nnen wir alle gemeinsam an einem Strang ziehen.<\/p>\n<p>&nbsp;<\/p>\n<table style=\"width: 556px;height: 63px\">\n<tbody>\n<tr style=\"height: 63px\">\n<td style=\"width: 276.067px;height: 63px\">\n<ul>\n<li>Leitbild der GS Ahlem<\/li>\n<\/ul>\n<\/td>\n<td style=\"width: 263.933px;height: 63px\"><a href=\"https:\/\/wordpress.nibis.de\/gsahlem\/files\/2020\/02\/Leitbild-GS-Ahlem.pdf\" target=\"_blank\" rel=\"noopener noreferrer\"><img loading=\"lazy\" decoding=\"async\" class=\"alignnone wp-image-258\" src=\"https:\/\/wordpress.nibis.de\/gsahlem\/files\/2018\/09\/Download-150x150.png\" alt=\"Leitbild der GS-Ahlem\" width=\"40\" height=\"42\" \/><\/a><a href=\"https:\/\/wordpress.nibis.de\/gsahlem\/files\/2020\/02\/Leitbild-GS-Ahlem.pdf\" target=\"_blank\" rel=\"noopener noreferrer\"> [PDF Download, 207 KB]<\/a><\/td>\n<\/tr>\n<\/tbody>\n<\/table>\n<table style=\"width: 550px;height: 80px\">\n<tbody>\n<tr style=\"height: 80px\">\n<td style=\"width: 275.517px;height: 80px\">\n<ul>\n<li>Leitbild Text GS Ahlem<\/li>\n<\/ul>\n<\/td>\n<td style=\"width: 258.483px;height: 80px\"><a href=\"https:\/\/wordpress.nibis.de\/gsahlem\/files\/2020\/02\/Leitbild-Text.pdf\" target=\"_blank\" rel=\"noopener noreferrer\"><img loading=\"lazy\" decoding=\"async\" class=\"alignnone wp-image-258\" src=\"https:\/\/wordpress.nibis.de\/gsahlem\/files\/2018\/09\/Download-150x150.png\" alt=\"Leitbild Text GS Ahlem\" width=\"40\" height=\"42\" \/><\/a><a href=\"https:\/\/wordpress.nibis.de\/gsahlem\/files\/2020\/02\/Leitbild-Text.pdf\"> [PDF Download, 266 KB]<\/a><br \/>\n<u><\/u><\/td>\n<\/tr>\n<\/tbody>\n<\/table>\n<p>&nbsp;<\/p>\n<p>&nbsp;<\/p>\n<p>&nbsp;<\/p>\n","protected":false},"excerpt":{"rendered":"<p>&nbsp; Grundschule Ahlem \u2013 Leitbild Unser Leitspruch: Jeder ist einzigartig und wertvoll! Hier kann ich mit Freude lernen und arbeiten, weil ich so angenommen, \u00a0gesehen, unterst\u00fctzt und gefordert werde, wie ich bin! Wir alle sorgen daf\u00fcr, dass wir uns hier miteinander wohlf\u00fchlen. Wir alle achten auf einen freundlichen Umgang und eine gute Zusammenarbeit. &nbsp; Unsere [&hellip;]<\/p>\n","protected":false},"author":9192592,"featured_media":921,"parent":0,"menu_order":0,"comment_status":"closed","ping_status":"closed","template":"","meta":{"footnotes":""},"class_list":["post-918","page","type-page","status-publish","has-post-thumbnail","hentry"],"_links":{"self":[{"href":"https:\/\/wordpress.nibis.de\/gsahlem\/wp-json\/wp\/v2\/pages\/918","targetHints":{"allow":["GET"]}}],"collection":[{"href":"https:\/\/wordpress.nibis.de\/gsahlem\/wp-json\/wp\/v2\/pages"}],"about":[{"href":"https:\/\/wordpress.nibis.de\/gsahlem\/wp-json\/wp\/v2\/types\/page"}],"author":[{"embeddable":true,"href":"https:\/\/wordpress.nibis.de\/gsahlem\/wp-json\/wp\/v2\/users\/9192592"}],"replies":[{"embeddable":true,"href":"https:\/\/wordpress.nibis.de\/gsahlem\/wp-json\/wp\/v2\/comments?post=918"}],"version-history":[{"count":14,"href":"https:\/\/wordpress.nibis.de\/gsahlem\/wp-json\/wp\/v2\/pages\/918\/revisions"}],"predecessor-version":[{"id":936,"href":"https:\/\/wordpress.nibis.de\/gsahlem\/wp-json\/wp\/v2\/pages\/918\/revisions\/936"}],"wp:featuredmedia":[{"embeddable":true,"href":"https:\/\/wordpress.nibis.de\/gsahlem\/wp-json\/wp\/v2\/media\/921"}],"wp:attachment":[{"href":"https:\/\/wordpress.nibis.de\/gsahlem\/wp-json\/wp\/v2\/media?parent=918"}],"curies":[{"name":"wp","href":"https:\/\/api.w.org\/{rel}","templated":true}]}}