{"id":92,"date":"2018-07-28T13:22:06","date_gmt":"2018-07-28T11:22:06","guid":{"rendered":"http:\/\/wordpress.nibis.de\/gsahlem\/?page_id=92"},"modified":"2025-02-07T17:01:10","modified_gmt":"2025-02-07T16:01:10","slug":"foerderverein","status":"publish","type":"page","link":"https:\/\/wordpress.nibis.de\/gsahlem\/foerderverein\/","title":{"rendered":"F\u00f6rderverein"},"content":{"rendered":"<div class=\"wp-block-image\"><img loading=\"lazy\" decoding=\"async\" class=\"alignright  wp-image-2993\" src=\"https:\/\/wordpress.nibis.de\/gsahlem\/files\/2025\/02\/Logo_FVGSA_2025-300x300.png\" alt=\"logo_foerderverein\" width=\"233\" height=\"233\" srcset=\"https:\/\/wordpress.nibis.de\/gsahlem\/files\/2025\/02\/Logo_FVGSA_2025-300x300.png 300w, https:\/\/wordpress.nibis.de\/gsahlem\/files\/2025\/02\/Logo_FVGSA_2025-1024x1024.png 1024w, https:\/\/wordpress.nibis.de\/gsahlem\/files\/2025\/02\/Logo_FVGSA_2025-150x150.png 150w, https:\/\/wordpress.nibis.de\/gsahlem\/files\/2025\/02\/Logo_FVGSA_2025-768x768.png 768w, https:\/\/wordpress.nibis.de\/gsahlem\/files\/2025\/02\/Logo_FVGSA_2025-1536x1536.png 1536w, https:\/\/wordpress.nibis.de\/gsahlem\/files\/2025\/02\/Logo_FVGSA_2025.png 2000w\" sizes=\"auto, (max-width: 233px) 100vw, 233px\" \/><\/div>\r\nDas Ziel des F\u00f6rdervereins ist es, unb\u00fcrokratisch und schnell finanzielle und tatkr\u00e4ftige Hilfe zu leisten.\r\n\r\nDetails finden Sie auf folgenden Seiten:\r\n<ul>\r\n \t<li><a href=\"https:\/\/wordpress.nibis.de\/gsahlem\/foerderverein\/ueber-den-verein\/\">\u00dcber den Verein<\/a><\/li>\r\n \t<li><a href=\"https:\/\/wordpress.nibis.de\/gsahlem\/foerderverein\/organisatorisches\/\">Organisatorisches<\/a><\/li>\r\n \t<li><a href=\"https:\/\/wordpress.nibis.de\/gsahlem\/foerderverein\/mitglied-werden\/\">Mitglied werden<\/a><\/li>\r\n<\/ul>\r\n&nbsp;\r\n\r\n<!-- \/wp:post-content -->","protected":false},"excerpt":{"rendered":"<p>Das Ziel des F\u00f6rdervereins ist es, unb\u00fcrokratisch und schnell finanzielle und tatkr\u00e4ftige Hilfe zu leisten. Details finden Sie auf folgenden Seiten: \u00dcber den Verein Organisatorisches Mitglied werden &nbsp;<\/p>\n","protected":false},"author":9192592,"featured_media":0,"parent":0,"menu_order":0,"comment_status":"closed","ping_status":"closed","template":"","meta":{"footnotes":""},"class_list":["post-92","page","type-page","status-publish","hentry"],"_links":{"self":[{"href":"https:\/\/wordpress.nibis.de\/gsahlem\/wp-json\/wp\/v2\/pages\/92","targetHints":{"allow":["GET"]}}],"collection":[{"href":"https:\/\/wordpress.nibis.de\/gsahlem\/wp-json\/wp\/v2\/pages"}],"about":[{"href":"https:\/\/wordpress.nibis.de\/gsahlem\/wp-json\/wp\/v2\/types\/page"}],"author":[{"embeddable":true,"href":"https:\/\/wordpress.nibis.de\/gsahlem\/wp-json\/wp\/v2\/users\/9192592"}],"replies":[{"embeddable":true,"href":"https:\/\/wordpress.nibis.de\/gsahlem\/wp-json\/wp\/v2\/comments?post=92"}],"version-history":[{"count":34,"href":"https:\/\/wordpress.nibis.de\/gsahlem\/wp-json\/wp\/v2\/pages\/92\/revisions"}],"predecessor-version":[{"id":2995,"href":"https:\/\/wordpress.nibis.de\/gsahlem\/wp-json\/wp\/v2\/pages\/92\/revisions\/2995"}],"wp:attachment":[{"href":"https:\/\/wordpress.nibis.de\/gsahlem\/wp-json\/wp\/v2\/media?parent=92"}],"curies":[{"name":"wp","href":"https:\/\/api.w.org\/{rel}","templated":true}]}}