{"id":572,"date":"2021-08-17T22:44:56","date_gmt":"2021-08-17T20:44:56","guid":{"rendered":"https:\/\/wordpress.nibis.de\/gsalwes\/?page_id=572"},"modified":"2024-06-06T21:06:25","modified_gmt":"2024-06-06T19:06:25","slug":"newsboard","status":"publish","type":"page","link":"https:\/\/wordpress.nibis.de\/gsalwes\/aktuelles\/newsboard\/","title":{"rendered":"Newsboard"},"content":{"rendered":"\n<figure class=\"wp-block-image size-large\"><img loading=\"lazy\" decoding=\"async\" width=\"1024\" height=\"764\" src=\"https:\/\/wordpress.nibis.de\/gsalwes\/files\/2021\/07\/Bildschirmfoto-2021-07-29-um-21.06.40-1-1024x764.png\" alt=\"\" class=\"wp-image-538\" srcset=\"https:\/\/wordpress.nibis.de\/gsalwes\/files\/2021\/07\/Bildschirmfoto-2021-07-29-um-21.06.40-1-1024x764.png 1024w, https:\/\/wordpress.nibis.de\/gsalwes\/files\/2021\/07\/Bildschirmfoto-2021-07-29-um-21.06.40-1-300x224.png 300w, https:\/\/wordpress.nibis.de\/gsalwes\/files\/2021\/07\/Bildschirmfoto-2021-07-29-um-21.06.40-1-768x573.png 768w, https:\/\/wordpress.nibis.de\/gsalwes\/files\/2021\/07\/Bildschirmfoto-2021-07-29-um-21.06.40-1.png 1271w\" sizes=\"auto, (max-width: 1024px) 100vw, 1024px\" \/><figcaption>Foto: J. Dammann<\/figcaption><\/figure>\n\n\n<p>\u00a0<\/p>\n<p>Unser Newsboard h\u00e4ngt im Eingangsbereich der Schule. Hier befinden sich aktuelle Berichte aus dem Schulalltag \u00fcber Ausfl\u00fcge, Klassenfahrten, Unterrichtsthemen, Feste, &#8230; \u00dcber unser <a href=\"https:\/\/wordpress.nibis.de\/gsalwes\/patenkind-butiru\/\">Patenkind Emmanuel aus Butiru<\/a> gibt es dort auch immer aktuelle Informationen. \u00a0<\/p>","protected":false},"excerpt":{"rendered":"<p>\u00a0 Unser Newsboard h\u00e4ngt im Eingangsbereich der Schule. Hier befinden sich aktuelle Berichte aus dem Schulalltag \u00fcber Ausfl\u00fcge, Klassenfahrten, Unterrichtsthemen, Feste, &#8230; \u00dcber unser Patenkind Emmanuel aus Butiru gibt es dort auch immer aktuelle Informationen. \u00a0<\/p>\n","protected":false},"author":9193715,"featured_media":0,"parent":92,"menu_order":0,"comment_status":"closed","ping_status":"closed","template":"","meta":{"footnotes":""},"class_list":["post-572","page","type-page","status-publish"],"_links":{"self":[{"href":"https:\/\/wordpress.nibis.de\/gsalwes\/wp-json\/wp\/v2\/pages\/572","targetHints":{"allow":["GET"]}}],"collection":[{"href":"https:\/\/wordpress.nibis.de\/gsalwes\/wp-json\/wp\/v2\/pages"}],"about":[{"href":"https:\/\/wordpress.nibis.de\/gsalwes\/wp-json\/wp\/v2\/types\/page"}],"author":[{"embeddable":true,"href":"https:\/\/wordpress.nibis.de\/gsalwes\/wp-json\/wp\/v2\/users\/9193715"}],"replies":[{"embeddable":true,"href":"https:\/\/wordpress.nibis.de\/gsalwes\/wp-json\/wp\/v2\/comments?post=572"}],"version-history":[{"count":5,"href":"https:\/\/wordpress.nibis.de\/gsalwes\/wp-json\/wp\/v2\/pages\/572\/revisions"}],"predecessor-version":[{"id":1891,"href":"https:\/\/wordpress.nibis.de\/gsalwes\/wp-json\/wp\/v2\/pages\/572\/revisions\/1891"}],"up":[{"embeddable":true,"href":"https:\/\/wordpress.nibis.de\/gsalwes\/wp-json\/wp\/v2\/pages\/92"}],"wp:attachment":[{"href":"https:\/\/wordpress.nibis.de\/gsalwes\/wp-json\/wp\/v2\/media?parent=572"}],"curies":[{"name":"wp","href":"https:\/\/api.w.org\/{rel}","templated":true}]}}