{"id":3751,"date":"2022-10-20T11:02:40","date_gmt":"2022-10-20T09:02:40","guid":{"rendered":"https:\/\/wordpress.nibis.de\/gsamlindhof\/?page_id=3751"},"modified":"2022-10-20T11:02:40","modified_gmt":"2022-10-20T09:02:40","slug":"ausflug-an-den-strand","status":"publish","type":"page","link":"https:\/\/wordpress.nibis.de\/gsamlindhof\/ausflug-an-den-strand\/","title":{"rendered":"Ausflug an den Strand"},"content":{"rendered":"<p><img loading=\"lazy\" decoding=\"async\" class=\"alignnone size-medium wp-image-3755\" src=\"https:\/\/wordpress.nibis.de\/gsamlindhof\/files\/2022\/10\/Strand1-850x478.jpg\" alt=\"\" width=\"850\" height=\"478\" srcset=\"https:\/\/wordpress.nibis.de\/gsamlindhof\/files\/2022\/10\/Strand1-850x478.jpg 850w, https:\/\/wordpress.nibis.de\/gsamlindhof\/files\/2022\/10\/Strand1-1200x675.jpg 1200w, https:\/\/wordpress.nibis.de\/gsamlindhof\/files\/2022\/10\/Strand1-250x141.jpg 250w\" sizes=\"auto, (max-width: 850px) 100vw, 850px\" \/><\/p>\n<p>Im September hat die gesamte Schule einen Ausflug nach Sahlenburg an den Strand gemacht. Hier konnten die Sch\u00fclerInnen im Watt oder am Strand toben, Sandburgen bauen oder sogar ihren Drachen steigen lassen.<\/p>\n<p>Auch dieser Tag konnte von der Schulleitung \u00fcber das F\u00f6rderprogramm &#8222;Startklar in die Zukunft&#8220; finanziert werden und war somit f\u00fcr die Familien der Kinder kostenfrei!<\/p>\n<p><img loading=\"lazy\" decoding=\"async\" class=\"alignnone size-medium wp-image-3753\" src=\"https:\/\/wordpress.nibis.de\/gsamlindhof\/files\/2022\/10\/Strand3-850x478.jpg\" alt=\"\" width=\"850\" height=\"478\" srcset=\"https:\/\/wordpress.nibis.de\/gsamlindhof\/files\/2022\/10\/Strand3-850x478.jpg 850w, https:\/\/wordpress.nibis.de\/gsamlindhof\/files\/2022\/10\/Strand3-1200x675.jpg 1200w, https:\/\/wordpress.nibis.de\/gsamlindhof\/files\/2022\/10\/Strand3-250x141.jpg 250w\" sizes=\"auto, (max-width: 850px) 100vw, 850px\" \/> <img loading=\"lazy\" decoding=\"async\" class=\"alignnone size-medium wp-image-3754\" src=\"https:\/\/wordpress.nibis.de\/gsamlindhof\/files\/2022\/10\/Strand2-850x478.jpg\" alt=\"\" width=\"850\" height=\"478\" srcset=\"https:\/\/wordpress.nibis.de\/gsamlindhof\/files\/2022\/10\/Strand2-850x478.jpg 850w, https:\/\/wordpress.nibis.de\/gsamlindhof\/files\/2022\/10\/Strand2-1200x675.jpg 1200w, https:\/\/wordpress.nibis.de\/gsamlindhof\/files\/2022\/10\/Strand2-250x141.jpg 250w\" sizes=\"auto, (max-width: 850px) 100vw, 850px\" \/><\/p>\n<p>&nbsp;<\/p>\n","protected":false},"excerpt":{"rendered":"<p>Im September hat die gesamte Schule einen Ausflug nach Sahlenburg an den Strand gemacht. Hier konnten die Sch\u00fclerInnen im Watt oder am Strand toben, Sandburgen bauen oder sogar ihren Drachen steigen lassen. Auch dieser Tag konnte von der Schulleitung \u00fcber &hellip; <a href=\"https:\/\/wordpress.nibis.de\/gsamlindhof\/ausflug-an-den-strand\/\">Weiterlesen <span class=\"meta-nav\">&rarr;<\/span><\/a><\/p>\n","protected":false},"author":1436,"featured_media":0,"parent":0,"menu_order":0,"comment_status":"closed","ping_status":"closed","template":"","meta":{"footnotes":""},"class_list":["post-3751","page","type-page","status-publish","hentry"],"_links":{"self":[{"href":"https:\/\/wordpress.nibis.de\/gsamlindhof\/wp-json\/wp\/v2\/pages\/3751","targetHints":{"allow":["GET"]}}],"collection":[{"href":"https:\/\/wordpress.nibis.de\/gsamlindhof\/wp-json\/wp\/v2\/pages"}],"about":[{"href":"https:\/\/wordpress.nibis.de\/gsamlindhof\/wp-json\/wp\/v2\/types\/page"}],"author":[{"embeddable":true,"href":"https:\/\/wordpress.nibis.de\/gsamlindhof\/wp-json\/wp\/v2\/users\/1436"}],"replies":[{"embeddable":true,"href":"https:\/\/wordpress.nibis.de\/gsamlindhof\/wp-json\/wp\/v2\/comments?post=3751"}],"version-history":[{"count":1,"href":"https:\/\/wordpress.nibis.de\/gsamlindhof\/wp-json\/wp\/v2\/pages\/3751\/revisions"}],"predecessor-version":[{"id":3756,"href":"https:\/\/wordpress.nibis.de\/gsamlindhof\/wp-json\/wp\/v2\/pages\/3751\/revisions\/3756"}],"wp:attachment":[{"href":"https:\/\/wordpress.nibis.de\/gsamlindhof\/wp-json\/wp\/v2\/media?parent=3751"}],"curies":[{"name":"wp","href":"https:\/\/api.w.org\/{rel}","templated":true}]}}