{"id":3780,"date":"2022-10-20T11:45:56","date_gmt":"2022-10-20T09:45:56","guid":{"rendered":"https:\/\/wordpress.nibis.de\/gsamlindhof\/?page_id=3780"},"modified":"2022-10-20T11:45:56","modified_gmt":"2022-10-20T09:45:56","slug":"henrietta-in-fructonia","status":"publish","type":"page","link":"https:\/\/wordpress.nibis.de\/gsamlindhof\/henrietta-in-fructonia\/","title":{"rendered":"Henrietta in Fructonia"},"content":{"rendered":"<p>\u00dcber das F\u00f6rderprogramm &#8222;Startklar in die Zukunft&#8220; konnten wir das AOK-Kindertheater f\u00fcr unsere Schule gewinnen. Ein witziges Theaterst\u00fcck brachte den Sch\u00fclerInnen die Themen Ern\u00e4hrung und Bewegung n\u00e4her.<\/p>\n<p><img loading=\"lazy\" decoding=\"async\" class=\"alignnone size-medium wp-image-3781\" src=\"https:\/\/wordpress.nibis.de\/gsamlindhof\/files\/2022\/10\/Henriette-850x478.jpg\" alt=\"\" width=\"850\" height=\"478\" srcset=\"https:\/\/wordpress.nibis.de\/gsamlindhof\/files\/2022\/10\/Henriette-850x478.jpg 850w, https:\/\/wordpress.nibis.de\/gsamlindhof\/files\/2022\/10\/Henriette-1200x675.jpg 1200w, https:\/\/wordpress.nibis.de\/gsamlindhof\/files\/2022\/10\/Henriette-250x141.jpg 250w\" sizes=\"auto, (max-width: 850px) 100vw, 850px\" \/><\/p>\n<p><em>&#8222;Gesundheit spielend lernen: Mit dem AOK-Kindertheater lernen Grundsch\u00fcler in ganz Deutschland Gesundheitspr\u00e4vention schon in der Schule. Im Zentrum steht dabei die Grundsch\u00fclerin Henrietta. Mit ihren Freunden meistert sie schwierige Herausforderungen und geht schlie\u00dflich gest\u00e4rkt aus den Abenteuern hervor. Behandelt werden haupts\u00e4chlich Themen wie Ern\u00e4hrung, Bewegung und psychische Gesundheit.&#8220; (<a href=\"https:\/\/www.aok.de\/pk\/leistungen\/schulen-kitas\/henrietta-kindertheater\/\">www.aok.de)<\/a><\/em><\/p>\n","protected":false},"excerpt":{"rendered":"<p>\u00dcber das F\u00f6rderprogramm &#8222;Startklar in die Zukunft&#8220; konnten wir das AOK-Kindertheater f\u00fcr unsere Schule gewinnen. Ein witziges Theaterst\u00fcck brachte den Sch\u00fclerInnen die Themen Ern\u00e4hrung und Bewegung n\u00e4her. &#8222;Gesundheit spielend lernen: Mit dem AOK-Kindertheater lernen Grundsch\u00fcler in ganz Deutschland Gesundheitspr\u00e4vention schon &hellip; <a href=\"https:\/\/wordpress.nibis.de\/gsamlindhof\/henrietta-in-fructonia\/\">Weiterlesen <span class=\"meta-nav\">&rarr;<\/span><\/a><\/p>\n","protected":false},"author":1436,"featured_media":0,"parent":0,"menu_order":0,"comment_status":"closed","ping_status":"closed","template":"","meta":{"footnotes":""},"class_list":["post-3780","page","type-page","status-publish","hentry"],"_links":{"self":[{"href":"https:\/\/wordpress.nibis.de\/gsamlindhof\/wp-json\/wp\/v2\/pages\/3780","targetHints":{"allow":["GET"]}}],"collection":[{"href":"https:\/\/wordpress.nibis.de\/gsamlindhof\/wp-json\/wp\/v2\/pages"}],"about":[{"href":"https:\/\/wordpress.nibis.de\/gsamlindhof\/wp-json\/wp\/v2\/types\/page"}],"author":[{"embeddable":true,"href":"https:\/\/wordpress.nibis.de\/gsamlindhof\/wp-json\/wp\/v2\/users\/1436"}],"replies":[{"embeddable":true,"href":"https:\/\/wordpress.nibis.de\/gsamlindhof\/wp-json\/wp\/v2\/comments?post=3780"}],"version-history":[{"count":1,"href":"https:\/\/wordpress.nibis.de\/gsamlindhof\/wp-json\/wp\/v2\/pages\/3780\/revisions"}],"predecessor-version":[{"id":3782,"href":"https:\/\/wordpress.nibis.de\/gsamlindhof\/wp-json\/wp\/v2\/pages\/3780\/revisions\/3782"}],"wp:attachment":[{"href":"https:\/\/wordpress.nibis.de\/gsamlindhof\/wp-json\/wp\/v2\/media?parent=3780"}],"curies":[{"name":"wp","href":"https:\/\/api.w.org\/{rel}","templated":true}]}}