{"id":2312,"date":"2022-09-14T18:27:46","date_gmt":"2022-09-14T16:27:46","guid":{"rendered":"https:\/\/wordpress.nibis.de\/gsamstadtturm\/?page_id=2312"},"modified":"2022-09-14T18:32:19","modified_gmt":"2022-09-14T16:32:19","slug":"ganztagsschule-2","status":"publish","type":"page","link":"https:\/\/wordpress.nibis.de\/gsamstadtturm\/ganztagsschule-2\/","title":{"rendered":"Ganztagsschule"},"content":{"rendered":"\n<p>Seit Beginn des Schuljahres 2011\/12 wird die GS Am Stadtturm auch als Ganztagsschule gef\u00fchrt. Die Kinder haben dadurch die M\u00f6glichkeit, von montags bis donnerstags an einem freiwilligen Nachmittagsangebot teilzunehmen.<\/p>\n<p>Das Nachmittagsangebot endet um 14.45 Uhr. Die Ganztagsschule beinhaltet die Teilnahme an der Hausaufgabenbetreuung und Freizeitangeboten sowie die M\u00f6glichkeit zur Einnahme eines kostenpflichtigen Mittagessens.<\/p>\n<p>F\u00fcr Familien, die einen zus\u00e4tzlichen Betreuungsbedarf haben, bietet die Stadt in Kooperation mit der Schule au\u00dferdem eine Randstundenbetreuung von Montag bis Donnerstag\u00a0 bis 15.30 Uhr an.<\/p>\n","protected":false},"excerpt":{"rendered":"<p>Seit Beginn des Schuljahres 2011\/12 wird die GS Am Stadtturm auch als Ganztagsschule gef\u00fchrt. Die Kinder haben dadurch die M\u00f6glichkeit, von montags bis donnerstags an einem freiwilligen Nachmittagsangebot teilzunehmen. Das Nachmittagsangebot endet um 14.45 Uhr. Die Ganztagsschule beinhaltet die Teilnahme an der Hausaufgabenbetreuung und Freizeitangeboten sowie die M\u00f6glichkeit zur Einnahme eines kostenpflichtigen Mittagessens. F\u00fcr Familien, [&hellip;]<\/p>\n","protected":false},"author":654,"featured_media":0,"parent":0,"menu_order":0,"comment_status":"closed","ping_status":"closed","template":"","meta":{"footnotes":""},"class_list":["post-2312","page","type-page","status-publish","hentry"],"_links":{"self":[{"href":"https:\/\/wordpress.nibis.de\/gsamstadtturm\/wp-json\/wp\/v2\/pages\/2312","targetHints":{"allow":["GET"]}}],"collection":[{"href":"https:\/\/wordpress.nibis.de\/gsamstadtturm\/wp-json\/wp\/v2\/pages"}],"about":[{"href":"https:\/\/wordpress.nibis.de\/gsamstadtturm\/wp-json\/wp\/v2\/types\/page"}],"author":[{"embeddable":true,"href":"https:\/\/wordpress.nibis.de\/gsamstadtturm\/wp-json\/wp\/v2\/users\/654"}],"replies":[{"embeddable":true,"href":"https:\/\/wordpress.nibis.de\/gsamstadtturm\/wp-json\/wp\/v2\/comments?post=2312"}],"version-history":[{"count":3,"href":"https:\/\/wordpress.nibis.de\/gsamstadtturm\/wp-json\/wp\/v2\/pages\/2312\/revisions"}],"predecessor-version":[{"id":2317,"href":"https:\/\/wordpress.nibis.de\/gsamstadtturm\/wp-json\/wp\/v2\/pages\/2312\/revisions\/2317"}],"wp:attachment":[{"href":"https:\/\/wordpress.nibis.de\/gsamstadtturm\/wp-json\/wp\/v2\/media?parent=2312"}],"curies":[{"name":"wp","href":"https:\/\/api.w.org\/{rel}","templated":true}]}}