{"id":2853,"date":"2026-01-26T20:22:31","date_gmt":"2026-01-26T19:22:31","guid":{"rendered":"https:\/\/wordpress.nibis.de\/gsamstadtturm\/?page_id=2853"},"modified":"2026-01-26T20:36:41","modified_gmt":"2026-01-26T19:36:41","slug":"info-shg-mobil","status":"publish","type":"page","link":"https:\/\/wordpress.nibis.de\/gsamstadtturm\/info-shg-mobil\/","title":{"rendered":"SHG-Mobil Info"},"content":{"rendered":"\n<p style=\"font-weight: 400\">Die Schaumburger Verkehrs-Gesellschaft bietet mehrere Informationskan\u00e4le bei denen Sie sich informieren k\u00f6nnen.&nbsp;<\/p>\n<ol style=\"font-weight: 400\">\n<li><strong><a href=\"https:\/\/www.svg-schaumburg.de\/\">Homepage<\/a><\/strong> \u2013 Aktuelle Informationen finden Sie auf unserer Website.<\/li>\n<li><strong><a href=\"https:\/\/www.instagram.com\/shgmobil\/?locale=zh_CN&amp;hl=af\">Instagram<\/a><\/strong> \u2013 Auf unserem Instagram-Auftritt teilen wir regelm\u00e4\u00dfig Neuigkeiten.<\/li>\n<li><strong><a href=\"https:\/\/app.shgmobil.de\/\">Web-App<\/a><\/strong> \u2013 Neu ist unsere Web-App, mit der Sie die Position unserer Busse live verfolgen k\u00f6nnen.<\/li>\n<li><strong><a href=\"https:\/\/whatsapp.com\/channel\/0029VaDiGLm7j6g1ud4Ur22A\">WhatsApp-Kanal<\/a><\/strong> \u2013 Wir informieren auch \u00fcber unseren WhatsApp Kanal. Dieser Service gilt auch au\u00dferhalb der Hotline Zeiten.*<\/li>\n<li><strong><u>Info-Hotline<\/u><\/strong> \u2013 Telefonisch sind wir \u00fcber unsere kostenlose Info-Hotline unter <strong>0800 106 50 50<\/strong> Mo. &#8211; Fr. von 8.00 &#8211; 18.00 Uhr erreichbar.<\/li>\n<\/ol>\n<p style=\"font-weight: 400\">Alle oben genannte Kan\u00e4le k\u00f6nnen Sie \u00fcber diesen QR-Code aufrufen:<\/p>\n<p><a href=\"https:\/\/wordpress.nibis.de\/gsamstadtturm\/files\/2026\/01\/image004.jpg\"><img loading=\"lazy\" decoding=\"async\" class=\"alignleft size-thumbnail wp-image-2856\" src=\"https:\/\/wordpress.nibis.de\/gsamstadtturm\/files\/2026\/01\/image004-150x150.jpg\" alt=\"SVG QR-Code\" width=\"150\" height=\"150\"><\/a><\/p>\n<p>&nbsp;<\/p>\n<p>&nbsp;<\/p>\n<p>&nbsp;<\/p>\n<p>&nbsp;<\/p>\n<p>&nbsp;<\/p>\n<p style=\"font-weight: 400\">* Die schnellsten Infos bekommt man \u00fcber den WhatsApp-Kanal, der auch au\u00dferhalb der B\u00fcrozeiten umfassend informiert.<\/p>\n","protected":false},"excerpt":{"rendered":"<p>Die Schaumburger Verkehrs-Gesellschaft bietet mehrere Informationskan\u00e4le bei denen Sie sich informieren k\u00f6nnen.&nbsp; Homepage \u2013 Aktuelle Informationen finden Sie auf unserer Website. Instagram \u2013 Auf unserem Instagram-Auftritt teilen wir regelm\u00e4\u00dfig Neuigkeiten. Web-App \u2013 Neu ist unsere Web-App, mit der Sie die Position unserer Busse live verfolgen k\u00f6nnen. WhatsApp-Kanal \u2013 Wir informieren auch \u00fcber unseren WhatsApp Kanal. [&hellip;]<\/p>\n","protected":false},"author":654,"featured_media":0,"parent":0,"menu_order":0,"comment_status":"closed","ping_status":"closed","template":"","meta":{"footnotes":""},"class_list":["post-2853","page","type-page","status-publish","hentry"],"_links":{"self":[{"href":"https:\/\/wordpress.nibis.de\/gsamstadtturm\/wp-json\/wp\/v2\/pages\/2853","targetHints":{"allow":["GET"]}}],"collection":[{"href":"https:\/\/wordpress.nibis.de\/gsamstadtturm\/wp-json\/wp\/v2\/pages"}],"about":[{"href":"https:\/\/wordpress.nibis.de\/gsamstadtturm\/wp-json\/wp\/v2\/types\/page"}],"author":[{"embeddable":true,"href":"https:\/\/wordpress.nibis.de\/gsamstadtturm\/wp-json\/wp\/v2\/users\/654"}],"replies":[{"embeddable":true,"href":"https:\/\/wordpress.nibis.de\/gsamstadtturm\/wp-json\/wp\/v2\/comments?post=2853"}],"version-history":[{"count":6,"href":"https:\/\/wordpress.nibis.de\/gsamstadtturm\/wp-json\/wp\/v2\/pages\/2853\/revisions"}],"predecessor-version":[{"id":2865,"href":"https:\/\/wordpress.nibis.de\/gsamstadtturm\/wp-json\/wp\/v2\/pages\/2853\/revisions\/2865"}],"wp:attachment":[{"href":"https:\/\/wordpress.nibis.de\/gsamstadtturm\/wp-json\/wp\/v2\/media?parent=2853"}],"curies":[{"name":"wp","href":"https:\/\/api.w.org\/{rel}","templated":true}]}}