{"id":294,"date":"2014-12-12T14:07:44","date_gmt":"2014-12-12T14:07:44","guid":{"rendered":"http:\/\/wordpress.nibis.de\/gsamstadtturm\/?page_id=294"},"modified":"2026-04-12T22:35:06","modified_gmt":"2026-04-12T20:35:06","slug":"startseite-neu","status":"publish","type":"page","link":"https:\/\/wordpress.nibis.de\/gsamstadtturm\/startseite-neu\/","title":{"rendered":"AKTUELLES"},"content":{"rendered":"\n<table style=\"border-collapse: collapse;width: 100%;height: 945px\">\n<tbody>\n<tr style=\"height: 26px\">\n<td style=\"height: 10px;width: 99.880952%;background-color: #faf689\" colspan=\"2\">\n<h3>Live-\u00dcbertragung Nistkasten<\/h3>\n<\/td>\n<\/tr>\n<tr style=\"height: 132px\">\n<td style=\"background-color: #faf689;width: 99.880952%;height: 132px\" colspan=\"2\">\n<p>Seit Ende Februar befindet sich an unserer Schule ein Nistkasten. Dank einer installierten Kamera k\u00f6nnen wir das Geschehen darin live mitverfolgen. \u00dcber diesen <a href=\"https:\/\/wordpress.nibis.de\/gsamstadtturm\/unser-nistkasten\/\">Link<\/a> gelangen Sie direkt zur Live-\u00dcbertragung<\/p>\n<p>Weitere Informationen finden Sie unter \u201eSchulleben \u2013 Unser Nistkasten\u201c.<\/p>\n<\/td>\n<\/tr>\n<tr style=\"height: 60px\">\n<td style=\"width: 99.880952%;height: 60px\" colspan=\"2\">\n<p>\u00a0<\/p>\n<\/td>\n<\/tr>\n<tr style=\"height: 10px\">\n<td style=\"height: 10px;background-color: #c1ed95;width: 99.880952%\" colspan=\"2\">\n<h3>15.04.2026 \u00a0 \u00a0Elterncaf\u00e9<\/h3>\n<\/td>\n<\/tr>\n<tr style=\"height: 284px\">\n<td style=\"background-color: #c1ed95;width: 99.880952%;height: 284px\" colspan=\"2\">\n<p class=\"p1\">Die Schulsozialarbeit der Grundschule Am Stadtturm m\u00f6chte Sie in Kooperation mit dem Familienzentrum ganz herzlich zu unserem Elterncaf\u00e9 einladen. <span style=\"color: #ccffcc\">&#8211;<\/span> Bei Tee und Geb\u00e4ck wollen wir mit Ihnen in den Austausch gehen. <span style=\"color: #ccffcc\">&#8211;<\/span> Wir m\u00f6chten in diesem Rahmen die Schule f\u00fcr Ihre Fragen, Anregungen und Unsicherheiten in Bezug auf die Schule und das Schulleben \u00f6ffnen. <span style=\"color: #ccffcc\">&#8211;<\/span> F\u00fcr die Sprachen arabisch und t\u00fcrkisch wird es an diesem Tag einen Sprachmittler geben.<\/p>\n<p class=\"p1\"><b>Wo: Grundschule Am Stadtturm, Loccumer Stra\u00dfe 33, 31655 Stadthagen<\/b><\/p>\n<p class=\"p1\"><b>Wann: Mittwoch, 15.04.2026 von 9 \u2013 10 Uhr in der Mensa<\/b><\/p>\n<table style=\"border-collapse: collapse;width: 100%;height: 20px\">\n<tbody>\n<tr style=\"height: 20px\">\n<td style=\"width: 33.333333%;height: 20px\"><a href=\"https:\/\/wordpress.nibis.de\/gsamstadtturm\/files\/2026\/04\/Elterncaf-deutsch.pdf\" target=\"_blank\" rel=\"noopener\">Einladung deutsch<\/a><\/td>\n<td style=\"width: 33.333333%;height: 20px\"><a href=\"https:\/\/wordpress.nibis.de\/gsamstadtturm\/files\/2026\/04\/Elterncaf-tuerkisch.pdf\" target=\"_blank\" rel=\"noopener\">Einladung t\u00fcrkisch<\/a><\/td>\n<td style=\"width: 33.333333%;height: 20px\"><a href=\"https:\/\/wordpress.nibis.de\/gsamstadtturm\/files\/2026\/04\/Elterncaf-arabisch.pdf\" target=\"_blank\" rel=\"noopener\">Einladung arabisch<\/a><\/td>\n<\/tr>\n<\/tbody>\n<\/table>\n<\/td>\n<\/tr>\n<tr style=\"height: 60px\">\n<td style=\"width: 99.880952%;height: 60px\" colspan=\"2\">\n<p>\u00a0<\/p>\n<\/td>\n<\/tr>\n<tr>\n<td style=\"background-color: #c1ed95\" colspan=\"2\">\n<h3>19.05.2026 \u00a0 Miniph\u00e4nomenta<\/h3>\n<p>Gerne nehmen wir noch Anmeldungen f\u00fcr den 19. Mai zum Werken der Miniph\u00e4nomenta-Exponate an. Ab 13.30 Uhr werden Elemente f\u00fcr die Miniph\u00e4nomenta in der Schule gebaut.\u00a0<\/p>\n<\/td>\n<\/tr>\n<tr>\n<td style=\"background-color: #fafafa;width: 99.880952%\" colspan=\"2\">\n<h3>\u00a0<\/h3>\n<\/td>\n<\/tr>\n<tr style=\"height: 133px\">\n<td style=\"background-color: #c1ed95;height: 133px\" colspan=\"2\">\n<h3>30.05.2026 \u00a0 Flohmarkt<\/h3>\n<p>Von 10 &#8211; 14 Uhr findet auf unserem Schulhof wieder ein Flohmarkt statt. Der F\u00f6rderverein hat alles organisiert und freut sich auch noch \u00fcber Kuchenspenden. Bitte \u00fcber die Klassenlehrer:innen beim F\u00f6rderverein melden.<\/p>\n<p>hier geht&#8217;s zum <a href=\"https:\/\/wordpress.nibis.de\/gsamstadtturm\/files\/2026\/04\/Flohmarkt_Schule_am_Stadtturm2026.pdf\" target=\"_blank\" rel=\"noopener\">Flyer<\/a><\/p>\n<p>Wir hoffen auf rege Teilnahme und gutes Wetter. Bei Regenwetter f\u00e4llt es leider aus.<\/p>\n<\/td>\n<\/tr>\n<tr style=\"height: 20px\">\n<td style=\"width: 98.452381%;height: 20px\">\u00a0<\/td>\n<td style=\"width: 1.428571%;height: 20px\">\u00a0<\/td>\n<\/tr>\n<\/tbody>\n<\/table>\n<table style=\"border-collapse: collapse;width: 100%;height: 20px\">\n<tbody>\n<tr style=\"height: 26px\">\n<td style=\"width: 1.190476%;height: 10px;background-color: #f5baba\" colspan=\"2\">\n<h3>Krankheiten melden<\/h3>\n<\/td>\n<\/tr>\n<tr style=\"height: 26px\">\n<td style=\"width: 1.190476%;height: 10px;background-color: #f5baba\" colspan=\"2\">\n<p>Sollte Ihr Kind an Windpocken, R\u00f6teln, Masern oder Ringelr\u00f6teln erkrankt sein, m\u00fcssen Sie dies der Schule melden.<\/p>\n<\/td>\n<\/tr>\n<\/tbody>\n<\/table>\n\n\n\n<p>&nbsp;<\/p>\n<table style=\"border-collapse: collapse;width: 100%;height: 20px\">\n<tbody>\n<tr>\n<td style=\"width: 1.190476%;background-color: #fafafa\" colspan=\"2\">\n<h3>&nbsp;<\/h3>\n<\/td>\n<\/tr>\n<tr style=\"height: 26px\">\n<td style=\"width: 1.190476%;height: 10px;background-color: #de97bf\" colspan=\"2\">\n<p><strong>Wir suchen dich f\u00fcr den Einsatz im Bundesfreiwilligendienst (BFD)<\/strong><\/p>\n<p><a href=\"https:\/\/wordpress.nibis.de\/gsamstadtturm\/files\/2026\/01\/Wir-suchen-dich_Bundesfreiwilligendienst_Sport.pdf\">Ausschreibung 2026<\/a><\/p>\n<p><a href=\"https:\/\/wordpress.nibis.de\/gsamstadtturm\/files\/2023\/03\/FWD-Logo-Einatzstelle-10225.jpg\"><img loading=\"lazy\" decoding=\"async\" class=\"alignleft size-thumbnail wp-image-2376\" src=\"https:\/\/wordpress.nibis.de\/gsamstadtturm\/files\/2023\/03\/FWD-Logo-Einatzstelle-10225-150x150.jpg\" alt=\"Freiwilligendienst\" width=\"150\" height=\"150\"><\/a><\/p>\n<\/td>\n<\/tr>\n<\/tbody>\n<\/table>\n\n\n\n<div class=\"wp-block-group\"><div class=\"wp-block-group__inner-container is-layout-flow wp-block-group-is-layout-flow\">\n<div class=\"wp-block-columns is-layout-flex wp-container-core-columns-is-layout-abceabcf wp-block-columns-is-layout-flex\">\n<div class=\"wp-block-column is-layout-flow wp-block-column-is-layout-flow\" style=\"--col-width:100%;flex-basis:100%\"><\/div>\n<\/div>\n<\/div><\/div>\n\n\n\n<div><br>\n<table style=\"height: 267px;width: 99.761905%;border-collapse: collapse;background-color: #f5f18e;border-color: #000000\">\n<tbody>\n<tr style=\"height: 35px\">\n<td style=\"width: 1.193317%;height: 35px;border-color: #000000\" colspan=\"2\">\n<h3><strong>Men\u00fcbestellung zum Mittagessen f\u00fcr die Ganztagskinder:&nbsp;<\/strong><\/h3>\n<\/td>\n<\/tr>\n<tr style=\"height: 315px\">\n<td style=\"width: 1.193317%;height: 232px\" colspan=\"2\">\n<div>\n<p>Wenn Sie das Angebot des Caterers &#8222;Erste Sahne&#8220; &nbsp;f\u00fcr Ihr Kind in Anspruch nehmen wollen, m\u00fcssen Sie sich zun\u00e4chst bei diesem registrieren: <a href=\"https:\/\/erste-sahne-catering.de\/menuebestellung-online\/\" target=\"_blank\" rel=\"noopener\">https:\/\/erste-sahne-catering.de\/menuebestellung-online\/<\/a> Dort finden Sie auch eine Anleitung zur Registrierung und Men\u00fcbestellung. Hier finden Sie weitere <a href=\"https:\/\/wordpress.nibis.de\/gsamstadtturm\/files\/2024\/08\/Elterninfo-Kita-und-Grundschule-zum-Wechsel-Caterer-08_2024.pdf\">Informationen zur Essensbestellung<\/a> sowie einen <a href=\"https:\/\/wordpress.nibis.de\/gsamstadtturm\/files\/2025\/09\/Mittagessen_kostenfrei_Antrag_2025.08.pdf\">Antrag f\u00fcr Leistungsberechtigte f\u00fcr den Bereich Bildung und Teilhabe<\/a>. Bei Fragen melden Sie sich gerne. Wenn Sie keine Essensbestellung vornehmen m\u00f6chten oder k\u00f6nnen, so beachten Sie bitte, dass Sie Ihrem Kind bereits ab Montag ausreichend Verpflegung und Getr\u00e4nke mit in die Schule geben.<\/p>\n<\/div>\n<\/td>\n<\/tr>\n<\/tbody>\n<\/table>\n<table style=\"border-collapse: collapse;width: 100%;height: 52px\">\n<tbody>\n<tr style=\"height: 26px\">\n<td style=\"width: 100%;height: 26px\">&nbsp;<\/td>\n<\/tr>\n<tr style=\"height: 26px\">\n<td style=\"width: 100%;height: 26px\">&nbsp;<\/td>\n<\/tr>\n<\/tbody>\n<\/table>\n<hr><\/div>\n\n\n\n<div>\n<div>&nbsp;<\/div>\n<p><span style=\"font-size: revert\">zur Anmeldung des <a href=\"https:\/\/erste-sahne-catering.de\/menuebestellung-online\/\">Mittagessens<\/a>&nbsp;<\/span><\/p>\n<\/div>\n\n\n\n<div>\n<p><a href=\"https:\/\/wordpress.nibis.de\/gsamstadtturm\/files\/2025\/08\/Lehrer_EMail_2025.pdf\">Kontaktaufnahme mit den Lehrkr\u00e4ften<\/a><\/p>\n<p>Beratungszentrum Obernkirchen (SBZ)<\/p>\n<p><a href=\"https:\/\/wordpress.nibis.de\/gsamstadtturm\/files\/2020\/12\/2020.12.10_Beratungsangebote_f_r_Sch_lerinnen_und_Sch_ler.pdf\">Beratungs- und Gespr\u00e4chsangebote f\u00fcr Kinder und Jugendliche<\/a><\/p>\n<\/div>\n<p>&nbsp;<\/p>\n<div><hr><\/div>\n\n\n\n<p>&nbsp;<\/p>\n<hr>\n<div>&nbsp;<\/div>\n\n\n\n<p><\/p>\n\n\n","protected":false},"excerpt":{"rendered":"<p>Live-\u00dcbertragung Nistkasten Seit Ende Februar befindet sich an unserer Schule ein Nistkasten. Dank einer installierten Kamera k\u00f6nnen wir das Geschehen darin live mitverfolgen. \u00dcber diesen Link gelangen Sie direkt zur Live-\u00dcbertragung Weitere Informationen finden Sie unter \u201eSchulleben \u2013 Unser Nistkasten\u201c. \u00a0 15.04.2026 \u00a0 \u00a0Elterncaf\u00e9 Die Schulsozialarbeit der Grundschule Am Stadtturm m\u00f6chte Sie in Kooperation mit [&hellip;]<\/p>\n","protected":false},"author":654,"featured_media":0,"parent":0,"menu_order":0,"comment_status":"closed","ping_status":"closed","template":"","meta":{"footnotes":""},"class_list":["post-294","page","type-page","status-publish","hentry"],"_links":{"self":[{"href":"https:\/\/wordpress.nibis.de\/gsamstadtturm\/wp-json\/wp\/v2\/pages\/294","targetHints":{"allow":["GET"]}}],"collection":[{"href":"https:\/\/wordpress.nibis.de\/gsamstadtturm\/wp-json\/wp\/v2\/pages"}],"about":[{"href":"https:\/\/wordpress.nibis.de\/gsamstadtturm\/wp-json\/wp\/v2\/types\/page"}],"author":[{"embeddable":true,"href":"https:\/\/wordpress.nibis.de\/gsamstadtturm\/wp-json\/wp\/v2\/users\/654"}],"replies":[{"embeddable":true,"href":"https:\/\/wordpress.nibis.de\/gsamstadtturm\/wp-json\/wp\/v2\/comments?post=294"}],"version-history":[{"count":619,"href":"https:\/\/wordpress.nibis.de\/gsamstadtturm\/wp-json\/wp\/v2\/pages\/294\/revisions"}],"predecessor-version":[{"id":3062,"href":"https:\/\/wordpress.nibis.de\/gsamstadtturm\/wp-json\/wp\/v2\/pages\/294\/revisions\/3062"}],"wp:attachment":[{"href":"https:\/\/wordpress.nibis.de\/gsamstadtturm\/wp-json\/wp\/v2\/media?parent=294"}],"curies":[{"name":"wp","href":"https:\/\/api.w.org\/{rel}","templated":true}]}}