{"id":47,"date":"2014-12-11T14:00:40","date_gmt":"2014-12-11T14:00:40","guid":{"rendered":"http:\/\/wordpress.nibis.de\/gsamstadtturm\/?page_id=47"},"modified":"2024-05-01T23:38:02","modified_gmt":"2024-05-01T21:38:02","slug":"lesewettbewerb","status":"publish","type":"page","link":"https:\/\/wordpress.nibis.de\/gsamstadtturm\/startseite-neu\/lesewettbewerb\/","title":{"rendered":"Lesewettbewerb"},"content":{"rendered":"<div id=\"rt-mainbody\">\n<div>\n<h1><strong>Lesewettbewerb 2024<\/strong><\/h1>\n<p>Es geh\u00f6rt zu den guten Traditionen an der Grundschule Am Stadtturm, dass in jedem Fr\u00fchjahr in Verbindung mit dem Welttag des Buches ein Lesewettbewerb stattfindet. Daf\u00fcr bereiten sich die Kinder der 2. bis 4. Jahrg\u00e4nge in ihren Klassen mit viel Elan und Anstrengung vor, und jede Klasse legt fest, welche Sch\u00fcler\/innen beim klassen\u00fcbergreifenden Lesewettbewerb dabei sein werden.<\/p>\n<\/div>\n<div>\n<p>Schon seit vielen Jahren findet sich eine erfahrene Gruppe von pensionierten Kolleginnen bereit, an diesem Tag die Lesevortr\u00e4ge der Kinder als Jury zu beurteilen. Das Kollegium freut sich sehr \u00fcber diese Unterst\u00fctzung, und die ehemaligen Kolleginnen zeigen sich immer wieder begeistert von den tollen Leistungen der Kinder.<\/p>\n<p>Nat\u00fcrlich waren die Kinder bei der Siegerehrung vor Mitsch\u00fcler\/innen und Eltern stolz \u00fcber ihre Urkunden und Buchpr\u00e4sente.<\/p>\n<\/div>\n<table style=\"width: 100%\">\n<tbody>\n<tr>\n<td style=\"width: 99.801587%\" colspan=\"2\" width=\"154\">Unsere Gewinner\/innen in diesem Jahr:<\/td>\n<\/tr>\n<tr>\n<td style=\"width: 20.039683%;text-align: center\" width=\"154\">Jahrgang 2<\/td>\n<td style=\"width: 79.761905%\" width=\"154\"><a href=\"https:\/\/wordpress.nibis.de\/gsamstadtturm\/files\/2024\/05\/Lesewettbewerb_24_2.jpeg\"><img loading=\"lazy\" decoding=\"async\" class=\"aligncenter size-full wp-image-2504\" src=\"https:\/\/wordpress.nibis.de\/gsamstadtturm\/files\/2024\/05\/Lesewettbewerb_24_2.jpeg\" alt=\"\" width=\"807\" height=\"412\" srcset=\"https:\/\/wordpress.nibis.de\/gsamstadtturm\/files\/2024\/05\/Lesewettbewerb_24_2.jpeg 807w, https:\/\/wordpress.nibis.de\/gsamstadtturm\/files\/2024\/05\/Lesewettbewerb_24_2-300x153.jpeg 300w, https:\/\/wordpress.nibis.de\/gsamstadtturm\/files\/2024\/05\/Lesewettbewerb_24_2-768x392.jpeg 768w\" sizes=\"auto, (max-width: 807px) 100vw, 807px\" \/><\/a><\/td>\n<\/tr>\n<tr>\n<td style=\"width: 20.039683%;text-align: center\" width=\"154\">Jahrgang 3<\/td>\n<td style=\"width: 79.761905%\" width=\"154\"><a href=\"https:\/\/wordpress.nibis.de\/gsamstadtturm\/files\/2024\/05\/Lesewettbewerb_24_3.jpeg\"><img loading=\"lazy\" decoding=\"async\" class=\"aligncenter size-full wp-image-2505\" src=\"https:\/\/wordpress.nibis.de\/gsamstadtturm\/files\/2024\/05\/Lesewettbewerb_24_3.jpeg\" alt=\"\" width=\"708\" height=\"387\" srcset=\"https:\/\/wordpress.nibis.de\/gsamstadtturm\/files\/2024\/05\/Lesewettbewerb_24_3.jpeg 708w, https:\/\/wordpress.nibis.de\/gsamstadtturm\/files\/2024\/05\/Lesewettbewerb_24_3-300x164.jpeg 300w\" sizes=\"auto, (max-width: 708px) 100vw, 708px\" \/><\/a><\/td>\n<\/tr>\n<tr>\n<td style=\"width: 20.039683%;text-align: center\" width=\"154\">Jahrgang 4<\/td>\n<td style=\"width: 79.761905%\" width=\"154\"><a href=\"https:\/\/wordpress.nibis.de\/gsamstadtturm\/files\/2024\/05\/Lesewettbewerb_24_4.jpeg\"><img loading=\"lazy\" decoding=\"async\" class=\"aligncenter size-full wp-image-2506\" src=\"https:\/\/wordpress.nibis.de\/gsamstadtturm\/files\/2024\/05\/Lesewettbewerb_24_4.jpeg\" alt=\"\" width=\"1024\" height=\"565\" srcset=\"https:\/\/wordpress.nibis.de\/gsamstadtturm\/files\/2024\/05\/Lesewettbewerb_24_4.jpeg 1024w, https:\/\/wordpress.nibis.de\/gsamstadtturm\/files\/2024\/05\/Lesewettbewerb_24_4-300x166.jpeg 300w, https:\/\/wordpress.nibis.de\/gsamstadtturm\/files\/2024\/05\/Lesewettbewerb_24_4-768x424.jpeg 768w, https:\/\/wordpress.nibis.de\/gsamstadtturm\/files\/2024\/05\/Lesewettbewerb_24_4-672x372.jpeg 672w\" sizes=\"auto, (max-width: 1024px) 100vw, 1024px\" \/><\/a><\/td>\n<\/tr>\n<\/tbody>\n<\/table>\n<\/div>\n","protected":false},"excerpt":{"rendered":"<p>Lesewettbewerb 2024 Es geh\u00f6rt zu den guten Traditionen an der Grundschule Am Stadtturm, dass in jedem Fr\u00fchjahr in Verbindung mit dem Welttag des Buches ein Lesewettbewerb stattfindet. Daf\u00fcr bereiten sich die Kinder der 2. bis 4. Jahrg\u00e4nge in ihren Klassen mit viel Elan und Anstrengung vor, und jede Klasse legt fest, welche Sch\u00fcler\/innen beim klassen\u00fcbergreifenden [&hellip;]<\/p>\n","protected":false},"author":654,"featured_media":0,"parent":294,"menu_order":0,"comment_status":"closed","ping_status":"closed","template":"","meta":{"footnotes":""},"class_list":["post-47","page","type-page","status-publish","hentry"],"_links":{"self":[{"href":"https:\/\/wordpress.nibis.de\/gsamstadtturm\/wp-json\/wp\/v2\/pages\/47","targetHints":{"allow":["GET"]}}],"collection":[{"href":"https:\/\/wordpress.nibis.de\/gsamstadtturm\/wp-json\/wp\/v2\/pages"}],"about":[{"href":"https:\/\/wordpress.nibis.de\/gsamstadtturm\/wp-json\/wp\/v2\/types\/page"}],"author":[{"embeddable":true,"href":"https:\/\/wordpress.nibis.de\/gsamstadtturm\/wp-json\/wp\/v2\/users\/654"}],"replies":[{"embeddable":true,"href":"https:\/\/wordpress.nibis.de\/gsamstadtturm\/wp-json\/wp\/v2\/comments?post=47"}],"version-history":[{"count":13,"href":"https:\/\/wordpress.nibis.de\/gsamstadtturm\/wp-json\/wp\/v2\/pages\/47\/revisions"}],"predecessor-version":[{"id":2511,"href":"https:\/\/wordpress.nibis.de\/gsamstadtturm\/wp-json\/wp\/v2\/pages\/47\/revisions\/2511"}],"up":[{"embeddable":true,"href":"https:\/\/wordpress.nibis.de\/gsamstadtturm\/wp-json\/wp\/v2\/pages\/294"}],"wp:attachment":[{"href":"https:\/\/wordpress.nibis.de\/gsamstadtturm\/wp-json\/wp\/v2\/media?parent=47"}],"curies":[{"name":"wp","href":"https:\/\/api.w.org\/{rel}","templated":true}]}}