{"id":1778,"date":"2021-05-28T11:03:29","date_gmt":"2021-05-28T09:03:29","guid":{"rendered":"https:\/\/wordpress.nibis.de\/gsamwall\/?page_id=1778"},"modified":"2026-04-10T20:50:54","modified_gmt":"2026-04-10T18:50:54","slug":"antraege-und-formulare","status":"publish","type":"page","link":"https:\/\/wordpress.nibis.de\/gsamwall\/antraege-und-formulare\/","title":{"rendered":"Antr\u00e4ge, Formulare, F\u00f6rderpl\u00e4ne, DAZ"},"content":{"rendered":"","protected":true},"excerpt":{"rendered":"","protected":true},"author":9193468,"featured_media":0,"parent":0,"menu_order":0,"comment_status":"closed","ping_status":"closed","template":"","meta":{"footnotes":""},"class_list":["post-1778","page","type-page","status-publish","post-password-required","hentry"],"_links":{"self":[{"href":"https:\/\/wordpress.nibis.de\/gsamwall\/wp-json\/wp\/v2\/pages\/1778","targetHints":{"allow":["GET"]}}],"collection":[{"href":"https:\/\/wordpress.nibis.de\/gsamwall\/wp-json\/wp\/v2\/pages"}],"about":[{"href":"https:\/\/wordpress.nibis.de\/gsamwall\/wp-json\/wp\/v2\/types\/page"}],"author":[{"embeddable":true,"href":"https:\/\/wordpress.nibis.de\/gsamwall\/wp-json\/wp\/v2\/users\/9193468"}],"replies":[{"embeddable":true,"href":"https:\/\/wordpress.nibis.de\/gsamwall\/wp-json\/wp\/v2\/comments?post=1778"}],"version-history":[{"count":10,"href":"https:\/\/wordpress.nibis.de\/gsamwall\/wp-json\/wp\/v2\/pages\/1778\/revisions"}],"predecessor-version":[{"id":2854,"href":"https:\/\/wordpress.nibis.de\/gsamwall\/wp-json\/wp\/v2\/pages\/1778\/revisions\/2854"}],"wp:attachment":[{"href":"https:\/\/wordpress.nibis.de\/gsamwall\/wp-json\/wp\/v2\/media?parent=1778"}],"curies":[{"name":"wp","href":"https:\/\/api.w.org\/{rel}","templated":true}]}}