{"id":2175,"date":"2022-11-17T14:42:06","date_gmt":"2022-11-17T13:42:06","guid":{"rendered":"https:\/\/wordpress.nibis.de\/gsamwall\/?page_id=2175"},"modified":"2022-11-17T14:46:11","modified_gmt":"2022-11-17T13:46:11","slug":"kartoffelfest-2","status":"publish","type":"page","link":"https:\/\/wordpress.nibis.de\/gsamwall\/kartoffelfest-2\/","title":{"rendered":"Kartoffelfest am 11.11.2022"},"content":{"rendered":"\n<p>Am 11.11.2022 konnten wir endlich nach einer 2 j\u00e4hrigen Pause wieder unser Kartoffelfest veranstalten. Seit dem Nachmittag wurde gekocht und vorbereitet, sodass es 17 Uhr auf dem gem\u00fctlich geschm\u00fcckten Schulhof in der beginnenden D\u00e4mmerung los gehen konnte. <br><br>Bei Musik und sch\u00f6ner Beleuchtung k\u00f6nnten Sch\u00fcler*innen, Eltern und viele andere G\u00e4ste bei Leckereien rund um die Kartoffel einen tollen Nachmittag \/ Abend verbringen. Au\u00dferdem gab es die M\u00f6glichkeit, Laternen zu basteln oder am Stand unseres F\u00f6rdervereins sch\u00f6ne, selbst gemachte Dinge zu kaufen. <br><br>Wir bedanken uns bei allen Helfern und G\u00e4sten f\u00fcr dieses rundum gelungene Fest und freuen uns schon jetzt, auf das n\u00e4chste Kartoffelfest. <br><\/p>\n\n\n\n<p><img loading=\"lazy\" decoding=\"async\" class=\"wp-image-2176 aligncenter\" src=\"https:\/\/wordpress.nibis.de\/gsamwall\/files\/2022\/11\/WhatsApp-Image-2022-11-17-at-14.38.06-1.jpeg\" alt=\"\" width=\"393\" height=\"427\" srcset=\"https:\/\/wordpress.nibis.de\/gsamwall\/files\/2022\/11\/WhatsApp-Image-2022-11-17-at-14.38.06-1.jpeg 943w, https:\/\/wordpress.nibis.de\/gsamwall\/files\/2022\/11\/WhatsApp-Image-2022-11-17-at-14.38.06-1-768x834.jpeg 768w\" sizes=\"auto, (max-width: 393px) 100vw, 393px\" \/> <img loading=\"lazy\" decoding=\"async\" class=\"alignright  wp-image-2177\" src=\"https:\/\/wordpress.nibis.de\/gsamwall\/files\/2022\/11\/WhatsApp-Image-2022-11-17-at-14.38.06-3.jpeg\" alt=\"\" width=\"298\" height=\"223\" srcset=\"https:\/\/wordpress.nibis.de\/gsamwall\/files\/2022\/11\/WhatsApp-Image-2022-11-17-at-14.38.06-3.jpeg 1024w, https:\/\/wordpress.nibis.de\/gsamwall\/files\/2022\/11\/WhatsApp-Image-2022-11-17-at-14.38.06-3-768x576.jpeg 768w\" sizes=\"auto, (max-width: 298px) 100vw, 298px\" \/> <img loading=\"lazy\" decoding=\"async\" class=\"wp-image-2178 alignleft\" src=\"https:\/\/wordpress.nibis.de\/gsamwall\/files\/2022\/11\/WhatsApp-Image-2022-11-17-at-14.38.06-2.jpeg\" alt=\"\" width=\"297\" height=\"223\" srcset=\"https:\/\/wordpress.nibis.de\/gsamwall\/files\/2022\/11\/WhatsApp-Image-2022-11-17-at-14.38.06-2.jpeg 1024w, https:\/\/wordpress.nibis.de\/gsamwall\/files\/2022\/11\/WhatsApp-Image-2022-11-17-at-14.38.06-2-768x576.jpeg 768w\" sizes=\"auto, (max-width: 297px) 100vw, 297px\" \/> <img loading=\"lazy\" decoding=\"async\" class=\"size-full wp-image-2179 aligncenter\" src=\"https:\/\/wordpress.nibis.de\/gsamwall\/files\/2022\/11\/WhatsApp-Image-2022-11-17-at-14.38.06.jpeg\" alt=\"\" width=\"1024\" height=\"768\" srcset=\"https:\/\/wordpress.nibis.de\/gsamwall\/files\/2022\/11\/WhatsApp-Image-2022-11-17-at-14.38.06.jpeg 1024w, https:\/\/wordpress.nibis.de\/gsamwall\/files\/2022\/11\/WhatsApp-Image-2022-11-17-at-14.38.06-768x576.jpeg 768w\" sizes=\"auto, (max-width: 1024px) 100vw, 1024px\" \/><\/p>\n","protected":false},"excerpt":{"rendered":"<p>Am 11.11.2022 konnten wir endlich nach einer 2 j\u00e4hrigen Pause wieder unser Kartoffelfest veranstalten. Seit dem Nachmittag wurde gekocht und vorbereitet, sodass es 17 Uhr auf dem gem\u00fctlich geschm\u00fcckten Schulhof in der beginnenden D\u00e4mmerung los gehen konnte. Bei Musik und sch\u00f6ner Beleuchtung k\u00f6nnten Sch\u00fcler*innen, Eltern und viele andere G\u00e4ste bei Leckereien rund um die Kartoffel &hellip; <a href=\"https:\/\/wordpress.nibis.de\/gsamwall\/kartoffelfest-2\/\" class=\"more-link\"><span class=\"screen-reader-text\">Kartoffelfest am 11.11.2022<\/span> weiterlesen <span class=\"meta-nav\">&rarr;<\/span><\/a><\/p>\n","protected":false},"author":9193468,"featured_media":0,"parent":0,"menu_order":0,"comment_status":"closed","ping_status":"closed","template":"","meta":{"footnotes":""},"class_list":["post-2175","page","type-page","status-publish","hentry"],"_links":{"self":[{"href":"https:\/\/wordpress.nibis.de\/gsamwall\/wp-json\/wp\/v2\/pages\/2175","targetHints":{"allow":["GET"]}}],"collection":[{"href":"https:\/\/wordpress.nibis.de\/gsamwall\/wp-json\/wp\/v2\/pages"}],"about":[{"href":"https:\/\/wordpress.nibis.de\/gsamwall\/wp-json\/wp\/v2\/types\/page"}],"author":[{"embeddable":true,"href":"https:\/\/wordpress.nibis.de\/gsamwall\/wp-json\/wp\/v2\/users\/9193468"}],"replies":[{"embeddable":true,"href":"https:\/\/wordpress.nibis.de\/gsamwall\/wp-json\/wp\/v2\/comments?post=2175"}],"version-history":[{"count":4,"href":"https:\/\/wordpress.nibis.de\/gsamwall\/wp-json\/wp\/v2\/pages\/2175\/revisions"}],"predecessor-version":[{"id":2187,"href":"https:\/\/wordpress.nibis.de\/gsamwall\/wp-json\/wp\/v2\/pages\/2175\/revisions\/2187"}],"wp:attachment":[{"href":"https:\/\/wordpress.nibis.de\/gsamwall\/wp-json\/wp\/v2\/media?parent=2175"}],"curies":[{"name":"wp","href":"https:\/\/api.w.org\/{rel}","templated":true}]}}