{"id":221,"date":"2020-04-14T19:18:21","date_gmt":"2020-04-14T17:18:21","guid":{"rendered":"https:\/\/wordpress.nibis.de\/gsamwall\/?page_id=221"},"modified":"2026-08-16T20:26:20","modified_gmt":"2026-08-16T18:26:20","slug":"unterrichts-und-pausenzeiten","status":"publish","type":"page","link":"https:\/\/wordpress.nibis.de\/gsamwall\/unterrichts-und-pausenzeiten\/","title":{"rendered":"Unterrichts- und Pausenzeiten"},"content":{"rendered":"\n<div id=\"txt_153\">\n<p class=\"Normal-P\"><span class=\"Normal-C0\">Der Unterricht der Grundschule am Wall beginnt t\u00e4glich um 7.40 Uhr. Sie sollten darauf achten, dass Ihr Kind ca. 10 Minuten vor Unterrichtsbeginn in der Schule ankommt. <\/span><span class=\"Normal-C0\">Kinder, die zu sp\u00e4t kommen, sch\u00e4men sich oft oder haben Angst, in ihre Klassenr\u00e4ume zu gehen. Ersparen Sie Ihrem Kind diese Situation!<\/span><\/p>\n<\/div>\n<div id=\"txt_156\">\n<p class=\"Normal-P\"><span class=\"Normal-C0\">Zwischen 9.15 Uhr und 9.40 Uhr ist die erste gro\u00dfe Pause. Die Kinder k\u00f6nnen in dieser Zeit in der Klasse fr\u00fchst\u00fccken und danach auf dem Pausenhof spielen. (Bei starkem Regen bleiben die Kinder in ihren Klassen).<\/span><\/p>\n<p>Die dritte und vierte Stunde finden von 9.40 Uhr bis 11.15 Uhr statt. Danach ist die zweite gro\u00dfe Pause und anschlie\u00dfend von 11.45 Uhr bis 13.20 Uhr die f\u00fcnfte und sechste Stunde.\u00a0<\/p>\n<p>Angemeldete Betreuungskinder, welche nach der 4. Stunde Schulschluss haben, werden bei einem Bastelangebot bis 12.40 Uhr betreut.\u00a0 Betreuungskinder, welche nach der 5. Stunde Schulschluss haben, werden ebenfalls bis 12.40 Uhr in der Schule betreut.\u00a0<\/p>\n<p class=\"Normal-P\">Ganztagskinder gehen nach dem Unterricht in den Ganztag. Dort gibt es Mittagessen, es werden Hausaufgaben gemacht und es finden am Nachmittags verschiedene AGs statt.\u00a0<\/p>\n<p class=\"Normal-P\"><span class=\"Normal-C0\">Die Ganztagsschule endet um 15.40 Uhr.\u00a0<\/span><\/p>\n<p class=\"Normal-P\"><span class=\"Normal-C0\">Wird Ihr Kind fr\u00fcher oder von uns nicht bekannten Personen abgeholt, ist es wichtig, dass Sie uns das schriftlich, m\u00fcndlich oder telefonisch mitteilen! Wir sind w\u00e4hrend der Schulzeit f\u00fcr Ihr Kind verantwortlich.<\/span><\/p>\n<table style=\"border-collapse: collapse;width: 100%;height: 196px\">\n<tbody>\n<tr style=\"height: 28px\">\n<td style=\"width: 50%;height: 28px\">Stunde<\/td>\n<td style=\"width: 50%;height: 28px\">Zeit<\/td>\n<\/tr>\n<tr style=\"height: 28px\">\n<td style=\"width: 50%;height: 28px\">1. Stunde\u00a0<\/td>\n<td style=\"width: 50%;height: 28px\">7.40 Uhr &#8211; 8.25 Uhr\u00a0<\/td>\n<\/tr>\n<tr style=\"height: 28px\">\n<td style=\"width: 50%;height: 28px\">2. Stunde<\/td>\n<td style=\"width: 50%;height: 28px\">8.30 Uhr &#8211; 9.15 Uhr<\/td>\n<\/tr>\n<tr style=\"height: 28px\">\n<td style=\"width: 50%;height: 28px\">3. Stunde<\/td>\n<td style=\"width: 50%;height: 28px\">9.40 Uhr &#8211; 10.25 Uhr\u00a0<\/td>\n<\/tr>\n<tr style=\"height: 28px\">\n<td style=\"width: 50%;height: 28px\">4. Stunde<\/td>\n<td style=\"width: 50%;height: 28px\">10.30 Uhr &#8211; 11.15 Uhr<\/td>\n<\/tr>\n<tr style=\"height: 28px\">\n<td style=\"width: 50%;height: 28px\">5. Stunde<\/td>\n<td style=\"width: 50%;height: 28px\">11.45 Uhr &#8211; 12.30 Uhr\u00a0<\/td>\n<\/tr>\n<tr style=\"height: 28px\">\n<td style=\"width: 50%;height: 28px\">6. Stunde<\/td>\n<td style=\"width: 50%;height: 28px\">12.35 Uhr &#8211; 13.20 Uhr\u00a0<\/td>\n<\/tr>\n<\/tbody>\n<\/table>\n<\/div>\n\n\n\n<div class=\"wp-block-columns is-layout-flex wp-container-core-columns-is-layout-8f761849 wp-block-columns-is-layout-flex\"><\/div>\n","protected":false},"excerpt":{"rendered":"","protected":false},"author":9193468,"featured_media":0,"parent":0,"menu_order":0,"comment_status":"closed","ping_status":"closed","template":"","meta":{"footnotes":""},"class_list":["post-221","page","type-page","status-publish","hentry"],"_links":{"self":[{"href":"https:\/\/wordpress.nibis.de\/gsamwall\/wp-json\/wp\/v2\/pages\/221","targetHints":{"allow":["GET"]}}],"collection":[{"href":"https:\/\/wordpress.nibis.de\/gsamwall\/wp-json\/wp\/v2\/pages"}],"about":[{"href":"https:\/\/wordpress.nibis.de\/gsamwall\/wp-json\/wp\/v2\/types\/page"}],"author":[{"embeddable":true,"href":"https:\/\/wordpress.nibis.de\/gsamwall\/wp-json\/wp\/v2\/users\/9193468"}],"replies":[{"embeddable":true,"href":"https:\/\/wordpress.nibis.de\/gsamwall\/wp-json\/wp\/v2\/comments?post=221"}],"version-history":[{"count":8,"href":"https:\/\/wordpress.nibis.de\/gsamwall\/wp-json\/wp\/v2\/pages\/221\/revisions"}],"predecessor-version":[{"id":2915,"href":"https:\/\/wordpress.nibis.de\/gsamwall\/wp-json\/wp\/v2\/pages\/221\/revisions\/2915"}],"wp:attachment":[{"href":"https:\/\/wordpress.nibis.de\/gsamwall\/wp-json\/wp\/v2\/media?parent=221"}],"curies":[{"name":"wp","href":"https:\/\/api.w.org\/{rel}","templated":true}]}}

<div id="txt_153">
<p class="Normal-P"><span class="Normal-C0">Der Unterricht der Grundschule am Wall beginnt täglich um 7.40 Uhr. Sie sollten darauf achten, dass Ihr Kind ca. 10 Minuten vor Unterrichtsbeginn in der Schule ankommt. </span><span class="Normal-C0">Kinder, die zu spät kommen, schämen sich oft oder haben Angst, in ihre Klassenräume zu gehen. Ersparen Sie Ihrem Kind diese Situation!</span></p>
</div>
<div id="txt_156">
<p class="Normal-P"><span class="Normal-C0">Zwischen 9.15 Uhr und 9.40 Uhr ist die erste große Pause. Die Kinder können in dieser Zeit in der Klasse frühstücken und danach auf dem Pausenhof spielen. (Bei starkem Regen bleiben die Kinder in ihren Klassen).</span></p>
<p>Die dritte und vierte Stunde finden von 9.40 Uhr bis 11.15 Uhr statt. Danach ist die zweite große Pause und anschließend von 11.45 Uhr bis 13.20 Uhr die fünfte und sechste Stunde. </p>
<p>Angemeldete Betreuungskinder, welche nach der 4. Stunde Schulschluss haben, werden bei einem Bastelangebot bis 12.40 Uhr betreut.  Betreuungskinder, welche nach der 5. Stunde Schulschluss haben, werden ebenfalls bis 12.40 Uhr in der Schule betreut. </p>
<p class="Normal-P">Ganztagskinder gehen nach dem Unterricht in den Ganztag. Dort gibt es Mittagessen, es werden Hausaufgaben gemacht und es finden am Nachmittags verschiedene AGs statt. </p>
<p class="Normal-P"><span class="Normal-C0">Die Ganztagsschule endet um 15.40 Uhr. </span></p>
<p class="Normal-P"><span class="Normal-C0">Wird Ihr Kind früher oder von uns nicht bekannten Personen abgeholt, ist es wichtig, dass Sie uns das schriftlich, mündlich oder telefonisch mitteilen! Wir sind während der Schulzeit für Ihr Kind verantwortlich.</span></p>
<table style="border-collapse: collapse;width: 100%;height: 196px">
<tbody>
<tr style="height: 28px">
<td style="width: 50%;height: 28px">Stunde</td>
<td style="width: 50%;height: 28px">Zeit</td>
</tr>
<tr style="height: 28px">
<td style="width: 50%;height: 28px">1. Stunde </td>
<td style="width: 50%;height: 28px">7.40 Uhr &#8211; 8.25 Uhr </td>
</tr>
<tr style="height: 28px">
<td style="width: 50%;height: 28px">2. Stunde</td>
<td style="width: 50%;height: 28px">8.30 Uhr &#8211; 9.15 Uhr</td>
</tr>
<tr style="height: 28px">
<td style="width: 50%;height: 28px">3. Stunde</td>
<td style="width: 50%;height: 28px">9.40 Uhr &#8211; 10.25 Uhr </td>
</tr>
<tr style="height: 28px">
<td style="width: 50%;height: 28px">4. Stunde</td>
<td style="width: 50%;height: 28px">10.30 Uhr &#8211; 11.15 Uhr</td>
</tr>
<tr style="height: 28px">
<td style="width: 50%;height: 28px">5. Stunde</td>
<td style="width: 50%;height: 28px">11.45 Uhr &#8211; 12.30 Uhr </td>
</tr>
<tr style="height: 28px">
<td style="width: 50%;height: 28px">6. Stunde</td>
<td style="width: 50%;height: 28px">12.35 Uhr &#8211; 13.20 Uhr </td>
</tr>
</tbody>
</table>
</div>



<div class="wp-block-columns is-layout-flex wp-container-core-columns-is-layout-8f761849 wp-block-columns-is-layout-flex"></div>
