{"id":223,"date":"2020-04-14T19:18:45","date_gmt":"2020-04-14T17:18:45","guid":{"rendered":"https:\/\/wordpress.nibis.de\/gsamwall\/?page_id=223"},"modified":"2020-04-28T22:29:33","modified_gmt":"2020-04-28T20:29:33","slug":"pausenversorgung","status":"publish","type":"page","link":"https:\/\/wordpress.nibis.de\/gsamwall\/pausenversorgung\/","title":{"rendered":"Pausenversorgung"},"content":{"rendered":"\n<p class=\"Normal-P\"><span class=\"Normal-C\"><img loading=\"lazy\" decoding=\"async\" class=\"wp-image-928 alignright\" src=\"https:\/\/wordpress.nibis.de\/gsamwall\/files\/2020\/04\/DSC02490-850x478.jpg\" alt=\"\" width=\"297\" height=\"167\" srcset=\"https:\/\/wordpress.nibis.de\/gsamwall\/files\/2020\/04\/DSC02490-850x478.jpg 850w, https:\/\/wordpress.nibis.de\/gsamwall\/files\/2020\/04\/DSC02490-250x141.jpg 250w\" sizes=\"auto, (max-width: 297px) 100vw, 297px\" \/>Ein gesundes Fr\u00fchst\u00fcck ist wichtig, um fit und aufnahmebereit den Unterrichtstag zu bew\u00e4ltigen. So hat es sich unsere Schule zur Aufgabe gemacht, den Kindern in der Pausenversorgung gesunde Sachen anzubieten. Mit Frau Klockemeyer haben wir eine sehr engagierte Mutter gefunden, die sich dieser Aufgabe annahm und den Sch\u00fclern und Sch\u00fclerinnen (fast) jeden Mittwoch und Donnerstag leckere gesunde Fr\u00fchst\u00fccksbrote anbietet. Die Auswahl ist reichlich und reicht von Brezeln \u00fcber belegte Brote bis zu M\u00fcsli. Das Angebot wird von den Kindern sehr zahlreich angenommen und es schmeckt allen. Ob in der Woche der Kiosk ge\u00f6ffnet ist, finden die Kinder immer im Aushang an der Kiosk-Scheibe. <\/span><\/p>\n<p class=\"Normal-P\"><span class=\"Normal-C\"><img loading=\"lazy\" decoding=\"async\" class=\"wp-image-929 aligncenter\" src=\"https:\/\/wordpress.nibis.de\/gsamwall\/files\/2020\/04\/DSC02488-850x478.jpg\" alt=\"\" width=\"359\" height=\"202\" srcset=\"https:\/\/wordpress.nibis.de\/gsamwall\/files\/2020\/04\/DSC02488-850x478.jpg 850w, https:\/\/wordpress.nibis.de\/gsamwall\/files\/2020\/04\/DSC02488-250x141.jpg 250w\" sizes=\"auto, (max-width: 359px) 100vw, 359px\" \/><br \/><\/span><\/p>\n<p class=\"Normal-P\"><span class=\"Normal-C\">Neben diesem Angebot bekommen die Sch\u00fclerinnen und Sch\u00fcler 2 mal pro Woche gesundes Obst und Gem\u00fcse vom Bio Lieferservice \u201eLotta Karotta\u201c. Hierf\u00fcr hat sich Frau El-Jabr zusammen mit anderen M\u00fcttern bereit erkl\u00e4rt, das Obst und Gem\u00fcse portionsgerecht an die Klassen zu verteilen. Ein herzliches und gro\u00dfes Dankesch\u00f6n daf\u00fcr!<\/span><\/p>\n<p><img loading=\"lazy\" decoding=\"async\" class=\"wp-image-932 aligncenter\" src=\"https:\/\/wordpress.nibis.de\/gsamwall\/files\/2020\/04\/Schulobst-850x478.jpg\" alt=\"\" width=\"542\" height=\"305\" srcset=\"https:\/\/wordpress.nibis.de\/gsamwall\/files\/2020\/04\/Schulobst-850x478.jpg 850w, https:\/\/wordpress.nibis.de\/gsamwall\/files\/2020\/04\/Schulobst-250x141.jpg 250w\" sizes=\"auto, (max-width: 542px) 100vw, 542px\" \/><\/p>\n","protected":false},"excerpt":{"rendered":"<p>Ein gesundes Fr\u00fchst\u00fcck ist wichtig, um fit und aufnahmebereit den Unterrichtstag zu bew\u00e4ltigen. So hat es sich unsere Schule zur Aufgabe gemacht, den Kindern in der Pausenversorgung gesunde Sachen anzubieten. Mit Frau Klockemeyer haben wir eine sehr engagierte Mutter gefunden, die sich dieser Aufgabe annahm und den Sch\u00fclern und Sch\u00fclerinnen (fast) jeden Mittwoch und Donnerstag &hellip; <a href=\"https:\/\/wordpress.nibis.de\/gsamwall\/pausenversorgung\/\" class=\"more-link\"><span class=\"screen-reader-text\">Pausenversorgung<\/span> weiterlesen <span class=\"meta-nav\">&rarr;<\/span><\/a><\/p>\n","protected":false},"author":9193468,"featured_media":0,"parent":0,"menu_order":0,"comment_status":"closed","ping_status":"closed","template":"","meta":{"footnotes":""},"class_list":["post-223","page","type-page","status-publish","hentry"],"_links":{"self":[{"href":"https:\/\/wordpress.nibis.de\/gsamwall\/wp-json\/wp\/v2\/pages\/223","targetHints":{"allow":["GET"]}}],"collection":[{"href":"https:\/\/wordpress.nibis.de\/gsamwall\/wp-json\/wp\/v2\/pages"}],"about":[{"href":"https:\/\/wordpress.nibis.de\/gsamwall\/wp-json\/wp\/v2\/types\/page"}],"author":[{"embeddable":true,"href":"https:\/\/wordpress.nibis.de\/gsamwall\/wp-json\/wp\/v2\/users\/9193468"}],"replies":[{"embeddable":true,"href":"https:\/\/wordpress.nibis.de\/gsamwall\/wp-json\/wp\/v2\/comments?post=223"}],"version-history":[{"count":5,"href":"https:\/\/wordpress.nibis.de\/gsamwall\/wp-json\/wp\/v2\/pages\/223\/revisions"}],"predecessor-version":[{"id":933,"href":"https:\/\/wordpress.nibis.de\/gsamwall\/wp-json\/wp\/v2\/pages\/223\/revisions\/933"}],"wp:attachment":[{"href":"https:\/\/wordpress.nibis.de\/gsamwall\/wp-json\/wp\/v2\/media?parent=223"}],"curies":[{"name":"wp","href":"https:\/\/api.w.org\/{rel}","templated":true}]}}

<p class="Normal-P"><span class="Normal-C"><img loading="lazy" decoding="async" class="wp-image-928 alignright" src="https://wordpress.nibis.de/gsamwall/files/2020/04/DSC02490-850x478.jpg" alt="" width="297" height="167" srcset="https://wordpress.nibis.de/gsamwall/files/2020/04/DSC02490-850x478.jpg 850w, https://wordpress.nibis.de/gsamwall/files/2020/04/DSC02490-250x141.jpg 250w" sizes="auto, (max-width: 297px) 100vw, 297px" />Ein gesundes Frühstück ist wichtig, um fit und aufnahmebereit den Unterrichtstag zu bewältigen. So hat es sich unsere Schule zur Aufgabe gemacht, den Kindern in der Pausenversorgung gesunde Sachen anzubieten. Mit Frau Klockemeyer haben wir eine sehr engagierte Mutter gefunden, die sich dieser Aufgabe annahm und den Schülern und Schülerinnen (fast) jeden Mittwoch und Donnerstag leckere gesunde Frühstücksbrote anbietet. Die Auswahl ist reichlich und reicht von Brezeln über belegte Brote bis zu Müsli. Das Angebot wird von den Kindern sehr zahlreich angenommen und es schmeckt allen. Ob in der Woche der Kiosk geöffnet ist, finden die Kinder immer im Aushang an der Kiosk-Scheibe. </span></p>
<p class="Normal-P"><span class="Normal-C"><img loading="lazy" decoding="async" class="wp-image-929 aligncenter" src="https://wordpress.nibis.de/gsamwall/files/2020/04/DSC02488-850x478.jpg" alt="" width="359" height="202" srcset="https://wordpress.nibis.de/gsamwall/files/2020/04/DSC02488-850x478.jpg 850w, https://wordpress.nibis.de/gsamwall/files/2020/04/DSC02488-250x141.jpg 250w" sizes="auto, (max-width: 359px) 100vw, 359px" /><br /></span></p>
<p class="Normal-P"><span class="Normal-C">Neben diesem Angebot bekommen die Schülerinnen und Schüler 2 mal pro Woche gesundes Obst und Gemüse vom Bio Lieferservice „Lotta Karotta“. Hierfür hat sich Frau El-Jabr zusammen mit anderen Müttern bereit erklärt, das Obst und Gemüse portionsgerecht an die Klassen zu verteilen. Ein herzliches und großes Dankeschön dafür!</span></p>
<p><img loading="lazy" decoding="async" class="wp-image-932 aligncenter" src="https://wordpress.nibis.de/gsamwall/files/2020/04/Schulobst-850x478.jpg" alt="" width="542" height="305" srcset="https://wordpress.nibis.de/gsamwall/files/2020/04/Schulobst-850x478.jpg 850w, https://wordpress.nibis.de/gsamwall/files/2020/04/Schulobst-250x141.jpg 250w" sizes="auto, (max-width: 542px) 100vw, 542px" /></p>

<p>Ein gesundes Frühstück ist wichtig, um fit und aufnahmebereit den Unterrichtstag zu bewältigen. So hat es sich unsere Schule zur Aufgabe gemacht, den Kindern in der Pausenversorgung gesunde Sachen anzubieten. Mit Frau Klockemeyer haben wir eine sehr engagierte Mutter gefunden, die sich dieser Aufgabe annahm und den Schülern und Schülerinnen (fast) jeden Mittwoch und Donnerstag &hellip; <a href="https://wordpress.nibis.de/gsamwall/pausenversorgung/" class="more-link"><span class="screen-reader-text">Pausenversorgung</span> weiterlesen <span class="meta-nav">&rarr;</span></a></p>
