{"id":244,"date":"2020-04-14T19:29:56","date_gmt":"2020-04-14T17:29:56","guid":{"rendered":"https:\/\/wordpress.nibis.de\/gsamwall\/?page_id=244"},"modified":"2024-01-04T08:56:37","modified_gmt":"2024-01-04T07:56:37","slug":"schulchronik","status":"publish","type":"page","link":"https:\/\/wordpress.nibis.de\/gsamwall\/schulchronik\/","title":{"rendered":"Schulchronik"},"content":{"rendered":"\n<div id=\"txt_148\">\n<p class=\"Normal-P0\"><span class=\"Normal-C1\">\u00a0<\/span><\/p>\n<\/div>\n<table id=\"table_7\" style=\"width: 100%;height: 2314px\" cellspacing=\"0\" cellpadding=\"0\">\n<tbody>\n<tr id=\"table_7_R01\" style=\"height: 62px\">\n<td id=\"table_7_R01C01\" style=\"height: 62px;width: 11.3565%\">\n<p class=\"Untertitel-P\"><span class=\"Normal-C2\">1986<\/span><\/p>\n<\/td>\n<td id=\"table_7_R01C02\" style=\"height: 62px;width: 88.4858%\">\n<p class=\"Normal-P0\"><span class=\"Normal-C2\">Umzug von der ehemaligen Planschule in das Geb\u00e4ude der Orientierungsstufe II<\/span><\/p>\n<\/td>\n<\/tr>\n<tr id=\"table_7_R02\" style=\"height: 62px\">\n<td id=\"table_7_R02C01\" style=\"height: 62px;width: 11.3565%\">\n<p class=\"Untertitel-P\"><span class=\"Normal-C2\">1987<\/span><\/p>\n<\/td>\n<td id=\"table_7_R02C02\" style=\"height: 62px;width: 88.4858%\">\n<p class=\"Normal-P0\"><span class=\"Normal-C2\">Modell F\u00f6rderschullehrer in der Grundschule<\/span><\/p>\n<\/td>\n<\/tr>\n<tr id=\"table_7_R03\" style=\"height: 62px\">\n<td id=\"table_7_R03C01\" style=\"height: 62px;width: 11.3565%\">\n<p class=\"Untertitel-P\"><span class=\"Normal-C2\">1988<\/span><\/p>\n<\/td>\n<td id=\"table_7_R03C02\" style=\"height: 62px;width: 88.4858%\">\n<p class=\"Normal-P0\"><span class=\"Normal-C2\">Schulwegsichereit \/ Unser Schulhof wird kindgerechter<\/span><\/p>\n<\/td>\n<\/tr>\n<tr id=\"table_7_R04\" style=\"height: 136px\">\n<td id=\"table_7_R04C01\" style=\"height: 136px;width: 11.3565%\">\n<p class=\"Untertitel-P\"><span class=\"Normal-C2\">1989<\/span><\/p>\n<\/td>\n<td id=\"table_7_R04C02\" style=\"height: 136px;width: 88.4858%\">\n<p class=\"Normal-P0\"><span class=\"Normal-C2\">Teilnahme an dem Modellversuch \u201eGanztagsschule\u201c mit den Betreuungszeiten zwischen 7.20 Uhr und 17.00 Uhr \/ <\/span><\/p>\n<p class=\"Normal-P0\"><span class=\"Normal-C2\">Schulhoferweiterung: das Haus in der Parkst. 6 wird abgerissen<\/span><\/p>\n<\/td>\n<\/tr>\n<tr id=\"table_7_R05\" style=\"height: 111px\">\n<td id=\"table_7_R05C01\" style=\"height: 111px;width: 11.3565%\">\n<p class=\"Untertitel-P\"><span class=\"Normal-C2\">1992<\/span><\/p>\n<\/td>\n<td id=\"table_7_R05C02\" style=\"height: 111px;width: 88.4858%\">\n<p class=\"Normal-P0\"><span class=\"Normal-C2\">Multi-Kulti-Fest: Zehn Nationalit\u00e4ten feiern gemeinsam ein Fest \/ <\/span><\/p>\n<p class=\"Normal-P0\"><span class=\"Normal-C2\">Demo gegen Fremdenhass<\/span><\/p>\n<\/td>\n<\/tr>\n<tr id=\"table_7_R06\" style=\"height: 87px\">\n<td id=\"table_7_R06C01\" style=\"height: 87px;width: 11.3565%\">\n<p class=\"Untertitel-P\"><span class=\"Normal-C2\">1994<\/span><\/p>\n<\/td>\n<td id=\"table_7_R06C02\" style=\"height: 87px;width: 88.4858%\">\n<p class=\"Normal-P0\"><span class=\"Normal-C2\">Ver\u00e4nderung des Modells Ganztagsschule: Verringerung der Betreuungszeiten auf 7.40 Uhr bis 15.30 Uhr (freitags 14.00 Uhr)<\/span><\/p>\n<\/td>\n<\/tr>\n<tr id=\"table_7_R07\" style=\"height: 62px\">\n<td id=\"table_7_R07C01\" style=\"height: 62px;width: 11.3565%\">\n<p class=\"Untertitel-P\"><span class=\"Normal-C2\">1994\/1995<\/span><\/p>\n<\/td>\n<td id=\"table_7_R07C02\" style=\"height: 62px;width: 88.4858%\">\n<p class=\"Normal-P0\"><span class=\"Normal-C2\">Einf\u00fchrung der Sprachheilklassen<\/span><\/p>\n<\/td>\n<\/tr>\n<tr id=\"table_7_R08\" style=\"height: 62px\">\n<td id=\"table_7_R08C01\" style=\"height: 62px;width: 11.3565%\">\n<p class=\"Untertitel-P\"><span class=\"Normal-C2\">1995<\/span><\/p>\n<\/td>\n<td id=\"table_7_R08C02\" style=\"height: 62px;width: 88.4858%\">\n<p class=\"Normal-P0\"><span class=\"Normal-C2\">Einf\u00fchrung der ersten Schulordnung<\/span><\/p>\n<\/td>\n<\/tr>\n<tr id=\"table_7_R09\" style=\"height: 62px\">\n<td id=\"table_7_R09C01\" style=\"height: 62px;width: 11.3565%\">\n<p class=\"Untertitel-P\"><span class=\"Normal-C2\">1996<\/span><\/p>\n<\/td>\n<td id=\"table_7_R09C02\" style=\"height: 62px;width: 88.4858%\">\n<p class=\"Normal-P0\"><span class=\"Normal-C2\">Jubil\u00e4um: 10 Jahre Grundschule am Wall<\/span><\/p>\n<\/td>\n<\/tr>\n<tr id=\"table_7_R10\" style=\"height: 62px\">\n<td id=\"table_7_R10C01\" style=\"height: 62px;width: 11.3565%\">\n<p class=\"Untertitel-P\"><span class=\"Normal-C2\">1999\/2000<\/span><\/p>\n<\/td>\n<td id=\"table_7_R10C02\" style=\"height: 62px;width: 88.4858%\">\n<p class=\"Normal-P0\"><span class=\"Normal-C2\">Einf\u00fchrung der \u201eVerl\u00e4sslichen Grundschule\u201c<\/span><\/p>\n<\/td>\n<\/tr>\n<tr id=\"table_7_R11\" style=\"height: 62px\">\n<td id=\"table_7_R11C01\" style=\"height: 62px;width: 11.3565%\">\n<p class=\"Untertitel-P\"><span class=\"Normal-C2\">2001<\/span><\/p>\n<\/td>\n<td id=\"table_7_R11C02\" style=\"height: 62px;width: 88.4858%\">\n<p class=\"Normal-P0\"><span class=\"Normal-C2\">Libellula &#8211; der F\u00f6rderverein f\u00fcr Umweltbildung nimmt seine Arbeit auf<\/span><\/p>\n<\/td>\n<\/tr>\n<tr id=\"table_7_R12\" style=\"height: 62px\">\n<td id=\"table_7_R12C01\" style=\"height: 62px;width: 11.3565%\">\n<p class=\"Untertitel-P\"><span class=\"Normal-C2\">2004<\/span><\/p>\n<\/td>\n<td id=\"table_7_R12C02\" style=\"height: 62px;width: 88.4858%\">\n<p class=\"Normal-P0\"><span class=\"Normal-C2\">Modellversuch islamischer Religionsunterricht<\/span><\/p>\n<\/td>\n<\/tr>\n<tr id=\"table_7_R13\" style=\"height: 62px\">\n<td id=\"table_7_R13C01\" style=\"height: 62px;width: 11.3565%\">\n<p class=\"Untertitel-P\"><span class=\"Normal-C2\">2007<\/span><\/p>\n<\/td>\n<td id=\"table_7_R13C02\" style=\"height: 62px;width: 88.4858%\">\n<p class=\"Normal-P0\"><span class=\"Normal-C2\">Einf\u00fchrung der \u201eselbstst\u00e4ndigen Schule\u201c<\/span><\/p>\n<\/td>\n<\/tr>\n<tr id=\"table_7_R14\" style=\"height: 62px\">\n<td id=\"table_7_R14C01\" style=\"height: 62px;width: 11.3565%\">\n<p class=\"Untertitel-P\"><span class=\"Normal-C2\">2008<\/span><\/p>\n<\/td>\n<td id=\"table_7_R14C02\" style=\"height: 62px;width: 88.4858%\">\n<p class=\"Normal-P0\"><span class=\"Normal-C2\">Aufbau der Schulb\u00fccherei \/ Start des Lesenetzwerks \u201eBIBI\u201c<\/span><\/p>\n<\/td>\n<\/tr>\n<tr id=\"table_7_R15\" style=\"height: 62px\">\n<td id=\"table_7_R15C01\" style=\"height: 62px;width: 11.3565%\">\n<p class=\"Untertitel-P\"><span class=\"Normal-C2\">2009<\/span><\/p>\n<\/td>\n<td id=\"table_7_R15C02\" style=\"height: 62px;width: 88.4858%\">\n<p class=\"Normal-P0\"><span class=\"Normal-C2\">Judo-Projekt \u201eFairness ist cool\u201c \/ 20 Jahre Ganztagsschule mit Schulfest<\/span><\/p>\n<\/td>\n<\/tr>\n<tr id=\"table_7_R16\" style=\"height: 62px\">\n<td id=\"table_7_R16C01\" style=\"height: 62px;width: 11.3565%\">\n<p class=\"Untertitel-P\"><span class=\"Normal-C2\">2010<\/span><\/p>\n<\/td>\n<td id=\"table_7_R16C02\" style=\"height: 62px;width: 88.4858%\">\n<p class=\"Normal-P0\"><span class=\"Normal-C2\">Projektwoche und Schulinspektion<\/span><\/p>\n<\/td>\n<\/tr>\n<tr id=\"table_7_R17\" style=\"height: 111px\">\n<td id=\"table_7_R17C01\" style=\"height: 111px;width: 11.3565%\">\n<p class=\"Untertitel-P\"><span class=\"Normal-C2\">2011<\/span><\/p>\n<\/td>\n<td id=\"table_7_R17C02\" style=\"height: 111px;width: 88.4858%\">\n<p class=\"Normal-P0\"><span class=\"Normal-C2\">25 Jahre Grundschule am Wall mit gro\u00dfem Schulfest<\/span><\/p>\n<p class=\"Normal-P0\"><span class=\"Normal-C2\">Erstellung eines Internetauftrittes der Grundschule am Wall<\/span><\/p>\n<\/td>\n<\/tr>\n<tr id=\"table_7_R18\" style=\"height: 136px\">\n<td id=\"table_7_R18C01\" style=\"height: 136px;width: 11.3565%\">\n<p class=\"Untertitel-P\"><span class=\"Normal-C2\">2013<\/span><\/p>\n<\/td>\n<td id=\"table_7_R18C02\" style=\"height: 136px;width: 88.4858%\">\n<p class=\"Normal-P0\"><span class=\"Normal-C2\">Erneuter Start des Judo-Projektes \u201eFairness ist cool\u201c in Kooperation mit der Polizei Hann. M\u00fcnden.<\/span><\/p>\n<p class=\"Normal-P0\"><span class=\"Normal-C2\">Gro\u00dfes Multi-Kulti-Fest: 24 Nationalit\u00e4ten feiern gemeinsam ein Fest auf unserem Schulhof.<\/span><\/p>\n<\/td>\n<\/tr>\n<tr id=\"table_7_R19\" style=\"height: 111px\">\n<td id=\"table_7_R19C01\" style=\"height: 111px;width: 11.3565%\">\n<p class=\"Untertitel-P\"><span class=\"Normal-C2\">\u00a0<\/span><\/p>\n<p class=\"Untertitel-P\"><span class=\"Normal-C2\">2014<\/span><\/p>\n<\/td>\n<td id=\"table_7_R19C02\" style=\"height: 111px;width: 88.4858%\">\n<p class=\"Normal-P0\"><span class=\"Normal-C2\">Start des Projektes \u201eDenkmal an Schule\u201c, bei dem den Kindern ein breites Wissen \u00fcber die F\u00fclle von Denkm\u00e4lern und deren Bedeutung in unserer Stadt vermittelt werden soll.<\/span><\/p>\n<\/td>\n<\/tr>\n<tr id=\"table_7_R20\" style=\"height: 111px\">\n<td id=\"table_7_R20C01\" style=\"height: 111px;width: 11.3565%\">\n<p class=\"Untertitel-P\"><span class=\"Normal-C2\">2014<\/span><\/p>\n<\/td>\n<td id=\"table_7_R20C02\" style=\"height: 111px;width: 88.4858%\">\n<p>\u00a0<\/p>\n<p class=\"Normal-P0\"><span class=\"Normal-C2\">25 Jahre Ganztagsschule an der Grundschule am Wall<\/span><\/p>\n<p class=\"Normal-P0\"><span class=\"Normal-C2\">\u00a0<\/span><\/p>\n<\/td>\n<\/tr>\n<tr id=\"table_7_R21\" style=\"height: 87px\">\n<td id=\"table_7_R21C01\" style=\"height: 87px;width: 11.3565%\">\n<p class=\"Untertitel-P\"><span class=\"Normal-C2\">2015<\/span><\/p>\n<\/td>\n<td id=\"table_7_R21C02\" style=\"height: 87px;width: 88.4858%\">\n<p class=\"Normal-P0\"><span class=\"Normal-C2\">Herr Karges ,der Rektor der Schule und Frau Karges, die Leiterin der Ganztagsschule werden verabschiedet. Neue Schulleiterin wird Frau Hinze.<\/span><\/p>\n<\/td>\n<\/tr>\n<tr id=\"table_7_R22\" style=\"height: 62px\">\n<td id=\"table_7_R22C01\" style=\"height: 62px;width: 11.3565%\">\n<p class=\"Untertitel-P\"><span class=\"Normal-C2\">2016<\/span><\/p>\n<\/td>\n<td id=\"table_7_R22C02\" style=\"height: 62px;width: 88.4858%\">\n<p class=\"Normal-P0\"><span class=\"Normal-C2\">30 Jahre Grundschule am Wall<\/span><\/p>\n<\/td>\n<\/tr>\n<tr id=\"table_7_R23\" style=\"height: 308px\">\n<td id=\"table_7_R23C01\" style=\"height: 308px;width: 11.3565%\">\n<p class=\"Untertitel-P\"><span class=\"Normal-C2\">2017 \u00a0<\/span><\/p>\n<\/td>\n<td id=\"table_7_R23C02\" style=\"height: 308px;width: 88.4858%\">\n<p class=\"Normal-P0\"><span class=\"Normal-C2\">An der Schule werden erneut \u00a0Sprachheilklassen eingerichtet.<\/span><\/p>\n<p class=\"Normal-P0\"><span class=\"Normal-C2\">Der Ganztagsbereich bekommt eine neue K\u00fccheneinrichtung.<\/span><\/p>\n<p class=\"Normal-P0\"><span class=\"Normal-C2\">Die Schule erh\u00e4lt eine Sozialarbeiterin.<\/span><\/p>\n<p class=\"Normal-P0\"><span class=\"Normal-C2\">Beginn des Projektes \u201eFit f\u00fcr Pisa\u201c<\/span><\/p>\n<p class=\"Normal-P0\"><span class=\"Normal-C2\">Einrichtung einer Familienklasse<\/span><\/p>\n<p class=\"Normal-P0\"><span class=\"Normal-C2\">\u00a0<\/span><\/p>\n<\/td>\n<\/tr>\n<tr id=\"table_7_R24\" style=\"height: 161px\">\n<td id=\"table_7_R24C01\" style=\"height: 161px;width: 11.3565%\">\n<p class=\"Untertitel-P\"><span class=\"Normal-C2\">2018<\/span><\/p>\n<\/td>\n<td id=\"table_7_R24C02\" style=\"height: 161px;width: 88.4858%\">\n<p class=\"Normal-P0\"><span class=\"Normal-C2\">Im Schuljahr 2018\/19 wird an der Grundschule ein Vorschulkindergarten eingerichtet. Hier werden Kindergartenkinder gezielt auf den Schuleintritt vorbereitet. Der Schulkindergarten hat seine R\u00e4ume zun\u00e4chst im Container, direkt angrenzend an unser Schulgeb\u00e4ude. Sp\u00e4ter bekommt der Schulkindergarten seine R\u00e4ume im Geb\u00e4ude der Ganztagsschule.\u00a0<\/span><\/p>\n<p class=\"Normal-P0\"><span class=\"Normal-C2\">\u00a0<\/span><\/p>\n<\/td>\n<\/tr>\n<tr id=\"table_7_R25\" style=\"height: 87px\">\n<td id=\"table_7_R25C01\" style=\"height: 87px;width: 11.3565%\">\n<p class=\"Untertitel-P\"><span class=\"Normal-C2\">2019<\/span><\/p>\n<\/td>\n<td id=\"table_7_R25C02\" style=\"height: 87px;width: 88.4858%\">\n<p class=\"Normal-P0\"><span class=\"Normal-C2\">Im Jahr 2019 wird unser Spielcontainer auf dem Schulhof wundersch\u00f6n mit kindgerechten Motiven angesp\u00fcht. <\/span><\/p>\n<\/td>\n<\/tr>\n<\/tbody>\n<\/table>\n","protected":false},"excerpt":{"rendered":"<p>\u00a0 1986 Umzug von der ehemaligen Planschule in das Geb\u00e4ude der Orientierungsstufe II 1987 Modell F\u00f6rderschullehrer in der Grundschule 1988 Schulwegsichereit \/ Unser Schulhof wird kindgerechter 1989 Teilnahme an dem Modellversuch \u201eGanztagsschule\u201c mit den Betreuungszeiten zwischen 7.20 Uhr und 17.00 Uhr \/ Schulhoferweiterung: das Haus in der Parkst. 6 wird abgerissen 1992 Multi-Kulti-Fest: Zehn Nationalit\u00e4ten &hellip; <a href=\"https:\/\/wordpress.nibis.de\/gsamwall\/schulchronik\/\" class=\"more-link\"><span class=\"screen-reader-text\">Schulchronik<\/span> weiterlesen <span class=\"meta-nav\">&rarr;<\/span><\/a><\/p>\n","protected":false},"author":9193468,"featured_media":0,"parent":0,"menu_order":0,"comment_status":"closed","ping_status":"closed","template":"","meta":{"footnotes":""},"class_list":["post-244","page","type-page","status-publish","hentry"],"_links":{"self":[{"href":"https:\/\/wordpress.nibis.de\/gsamwall\/wp-json\/wp\/v2\/pages\/244","targetHints":{"allow":["GET"]}}],"collection":[{"href":"https:\/\/wordpress.nibis.de\/gsamwall\/wp-json\/wp\/v2\/pages"}],"about":[{"href":"https:\/\/wordpress.nibis.de\/gsamwall\/wp-json\/wp\/v2\/types\/page"}],"author":[{"embeddable":true,"href":"https:\/\/wordpress.nibis.de\/gsamwall\/wp-json\/wp\/v2\/users\/9193468"}],"replies":[{"embeddable":true,"href":"https:\/\/wordpress.nibis.de\/gsamwall\/wp-json\/wp\/v2\/comments?post=244"}],"version-history":[{"count":4,"href":"https:\/\/wordpress.nibis.de\/gsamwall\/wp-json\/wp\/v2\/pages\/244\/revisions"}],"predecessor-version":[{"id":2520,"href":"https:\/\/wordpress.nibis.de\/gsamwall\/wp-json\/wp\/v2\/pages\/244\/revisions\/2520"}],"wp:attachment":[{"href":"https:\/\/wordpress.nibis.de\/gsamwall\/wp-json\/wp\/v2\/media?parent=244"}],"curies":[{"name":"wp","href":"https:\/\/api.w.org\/{rel}","templated":true}]}}