{"id":2445,"date":"2023-06-12T08:35:09","date_gmt":"2023-06-12T06:35:09","guid":{"rendered":"https:\/\/wordpress.nibis.de\/gsamwall\/?page_id=2445"},"modified":"2023-06-12T08:36:24","modified_gmt":"2023-06-12T06:36:24","slug":"schulfahrt-zur-stolle","status":"publish","type":"page","link":"https:\/\/wordpress.nibis.de\/gsamwall\/schulfahrt-zur-stolle\/","title":{"rendered":"Schulfahrt zur Stolle 25.5.2023"},"content":{"rendered":"\n<p><br>Am 25.Mai 2023 war es endlich soweit: die komplette Grundschule am Wall incl. aller Kinder und Kollegen startete mit viel Gep\u00e4ck zur Stolle. Matratzen, Decken, Kissen, Schlafs\u00e4cke, Kleidung, Kuscheltiere&#8230;.alles wurde von unseren Sch\u00fclerinnen und Sch\u00fclern zum Bus getragen um dann das Abenteuer Zelt\u00fcbernachtung zu beginnen.<br>Wir alle fuhren zum Zeltlager Stolle und verbrachten dort einen tollen Tag! Es wurde gespielt, getanzt, Fu\u00dfball gespielt, gemeinsam gegessen und einfach einmal Schule ganz anders erlebt. Das Highlight am Abend stellte dann unser Lagerfeuer dar, bei welchem jedes Kind sich Stockbrot machen konnte, bevor alle sehr m\u00fcde in ihre Zelte verschwanden. Am n\u00e4chsten Tag wurde noch gemeinsam gefr\u00fchst\u00fcckt und ausgiebig getanzt, bevor dann alle &#8211; zugegebenerma\u00dfen sehr m\u00fcde &#8211; wieder zur Schule fuhren und ins lange Pfingstwochenende starteten.<\/p>\n\n\n\n<figure class=\"wp-block-gallery has-nested-images columns-2 is-cropped wp-block-gallery-1 is-layout-flex wp-block-gallery-is-layout-flex\">\n<figure class=\"wp-block-image size-large\"><img loading=\"lazy\" decoding=\"async\" width=\"1766\" height=\"1781\" data-id=\"2440\" src=\"https:\/\/wordpress.nibis.de\/gsamwall\/files\/2023\/06\/CF8E951B-5A20-4A2B-AB2E-2FB87D677344_1_102_a.jpeg\" alt=\"\" class=\"wp-image-2440\" srcset=\"https:\/\/wordpress.nibis.de\/gsamwall\/files\/2023\/06\/CF8E951B-5A20-4A2B-AB2E-2FB87D677344_1_102_a.jpeg 1766w, https:\/\/wordpress.nibis.de\/gsamwall\/files\/2023\/06\/CF8E951B-5A20-4A2B-AB2E-2FB87D677344_1_102_a-768x775.jpeg 768w, https:\/\/wordpress.nibis.de\/gsamwall\/files\/2023\/06\/CF8E951B-5A20-4A2B-AB2E-2FB87D677344_1_102_a-1523x1536.jpeg 1523w\" sizes=\"auto, (max-width: 1766px) 100vw, 1766px\" \/><\/figure>\n\n\n\n<figure class=\"wp-block-image size-large\"><img loading=\"lazy\" decoding=\"async\" width=\"1024\" height=\"768\" data-id=\"2439\" src=\"https:\/\/wordpress.nibis.de\/gsamwall\/files\/2023\/06\/656A7716-7283-4200-9647-C922242F2D36_1_105_c.jpeg\" alt=\"\" class=\"wp-image-2439\" srcset=\"https:\/\/wordpress.nibis.de\/gsamwall\/files\/2023\/06\/656A7716-7283-4200-9647-C922242F2D36_1_105_c.jpeg 1024w, https:\/\/wordpress.nibis.de\/gsamwall\/files\/2023\/06\/656A7716-7283-4200-9647-C922242F2D36_1_105_c-768x576.jpeg 768w\" sizes=\"auto, (max-width: 1024px) 100vw, 1024px\" \/><\/figure>\n\n\n\n<figure class=\"wp-block-image size-large\"><img loading=\"lazy\" decoding=\"async\" width=\"1024\" height=\"768\" data-id=\"2438\" src=\"https:\/\/wordpress.nibis.de\/gsamwall\/files\/2023\/06\/A153952C-9A0E-4D3F-86A3-C15D2FB7873A_1_105_c.jpeg\" alt=\"\" class=\"wp-image-2438\" srcset=\"https:\/\/wordpress.nibis.de\/gsamwall\/files\/2023\/06\/A153952C-9A0E-4D3F-86A3-C15D2FB7873A_1_105_c.jpeg 1024w, https:\/\/wordpress.nibis.de\/gsamwall\/files\/2023\/06\/A153952C-9A0E-4D3F-86A3-C15D2FB7873A_1_105_c-768x576.jpeg 768w\" sizes=\"auto, (max-width: 1024px) 100vw, 1024px\" \/><\/figure>\n\n\n\n<figure class=\"wp-block-image size-large\"><img loading=\"lazy\" decoding=\"async\" width=\"1024\" height=\"768\" data-id=\"2437\" src=\"https:\/\/wordpress.nibis.de\/gsamwall\/files\/2023\/06\/96E5606A-F0E2-46F0-9BAC-F11619D59D5D_1_105_c.jpeg\" alt=\"\" class=\"wp-image-2437\" srcset=\"https:\/\/wordpress.nibis.de\/gsamwall\/files\/2023\/06\/96E5606A-F0E2-46F0-9BAC-F11619D59D5D_1_105_c.jpeg 1024w, https:\/\/wordpress.nibis.de\/gsamwall\/files\/2023\/06\/96E5606A-F0E2-46F0-9BAC-F11619D59D5D_1_105_c-768x576.jpeg 768w\" sizes=\"auto, (max-width: 1024px) 100vw, 1024px\" \/><\/figure>\n\n\n\n<figure class=\"wp-block-image size-large\"><img loading=\"lazy\" decoding=\"async\" width=\"1024\" height=\"768\" data-id=\"2424\" src=\"https:\/\/wordpress.nibis.de\/gsamwall\/files\/2023\/06\/1EF0724C-5121-48E9-9BF1-5E54F32253AA_1_105_c.jpeg\" alt=\"\" class=\"wp-image-2424\" srcset=\"https:\/\/wordpress.nibis.de\/gsamwall\/files\/2023\/06\/1EF0724C-5121-48E9-9BF1-5E54F32253AA_1_105_c.jpeg 1024w, https:\/\/wordpress.nibis.de\/gsamwall\/files\/2023\/06\/1EF0724C-5121-48E9-9BF1-5E54F32253AA_1_105_c-768x576.jpeg 768w\" sizes=\"auto, (max-width: 1024px) 100vw, 1024px\" \/><\/figure>\n\n\n\n<figure class=\"wp-block-image size-large\"><img loading=\"lazy\" decoding=\"async\" width=\"768\" height=\"1024\" data-id=\"2432\" src=\"https:\/\/wordpress.nibis.de\/gsamwall\/files\/2023\/06\/25E6F394-F341-45AD-A86D-CCF5ECF66D39_1_105_c.jpeg\" alt=\"\" class=\"wp-image-2432\" \/><\/figure>\n\n\n\n<figure class=\"wp-block-image size-large\"><img loading=\"lazy\" decoding=\"async\" width=\"1024\" height=\"768\" data-id=\"2435\" src=\"https:\/\/wordpress.nibis.de\/gsamwall\/files\/2023\/06\/1B9B92A2-0B08-4D63-96E3-D235BE9E6C68_1_105_c.jpeg\" alt=\"\" class=\"wp-image-2435\" srcset=\"https:\/\/wordpress.nibis.de\/gsamwall\/files\/2023\/06\/1B9B92A2-0B08-4D63-96E3-D235BE9E6C68_1_105_c.jpeg 1024w, https:\/\/wordpress.nibis.de\/gsamwall\/files\/2023\/06\/1B9B92A2-0B08-4D63-96E3-D235BE9E6C68_1_105_c-768x576.jpeg 768w\" sizes=\"auto, (max-width: 1024px) 100vw, 1024px\" \/><\/figure>\n\n\n\n<figure class=\"wp-block-image size-large\"><img loading=\"lazy\" decoding=\"async\" width=\"1024\" height=\"768\" data-id=\"2433\" src=\"https:\/\/wordpress.nibis.de\/gsamwall\/files\/2023\/06\/FA541D84-06D2-4916-A358-52318627889A_1_105_c.jpeg\" alt=\"\" class=\"wp-image-2433\" srcset=\"https:\/\/wordpress.nibis.de\/gsamwall\/files\/2023\/06\/FA541D84-06D2-4916-A358-52318627889A_1_105_c.jpeg 1024w, https:\/\/wordpress.nibis.de\/gsamwall\/files\/2023\/06\/FA541D84-06D2-4916-A358-52318627889A_1_105_c-768x576.jpeg 768w\" sizes=\"auto, (max-width: 1024px) 100vw, 1024px\" \/><\/figure>\n\n\n\n<figure class=\"wp-block-image size-large\"><img loading=\"lazy\" decoding=\"async\" width=\"768\" height=\"1024\" data-id=\"2434\" src=\"https:\/\/wordpress.nibis.de\/gsamwall\/files\/2023\/06\/2B0E230F-6380-4472-9723-205CB5746D62_1_105_c.jpeg\" alt=\"\" class=\"wp-image-2434\" \/><\/figure>\n\n\n\n<figure class=\"wp-block-image size-large\"><img loading=\"lazy\" decoding=\"async\" width=\"1024\" height=\"768\" data-id=\"2431\" src=\"https:\/\/wordpress.nibis.de\/gsamwall\/files\/2023\/06\/DA83B877-F977-4AA4-B1A2-8D98160258E0_1_105_c.jpeg\" alt=\"\" class=\"wp-image-2431\" srcset=\"https:\/\/wordpress.nibis.de\/gsamwall\/files\/2023\/06\/DA83B877-F977-4AA4-B1A2-8D98160258E0_1_105_c.jpeg 1024w, https:\/\/wordpress.nibis.de\/gsamwall\/files\/2023\/06\/DA83B877-F977-4AA4-B1A2-8D98160258E0_1_105_c-768x576.jpeg 768w\" sizes=\"auto, (max-width: 1024px) 100vw, 1024px\" \/><\/figure>\n\n\n\n<figure class=\"wp-block-image size-large\"><img loading=\"lazy\" decoding=\"async\" width=\"1024\" height=\"768\" data-id=\"2436\" src=\"https:\/\/wordpress.nibis.de\/gsamwall\/files\/2023\/06\/E48CE726-AA17-402C-9D99-DD3081E5595E_1_105_c.jpeg\" alt=\"\" class=\"wp-image-2436\" srcset=\"https:\/\/wordpress.nibis.de\/gsamwall\/files\/2023\/06\/E48CE726-AA17-402C-9D99-DD3081E5595E_1_105_c.jpeg 1024w, https:\/\/wordpress.nibis.de\/gsamwall\/files\/2023\/06\/E48CE726-AA17-402C-9D99-DD3081E5595E_1_105_c-768x576.jpeg 768w\" sizes=\"auto, (max-width: 1024px) 100vw, 1024px\" \/><\/figure>\n\n\n\n<figure class=\"wp-block-image size-large\"><img loading=\"lazy\" decoding=\"async\" width=\"768\" height=\"1024\" data-id=\"2427\" src=\"https:\/\/wordpress.nibis.de\/gsamwall\/files\/2023\/06\/F7ABBE42-7EF3-42DF-9C57-18D3430D272E_1_105_c.jpeg\" alt=\"\" class=\"wp-image-2427\" \/><\/figure>\n\n\n\n<figure class=\"wp-block-image size-large\"><img loading=\"lazy\" decoding=\"async\" width=\"1024\" height=\"768\" data-id=\"2425\" src=\"https:\/\/wordpress.nibis.de\/gsamwall\/files\/2023\/06\/DEA9ECE6-C633-40E1-BFAD-C4EB9965F204_1_105_c.jpeg\" alt=\"\" class=\"wp-image-2425\" srcset=\"https:\/\/wordpress.nibis.de\/gsamwall\/files\/2023\/06\/DEA9ECE6-C633-40E1-BFAD-C4EB9965F204_1_105_c.jpeg 1024w, https:\/\/wordpress.nibis.de\/gsamwall\/files\/2023\/06\/DEA9ECE6-C633-40E1-BFAD-C4EB9965F204_1_105_c-768x576.jpeg 768w\" sizes=\"auto, (max-width: 1024px) 100vw, 1024px\" \/><\/figure>\n\n\n\n<figure class=\"wp-block-image size-large\"><img loading=\"lazy\" decoding=\"async\" width=\"1024\" height=\"768\" data-id=\"2428\" src=\"https:\/\/wordpress.nibis.de\/gsamwall\/files\/2023\/06\/DA450B85-E737-412C-B6C4-A88FBD2DD10A_1_105_c.jpeg\" alt=\"\" class=\"wp-image-2428\" srcset=\"https:\/\/wordpress.nibis.de\/gsamwall\/files\/2023\/06\/DA450B85-E737-412C-B6C4-A88FBD2DD10A_1_105_c.jpeg 1024w, https:\/\/wordpress.nibis.de\/gsamwall\/files\/2023\/06\/DA450B85-E737-412C-B6C4-A88FBD2DD10A_1_105_c-768x576.jpeg 768w\" sizes=\"auto, (max-width: 1024px) 100vw, 1024px\" \/><\/figure>\n\n\n\n<figure class=\"wp-block-image size-large\"><img loading=\"lazy\" decoding=\"async\" width=\"1024\" height=\"768\" data-id=\"2429\" src=\"https:\/\/wordpress.nibis.de\/gsamwall\/files\/2023\/06\/7FE499A2-3425-4FC6-A85F-0D6A4CC890C2_1_105_c.jpeg\" alt=\"\" class=\"wp-image-2429\" srcset=\"https:\/\/wordpress.nibis.de\/gsamwall\/files\/2023\/06\/7FE499A2-3425-4FC6-A85F-0D6A4CC890C2_1_105_c.jpeg 1024w, https:\/\/wordpress.nibis.de\/gsamwall\/files\/2023\/06\/7FE499A2-3425-4FC6-A85F-0D6A4CC890C2_1_105_c-768x576.jpeg 768w\" sizes=\"auto, (max-width: 1024px) 100vw, 1024px\" \/><\/figure>\n\n\n\n<figure class=\"wp-block-image size-large\"><img loading=\"lazy\" decoding=\"async\" width=\"768\" height=\"1024\" data-id=\"2423\" src=\"https:\/\/wordpress.nibis.de\/gsamwall\/files\/2023\/06\/A75DA78D-F601-4BF0-BCED-DF2255A8B847_1_105_c.jpeg\" alt=\"\" class=\"wp-image-2423\" \/><\/figure>\n\n\n\n<figure class=\"wp-block-image size-large\"><img loading=\"lazy\" decoding=\"async\" width=\"1024\" height=\"768\" data-id=\"2430\" src=\"https:\/\/wordpress.nibis.de\/gsamwall\/files\/2023\/06\/E6C795E8-FD95-40D6-98B0-A289028094A0_1_105_c.jpeg\" alt=\"\" class=\"wp-image-2430\" srcset=\"https:\/\/wordpress.nibis.de\/gsamwall\/files\/2023\/06\/E6C795E8-FD95-40D6-98B0-A289028094A0_1_105_c.jpeg 1024w, https:\/\/wordpress.nibis.de\/gsamwall\/files\/2023\/06\/E6C795E8-FD95-40D6-98B0-A289028094A0_1_105_c-768x576.jpeg 768w\" sizes=\"auto, (max-width: 1024px) 100vw, 1024px\" \/><\/figure>\n\n\n\n<figure class=\"wp-block-image size-large\"><img loading=\"lazy\" decoding=\"async\" width=\"1024\" height=\"768\" data-id=\"2421\" src=\"https:\/\/wordpress.nibis.de\/gsamwall\/files\/2023\/06\/A41DE8CC-77E3-4DF5-84A3-6F8ED1EBB972_1_105_c.jpeg\" alt=\"\" class=\"wp-image-2421\" srcset=\"https:\/\/wordpress.nibis.de\/gsamwall\/files\/2023\/06\/A41DE8CC-77E3-4DF5-84A3-6F8ED1EBB972_1_105_c.jpeg 1024w, https:\/\/wordpress.nibis.de\/gsamwall\/files\/2023\/06\/A41DE8CC-77E3-4DF5-84A3-6F8ED1EBB972_1_105_c-768x576.jpeg 768w\" sizes=\"auto, (max-width: 1024px) 100vw, 1024px\" \/><\/figure>\n\n\n\n<figure class=\"wp-block-image size-large\"><img loading=\"lazy\" decoding=\"async\" width=\"1024\" height=\"768\" data-id=\"2420\" src=\"https:\/\/wordpress.nibis.de\/gsamwall\/files\/2023\/06\/144E055A-5659-47E5-BF70-85EFE8EC34BD_1_105_c.jpeg\" alt=\"\" class=\"wp-image-2420\" srcset=\"https:\/\/wordpress.nibis.de\/gsamwall\/files\/2023\/06\/144E055A-5659-47E5-BF70-85EFE8EC34BD_1_105_c.jpeg 1024w, https:\/\/wordpress.nibis.de\/gsamwall\/files\/2023\/06\/144E055A-5659-47E5-BF70-85EFE8EC34BD_1_105_c-768x576.jpeg 768w\" sizes=\"auto, (max-width: 1024px) 100vw, 1024px\" \/><\/figure>\n\n\n\n<figure class=\"wp-block-image size-large\"><img loading=\"lazy\" decoding=\"async\" width=\"1024\" height=\"768\" data-id=\"2414\" src=\"https:\/\/wordpress.nibis.de\/gsamwall\/files\/2023\/06\/9C9E6857-7540-439A-A79B-4417F394C180_1_105_c.jpeg\" alt=\"\" class=\"wp-image-2414\" srcset=\"https:\/\/wordpress.nibis.de\/gsamwall\/files\/2023\/06\/9C9E6857-7540-439A-A79B-4417F394C180_1_105_c.jpeg 1024w, https:\/\/wordpress.nibis.de\/gsamwall\/files\/2023\/06\/9C9E6857-7540-439A-A79B-4417F394C180_1_105_c-768x576.jpeg 768w\" sizes=\"auto, (max-width: 1024px) 100vw, 1024px\" \/><\/figure>\n\n\n\n<figure class=\"wp-block-image size-large\"><img loading=\"lazy\" decoding=\"async\" width=\"768\" height=\"1024\" data-id=\"2413\" src=\"https:\/\/wordpress.nibis.de\/gsamwall\/files\/2023\/06\/EAB79114-0A39-426A-860B-F94211A5508F_1_105_c.jpeg\" alt=\"\" class=\"wp-image-2413\" \/><\/figure>\n\n\n\n<figure class=\"wp-block-image size-large\"><img loading=\"lazy\" decoding=\"async\" width=\"768\" height=\"1024\" data-id=\"2412\" src=\"https:\/\/wordpress.nibis.de\/gsamwall\/files\/2023\/06\/2D17C051-BB8C-4EF9-B2F5-D2E7C2F3659E_1_105_c.jpeg\" alt=\"\" class=\"wp-image-2412\" \/><\/figure>\n\n\n\n<figure class=\"wp-block-image size-large\"><img loading=\"lazy\" decoding=\"async\" width=\"1024\" height=\"768\" data-id=\"2418\" src=\"https:\/\/wordpress.nibis.de\/gsamwall\/files\/2023\/06\/A48958E7-DBBA-45F9-B518-E26497B9EEE9_1_105_c.jpeg\" alt=\"\" class=\"wp-image-2418\" srcset=\"https:\/\/wordpress.nibis.de\/gsamwall\/files\/2023\/06\/A48958E7-DBBA-45F9-B518-E26497B9EEE9_1_105_c.jpeg 1024w, https:\/\/wordpress.nibis.de\/gsamwall\/files\/2023\/06\/A48958E7-DBBA-45F9-B518-E26497B9EEE9_1_105_c-768x576.jpeg 768w\" sizes=\"auto, (max-width: 1024px) 100vw, 1024px\" \/><\/figure>\n\n\n\n<figure class=\"wp-block-image size-large\"><img loading=\"lazy\" decoding=\"async\" width=\"1024\" height=\"768\" data-id=\"2419\" src=\"https:\/\/wordpress.nibis.de\/gsamwall\/files\/2023\/06\/9EA8E198-1CAA-401A-AAF8-4E791F4D26A5_1_105_c.jpeg\" alt=\"\" class=\"wp-image-2419\" srcset=\"https:\/\/wordpress.nibis.de\/gsamwall\/files\/2023\/06\/9EA8E198-1CAA-401A-AAF8-4E791F4D26A5_1_105_c.jpeg 1024w, https:\/\/wordpress.nibis.de\/gsamwall\/files\/2023\/06\/9EA8E198-1CAA-401A-AAF8-4E791F4D26A5_1_105_c-768x576.jpeg 768w\" sizes=\"auto, (max-width: 1024px) 100vw, 1024px\" \/><\/figure>\n\n\n\n<figure class=\"wp-block-image size-large\"><img loading=\"lazy\" decoding=\"async\" width=\"1024\" height=\"768\" data-id=\"2417\" src=\"https:\/\/wordpress.nibis.de\/gsamwall\/files\/2023\/06\/6C446BAB-F014-45CB-96CD-BD89DC8EE662_1_105_c.jpeg\" alt=\"\" class=\"wp-image-2417\" srcset=\"https:\/\/wordpress.nibis.de\/gsamwall\/files\/2023\/06\/6C446BAB-F014-45CB-96CD-BD89DC8EE662_1_105_c.jpeg 1024w, https:\/\/wordpress.nibis.de\/gsamwall\/files\/2023\/06\/6C446BAB-F014-45CB-96CD-BD89DC8EE662_1_105_c-768x576.jpeg 768w\" sizes=\"auto, (max-width: 1024px) 100vw, 1024px\" \/><\/figure>\n\n\n\n<figure class=\"wp-block-image size-large\"><img loading=\"lazy\" decoding=\"async\" width=\"2052\" height=\"1533\" data-id=\"2416\" src=\"https:\/\/wordpress.nibis.de\/gsamwall\/files\/2023\/06\/E5C3F2AB-2E1F-454F-8EFD-4A563AD4381A_1_102_a.jpeg\" alt=\"\" class=\"wp-image-2416\" srcset=\"https:\/\/wordpress.nibis.de\/gsamwall\/files\/2023\/06\/E5C3F2AB-2E1F-454F-8EFD-4A563AD4381A_1_102_a.jpeg 2052w, https:\/\/wordpress.nibis.de\/gsamwall\/files\/2023\/06\/E5C3F2AB-2E1F-454F-8EFD-4A563AD4381A_1_102_a-768x574.jpeg 768w, https:\/\/wordpress.nibis.de\/gsamwall\/files\/2023\/06\/E5C3F2AB-2E1F-454F-8EFD-4A563AD4381A_1_102_a-1536x1148.jpeg 1536w, https:\/\/wordpress.nibis.de\/gsamwall\/files\/2023\/06\/E5C3F2AB-2E1F-454F-8EFD-4A563AD4381A_1_102_a-2048x1530.jpeg 2048w\" sizes=\"auto, (max-width: 2052px) 100vw, 2052px\" \/><\/figure>\n\n\n\n<figure class=\"wp-block-image size-large\"><img loading=\"lazy\" decoding=\"async\" width=\"1024\" height=\"768\" data-id=\"2422\" src=\"https:\/\/wordpress.nibis.de\/gsamwall\/files\/2023\/06\/BBD7BC60-0CFD-4ABC-ADD4-2E5278FEFA83_1_105_c.jpeg\" alt=\"\" class=\"wp-image-2422\" srcset=\"https:\/\/wordpress.nibis.de\/gsamwall\/files\/2023\/06\/BBD7BC60-0CFD-4ABC-ADD4-2E5278FEFA83_1_105_c.jpeg 1024w, https:\/\/wordpress.nibis.de\/gsamwall\/files\/2023\/06\/BBD7BC60-0CFD-4ABC-ADD4-2E5278FEFA83_1_105_c-768x576.jpeg 768w\" sizes=\"auto, (max-width: 1024px) 100vw, 1024px\" \/><\/figure>\n\n\n\n<figure class=\"wp-block-image size-large\"><img loading=\"lazy\" decoding=\"async\" width=\"1024\" height=\"768\" data-id=\"2426\" src=\"https:\/\/wordpress.nibis.de\/gsamwall\/files\/2023\/06\/ACCEF830-358A-41A3-9778-7DAEB0206116_1_105_c.jpeg\" alt=\"\" class=\"wp-image-2426\" srcset=\"https:\/\/wordpress.nibis.de\/gsamwall\/files\/2023\/06\/ACCEF830-358A-41A3-9778-7DAEB0206116_1_105_c.jpeg 1024w, https:\/\/wordpress.nibis.de\/gsamwall\/files\/2023\/06\/ACCEF830-358A-41A3-9778-7DAEB0206116_1_105_c-768x576.jpeg 768w\" sizes=\"auto, (max-width: 1024px) 100vw, 1024px\" \/><\/figure>\n\n\n\n<figure class=\"wp-block-image size-large\"><img loading=\"lazy\" decoding=\"async\" width=\"1024\" height=\"768\" data-id=\"2415\" src=\"https:\/\/wordpress.nibis.de\/gsamwall\/files\/2023\/06\/14B42229-324F-4C65-AE3A-5DE249E12D4B_1_105_c.jpeg\" alt=\"\" class=\"wp-image-2415\" srcset=\"https:\/\/wordpress.nibis.de\/gsamwall\/files\/2023\/06\/14B42229-324F-4C65-AE3A-5DE249E12D4B_1_105_c.jpeg 1024w, https:\/\/wordpress.nibis.de\/gsamwall\/files\/2023\/06\/14B42229-324F-4C65-AE3A-5DE249E12D4B_1_105_c-768x576.jpeg 768w\" sizes=\"auto, (max-width: 1024px) 100vw, 1024px\" \/><\/figure>\n\n\n\n<figure class=\"wp-block-image size-large\"><img loading=\"lazy\" decoding=\"async\" width=\"1024\" height=\"768\" data-id=\"2411\" src=\"https:\/\/wordpress.nibis.de\/gsamwall\/files\/2023\/06\/C46C086D-EC76-4236-B061-CF44DBB7AB1E_1_105_c.jpeg\" alt=\"\" class=\"wp-image-2411\" srcset=\"https:\/\/wordpress.nibis.de\/gsamwall\/files\/2023\/06\/C46C086D-EC76-4236-B061-CF44DBB7AB1E_1_105_c.jpeg 1024w, https:\/\/wordpress.nibis.de\/gsamwall\/files\/2023\/06\/C46C086D-EC76-4236-B061-CF44DBB7AB1E_1_105_c-768x576.jpeg 768w\" sizes=\"auto, (max-width: 1024px) 100vw, 1024px\" \/><\/figure>\n\n\n\n<figure class=\"wp-block-image size-large\"><img loading=\"lazy\" decoding=\"async\" width=\"1024\" height=\"768\" data-id=\"2408\" src=\"https:\/\/wordpress.nibis.de\/gsamwall\/files\/2023\/06\/CDB756E3-222D-4E66-9EDB-87163ADD902B_1_105_c.jpeg\" alt=\"\" class=\"wp-image-2408\" srcset=\"https:\/\/wordpress.nibis.de\/gsamwall\/files\/2023\/06\/CDB756E3-222D-4E66-9EDB-87163ADD902B_1_105_c.jpeg 1024w, https:\/\/wordpress.nibis.de\/gsamwall\/files\/2023\/06\/CDB756E3-222D-4E66-9EDB-87163ADD902B_1_105_c-768x576.jpeg 768w\" sizes=\"auto, (max-width: 1024px) 100vw, 1024px\" \/><\/figure>\n\n\n\n<figure class=\"wp-block-image size-large\"><img loading=\"lazy\" decoding=\"async\" width=\"768\" height=\"1024\" data-id=\"2406\" src=\"https:\/\/wordpress.nibis.de\/gsamwall\/files\/2023\/06\/7B6D004F-754F-447B-A7F8-5D626171F783_1_105_c.jpeg\" alt=\"\" class=\"wp-image-2406\" \/><\/figure>\n\n\n\n<figure class=\"wp-block-image size-large\"><img loading=\"lazy\" decoding=\"async\" width=\"1024\" height=\"768\" data-id=\"2404\" src=\"https:\/\/wordpress.nibis.de\/gsamwall\/files\/2023\/06\/WhatsApp-Image-2023-06-08-at-12.56.30-1.jpeg\" alt=\"\" class=\"wp-image-2404\" srcset=\"https:\/\/wordpress.nibis.de\/gsamwall\/files\/2023\/06\/WhatsApp-Image-2023-06-08-at-12.56.30-1.jpeg 1024w, https:\/\/wordpress.nibis.de\/gsamwall\/files\/2023\/06\/WhatsApp-Image-2023-06-08-at-12.56.30-1-768x576.jpeg 768w\" sizes=\"auto, (max-width: 1024px) 100vw, 1024px\" \/><\/figure>\n\n\n\n<figure class=\"wp-block-image size-large\"><img loading=\"lazy\" decoding=\"async\" width=\"768\" height=\"1024\" data-id=\"2403\" src=\"https:\/\/wordpress.nibis.de\/gsamwall\/files\/2023\/06\/WhatsApp-Image-2023-06-08-at-13.20.52.jpeg\" alt=\"\" class=\"wp-image-2403\" \/><\/figure>\n\n\n\n<figure class=\"wp-block-image size-large\"><img loading=\"lazy\" decoding=\"async\" width=\"1024\" height=\"768\" data-id=\"2409\" src=\"https:\/\/wordpress.nibis.de\/gsamwall\/files\/2023\/06\/9E396172-33FC-4245-9D05-5A8E78EE863A_1_105_c.jpeg\" alt=\"\" class=\"wp-image-2409\" srcset=\"https:\/\/wordpress.nibis.de\/gsamwall\/files\/2023\/06\/9E396172-33FC-4245-9D05-5A8E78EE863A_1_105_c.jpeg 1024w, https:\/\/wordpress.nibis.de\/gsamwall\/files\/2023\/06\/9E396172-33FC-4245-9D05-5A8E78EE863A_1_105_c-768x576.jpeg 768w\" sizes=\"auto, (max-width: 1024px) 100vw, 1024px\" \/><\/figure>\n\n\n\n<figure class=\"wp-block-image size-large\"><img loading=\"lazy\" decoding=\"async\" width=\"768\" height=\"1024\" data-id=\"2410\" src=\"https:\/\/wordpress.nibis.de\/gsamwall\/files\/2023\/06\/6EBE0731-D1E4-42AC-9F41-4456E27389A4_1_105_c.jpeg\" alt=\"\" class=\"wp-image-2410\" \/><\/figure>\n\n\n\n<figure class=\"wp-block-image size-large\"><img loading=\"lazy\" decoding=\"async\" width=\"768\" height=\"1024\" data-id=\"2407\" src=\"https:\/\/wordpress.nibis.de\/gsamwall\/files\/2023\/06\/148D63E2-7E15-4B78-97B0-3F8C61867686_1_105_c.jpeg\" alt=\"\" class=\"wp-image-2407\" \/><\/figure>\n\n\n\n<figure class=\"wp-block-image size-large\"><img loading=\"lazy\" decoding=\"async\" width=\"1024\" height=\"768\" data-id=\"2405\" src=\"https:\/\/wordpress.nibis.de\/gsamwall\/files\/2023\/06\/WhatsApp-Image-2023-06-08-at-13.12.59-1.jpeg\" alt=\"\" class=\"wp-image-2405\" srcset=\"https:\/\/wordpress.nibis.de\/gsamwall\/files\/2023\/06\/WhatsApp-Image-2023-06-08-at-13.12.59-1.jpeg 1024w, https:\/\/wordpress.nibis.de\/gsamwall\/files\/2023\/06\/WhatsApp-Image-2023-06-08-at-13.12.59-1-768x576.jpeg 768w\" sizes=\"auto, (max-width: 1024px) 100vw, 1024px\" \/><\/figure>\n<\/figure>\n\n\n\n<figure class=\"wp-block-image size-large\"><img loading=\"lazy\" decoding=\"async\" width=\"1200\" height=\"675\" src=\"https:\/\/wordpress.nibis.de\/gsamwall\/files\/2023\/06\/IMG_0028-1200x675.jpeg\" alt=\"\" class=\"wp-image-2441\" srcset=\"https:\/\/wordpress.nibis.de\/gsamwall\/files\/2023\/06\/IMG_0028-1200x675.jpeg 1200w, https:\/\/wordpress.nibis.de\/gsamwall\/files\/2023\/06\/IMG_0028-850x478.jpeg 850w, https:\/\/wordpress.nibis.de\/gsamwall\/files\/2023\/06\/IMG_0028-250x141.jpeg 250w\" sizes=\"auto, (max-width: 1200px) 100vw, 1200px\" \/><\/figure>\n","protected":false},"excerpt":{"rendered":"<p>Am 25.Mai 2023 war es endlich soweit: die komplette Grundschule am Wall incl. aller Kinder und Kollegen startete mit viel Gep\u00e4ck zur Stolle. Matratzen, Decken, Kissen, Schlafs\u00e4cke, Kleidung, Kuscheltiere&#8230;.alles wurde von unseren Sch\u00fclerinnen und Sch\u00fclern zum Bus getragen um dann das Abenteuer Zelt\u00fcbernachtung zu beginnen.Wir alle fuhren zum Zeltlager Stolle und verbrachten dort einen tollen &hellip; <a href=\"https:\/\/wordpress.nibis.de\/gsamwall\/schulfahrt-zur-stolle\/\" class=\"more-link\"><span class=\"screen-reader-text\">Schulfahrt zur Stolle 25.5.2023<\/span> weiterlesen <span class=\"meta-nav\">&rarr;<\/span><\/a><\/p>\n","protected":false},"author":9193468,"featured_media":0,"parent":0,"menu_order":0,"comment_status":"closed","ping_status":"closed","template":"","meta":{"footnotes":""},"class_list":["post-2445","page","type-page","status-publish","hentry"],"_links":{"self":[{"href":"https:\/\/wordpress.nibis.de\/gsamwall\/wp-json\/wp\/v2\/pages\/2445","targetHints":{"allow":["GET"]}}],"collection":[{"href":"https:\/\/wordpress.nibis.de\/gsamwall\/wp-json\/wp\/v2\/pages"}],"about":[{"href":"https:\/\/wordpress.nibis.de\/gsamwall\/wp-json\/wp\/v2\/types\/page"}],"author":[{"embeddable":true,"href":"https:\/\/wordpress.nibis.de\/gsamwall\/wp-json\/wp\/v2\/users\/9193468"}],"replies":[{"embeddable":true,"href":"https:\/\/wordpress.nibis.de\/gsamwall\/wp-json\/wp\/v2\/comments?post=2445"}],"version-history":[{"count":2,"href":"https:\/\/wordpress.nibis.de\/gsamwall\/wp-json\/wp\/v2\/pages\/2445\/revisions"}],"predecessor-version":[{"id":2448,"href":"https:\/\/wordpress.nibis.de\/gsamwall\/wp-json\/wp\/v2\/pages\/2445\/revisions\/2448"}],"wp:attachment":[{"href":"https:\/\/wordpress.nibis.de\/gsamwall\/wp-json\/wp\/v2\/media?parent=2445"}],"curies":[{"name":"wp","href":"https:\/\/api.w.org\/{rel}","templated":true}]}}