{"id":254,"date":"2020-04-14T19:32:11","date_gmt":"2020-04-14T17:32:11","guid":{"rendered":"https:\/\/wordpress.nibis.de\/gsamwall\/?page_id=254"},"modified":"2020-04-16T18:46:00","modified_gmt":"2020-04-16T16:46:00","slug":"deutsch-als-zweitsprache","status":"publish","type":"page","link":"https:\/\/wordpress.nibis.de\/gsamwall\/deutsch-als-zweitsprache\/","title":{"rendered":"Deutsch als Zweitsprache"},"content":{"rendered":"\n<p class=\"Normal-P\"><span class=\"diyfedecoration-C\">Die Sprache ist das wichtigste Mittel zur Kommunikation und der Schl\u00fcssel zum Lernen in der Schule.<\/span><\/p>\n<p class=\"heading-2-P\"><span class=\"diyfedecoration-C\">Aus diesem Grund bieten wir Kindern, welche deutsch nicht als Muttersprache sprechen und erst seit kurzer Zeit in Deutschland leben, die M\u00f6glichkeit, den DAZ (\u201eDeutsch als Zweitsprache\u201c) Unterricht zu besuchen. <\/span><\/p>\n<p class=\"Normal-P\"><span class=\"diyfedecoration-C\">Die Kinder nehmen in allen F\u00e4chern am Unterricht ihrer Stammklasse teil. Dar\u00fcberhinaus bekommen sie, je nach individuellen Schwierigkeiten mit der deutschen Sprache, 1-2 mal pro Woche DAZ Unterricht. Dieser findet einzeln oder in einer Kleingruppe mit nur wenigen Kindern statt, sodass individuell auf jedes Kind eingegangen werden kann. <\/span><\/p>\n<p>\u00a0<\/p>\n<p class=\"Normal-P\"><span class=\"diyfedecoration-C\">Der DAZ Unterricht wird von Lehrkr\u00e4ften unserer Schule durchgef\u00fchrt, welche auf diesem Gebiet zus\u00e4tzlich ausgebildet sind. Es stehen zahlreiche Materialien zur Verf\u00fcgung, welche den Kindern spielerisch und praxisorientiert die deutsche Sprache n\u00e4her bringen. <\/span><\/p>\n<p class=\"Normal-P\"><span class=\"diyfedecoration-C\">\u00a0<\/span><\/p>\n<p class=\"Normal-P\"><span class=\"diyfedecoration-C\">Auch im Regelunterricht bekommen die Kinder teilweise differenziertes Material, welches ihrem aktuellen Lernstand entspricht. <\/span><\/p>\n","protected":false},"excerpt":{"rendered":"<p>Die Sprache ist das wichtigste Mittel zur Kommunikation und der Schl\u00fcssel zum Lernen in der Schule. Aus diesem Grund bieten wir Kindern, welche deutsch nicht als Muttersprache sprechen und erst seit kurzer Zeit in Deutschland leben, die M\u00f6glichkeit, den DAZ (\u201eDeutsch als Zweitsprache\u201c) Unterricht zu besuchen. Die Kinder nehmen in allen F\u00e4chern am Unterricht ihrer &hellip; <a href=\"https:\/\/wordpress.nibis.de\/gsamwall\/deutsch-als-zweitsprache\/\" class=\"more-link\"><span class=\"screen-reader-text\">Deutsch als Zweitsprache<\/span> weiterlesen <span class=\"meta-nav\">&rarr;<\/span><\/a><\/p>\n","protected":false},"author":9193468,"featured_media":0,"parent":0,"menu_order":0,"comment_status":"closed","ping_status":"closed","template":"","meta":{"footnotes":""},"class_list":["post-254","page","type-page","status-publish","hentry"],"_links":{"self":[{"href":"https:\/\/wordpress.nibis.de\/gsamwall\/wp-json\/wp\/v2\/pages\/254","targetHints":{"allow":["GET"]}}],"collection":[{"href":"https:\/\/wordpress.nibis.de\/gsamwall\/wp-json\/wp\/v2\/pages"}],"about":[{"href":"https:\/\/wordpress.nibis.de\/gsamwall\/wp-json\/wp\/v2\/types\/page"}],"author":[{"embeddable":true,"href":"https:\/\/wordpress.nibis.de\/gsamwall\/wp-json\/wp\/v2\/users\/9193468"}],"replies":[{"embeddable":true,"href":"https:\/\/wordpress.nibis.de\/gsamwall\/wp-json\/wp\/v2\/comments?post=254"}],"version-history":[{"count":3,"href":"https:\/\/wordpress.nibis.de\/gsamwall\/wp-json\/wp\/v2\/pages\/254\/revisions"}],"predecessor-version":[{"id":527,"href":"https:\/\/wordpress.nibis.de\/gsamwall\/wp-json\/wp\/v2\/pages\/254\/revisions\/527"}],"wp:attachment":[{"href":"https:\/\/wordpress.nibis.de\/gsamwall\/wp-json\/wp\/v2\/media?parent=254"}],"curies":[{"name":"wp","href":"https:\/\/api.w.org\/{rel}","templated":true}]}}