{"id":2563,"date":"2024-04-11T13:47:10","date_gmt":"2024-04-11T11:47:10","guid":{"rendered":"https:\/\/wordpress.nibis.de\/gsamwall\/?page_id=2563"},"modified":"2025-04-17T14:38:49","modified_gmt":"2025-04-17T12:38:49","slug":"ball-ueber-die-schnur-turnier","status":"publish","type":"page","link":"https:\/\/wordpress.nibis.de\/gsamwall\/ball-ueber-die-schnur-turnier\/","title":{"rendered":"Ball \u00fcber die Schnur Turnier 2024"},"content":{"rendered":"\n<p>Am 14.03.2024 fand das j\u00e4hrliche Ball \u00fcber die Schnur Turnier statt. Auch unsere Schule ist wieder mit einigen Sch\u00fclerinnen und Sch\u00fclern aus Jahrgang 4 angetreten.\u00a0<\/p>\n<p>Die Kinder haben toll gespielt und die Stimmung in der Halle war super. Wir sind stolz auf euch!<\/p>\n<p>\u00a0<\/p>\n<p style=\"text-align: center\"><img loading=\"lazy\" decoding=\"async\" class=\"alignright size-full wp-image-2560\" src=\"https:\/\/wordpress.nibis.de\/gsamwall\/files\/2024\/04\/Ball-u\u0308ber-die-Schnur.jpeg\" alt=\"\" width=\"1600\" height=\"1200\" srcset=\"https:\/\/wordpress.nibis.de\/gsamwall\/files\/2024\/04\/Ball-u\u0308ber-die-Schnur.jpeg 1600w, https:\/\/wordpress.nibis.de\/gsamwall\/files\/2024\/04\/Ball-u\u0308ber-die-Schnur-768x576.jpeg 768w, https:\/\/wordpress.nibis.de\/gsamwall\/files\/2024\/04\/Ball-u\u0308ber-die-Schnur-1536x1152.jpeg 1536w\" sizes=\"auto, (max-width: 1600px) 100vw, 1600px\" \/>\u00a0<\/p>\n","protected":false},"excerpt":{"rendered":"<p>Am 14.03.2024 fand das j\u00e4hrliche Ball \u00fcber die Schnur Turnier statt. Auch unsere Schule ist wieder mit einigen Sch\u00fclerinnen und Sch\u00fclern aus Jahrgang 4 angetreten.\u00a0 Die Kinder haben toll gespielt und die Stimmung in der Halle war super. Wir sind stolz auf euch! \u00a0 \u00a0<\/p>\n","protected":false},"author":9193468,"featured_media":0,"parent":0,"menu_order":0,"comment_status":"closed","ping_status":"closed","template":"","meta":{"footnotes":""},"class_list":["post-2563","page","type-page","status-publish","hentry"],"_links":{"self":[{"href":"https:\/\/wordpress.nibis.de\/gsamwall\/wp-json\/wp\/v2\/pages\/2563","targetHints":{"allow":["GET"]}}],"collection":[{"href":"https:\/\/wordpress.nibis.de\/gsamwall\/wp-json\/wp\/v2\/pages"}],"about":[{"href":"https:\/\/wordpress.nibis.de\/gsamwall\/wp-json\/wp\/v2\/types\/page"}],"author":[{"embeddable":true,"href":"https:\/\/wordpress.nibis.de\/gsamwall\/wp-json\/wp\/v2\/users\/9193468"}],"replies":[{"embeddable":true,"href":"https:\/\/wordpress.nibis.de\/gsamwall\/wp-json\/wp\/v2\/comments?post=2563"}],"version-history":[{"count":2,"href":"https:\/\/wordpress.nibis.de\/gsamwall\/wp-json\/wp\/v2\/pages\/2563\/revisions"}],"predecessor-version":[{"id":2665,"href":"https:\/\/wordpress.nibis.de\/gsamwall\/wp-json\/wp\/v2\/pages\/2563\/revisions\/2665"}],"wp:attachment":[{"href":"https:\/\/wordpress.nibis.de\/gsamwall\/wp-json\/wp\/v2\/media?parent=2563"}],"curies":[{"name":"wp","href":"https:\/\/api.w.org\/{rel}","templated":true}]}}