{"id":2750,"date":"2026-01-05T10:28:45","date_gmt":"2026-01-05T09:28:45","guid":{"rendered":"https:\/\/wordpress.nibis.de\/gsamwall\/?page_id=2750"},"modified":"2026-01-05T10:28:45","modified_gmt":"2026-01-05T09:28:45","slug":"einschulung-am-16-08-2025","status":"publish","type":"page","link":"https:\/\/wordpress.nibis.de\/gsamwall\/einschulung-am-16-08-2025\/","title":{"rendered":"Einschulung am 16.08.2025"},"content":{"rendered":"\n<p>Am Samstag, den 16.08.2025 fand die Einschulung unserer neuen Erstkl\u00e4ssler sowie der Kinder des Schulkindergartens statt.\u00a0<br \/><br \/>Morgens kamen bei bestem Wetter viele kleine Aufgeregte Sch\u00fcler und Sch\u00fclerinnen zusammen mit ihren Eltern, Verwandten und Freunden auf den Schulhof. Unsere Schulleiterin Frau Hinze begr\u00fc\u00dfte alle und rief anschlie\u00dfend jeden Sch\u00fcler und jede Sch\u00fclerin einzeln auf. Die Erstkl\u00e4ssler hatten im Vorfeld die Aufgabe, W\u00fcnsche f\u00fcr die Schulzeit aufzumalen \/ aufzuschreiben. Frau Hinze las jeden Wunsch vor und dann wurden dann gemeinsam alle W\u00fcnsche an Luftballons steigen gelassen.\u00a0<br \/><br \/>Anschlie\u00dfend ging es f\u00fcr die neuen Erstkl\u00e4ssler gemeinsam mit der jeweiligen Klassenlehrerin und allen Mitsch\u00fcler*innen in den Klassenraum, um die erste Unterrichtsstunde zu erleben. In der Zwischenzeit konnten alle Besucher bei Kaffee und Waffeln eine sch\u00f6ne Zeit auf dem Schulhof verbringen.\u00a0<br \/>Nach 45 Minuten kamen die Erstis dann stolz mit ihrer Schult\u00fcte wieder zur\u00fcck auf den Schulhof und freuten sich darauf, ab sofort &#8222;Kinder vom Wall&#8220; zu sein.\u00a0<br \/><br \/>Wir w\u00fcnschen unseren neuen Erstkl\u00e4sslern sowie ihren Klassenlehrerinnen Frau Schulze, Frau Vogeley und Frau Gebhardt einen tollen Start ins Schuljahr 2025\/2026.<\/p>\n\n\n\n\n\n<figure class=\"wp-block-gallery has-nested-images columns-default is-cropped wp-block-gallery-1 is-layout-flex wp-block-gallery-is-layout-flex\">\n<figure class=\"wp-block-image size-large\"><img loading=\"lazy\" decoding=\"async\" width=\"1024\" height=\"675\" data-id=\"2754\" src=\"https:\/\/wordpress.nibis.de\/gsamwall\/files\/2026\/01\/587C674E-EC45-4D18-96EC-A3960B488E98_1_105_c-1024x675.jpeg\" alt=\"\" class=\"wp-image-2754\" \/><\/figure>\n\n\n\n<figure class=\"wp-block-image size-large\"><img loading=\"lazy\" decoding=\"async\" width=\"1024\" height=\"675\" data-id=\"2755\" src=\"https:\/\/wordpress.nibis.de\/gsamwall\/files\/2026\/01\/76504F5D-8DAF-43BA-957E-1A7AFAF97727_1_105_c-1-1024x675.jpeg\" alt=\"\" class=\"wp-image-2755\" \/><\/figure>\n\n\n<div class=\"wp-block-image\">\n<figure class=\"aligncenter size-large\"><img loading=\"lazy\" decoding=\"async\" width=\"768\" height=\"675\" data-id=\"2756\" src=\"https:\/\/wordpress.nibis.de\/gsamwall\/files\/2026\/01\/DF589D9F-273F-4442-A76E-1148A06D0D08_1_105_c-1-768x675.jpeg\" alt=\"\" class=\"wp-image-2756\" \/><\/figure>\n<\/div><\/figure>\n","protected":false},"excerpt":{"rendered":"<p>Am Samstag, den 16.08.2025 fand die Einschulung unserer neuen Erstkl\u00e4ssler sowie der Kinder des Schulkindergartens statt.\u00a0 Morgens kamen bei bestem Wetter viele kleine Aufgeregte Sch\u00fcler und Sch\u00fclerinnen zusammen mit ihren Eltern, Verwandten und Freunden auf den Schulhof. Unsere Schulleiterin Frau Hinze begr\u00fc\u00dfte alle und rief anschlie\u00dfend jeden Sch\u00fcler und jede Sch\u00fclerin einzeln auf. Die Erstkl\u00e4ssler &hellip; <a href=\"https:\/\/wordpress.nibis.de\/gsamwall\/einschulung-am-16-08-2025\/\" class=\"more-link\"><span class=\"screen-reader-text\">Einschulung am 16.08.2025<\/span> weiterlesen <span class=\"meta-nav\">&rarr;<\/span><\/a><\/p>\n","protected":false},"author":9193468,"featured_media":0,"parent":0,"menu_order":0,"comment_status":"closed","ping_status":"closed","template":"","meta":{"footnotes":""},"class_list":["post-2750","page","type-page","status-publish","hentry"],"_links":{"self":[{"href":"https:\/\/wordpress.nibis.de\/gsamwall\/wp-json\/wp\/v2\/pages\/2750","targetHints":{"allow":["GET"]}}],"collection":[{"href":"https:\/\/wordpress.nibis.de\/gsamwall\/wp-json\/wp\/v2\/pages"}],"about":[{"href":"https:\/\/wordpress.nibis.de\/gsamwall\/wp-json\/wp\/v2\/types\/page"}],"author":[{"embeddable":true,"href":"https:\/\/wordpress.nibis.de\/gsamwall\/wp-json\/wp\/v2\/users\/9193468"}],"replies":[{"embeddable":true,"href":"https:\/\/wordpress.nibis.de\/gsamwall\/wp-json\/wp\/v2\/comments?post=2750"}],"version-history":[{"count":1,"href":"https:\/\/wordpress.nibis.de\/gsamwall\/wp-json\/wp\/v2\/pages\/2750\/revisions"}],"predecessor-version":[{"id":2757,"href":"https:\/\/wordpress.nibis.de\/gsamwall\/wp-json\/wp\/v2\/pages\/2750\/revisions\/2757"}],"wp:attachment":[{"href":"https:\/\/wordpress.nibis.de\/gsamwall\/wp-json\/wp\/v2\/media?parent=2750"}],"curies":[{"name":"wp","href":"https:\/\/api.w.org\/{rel}","templated":true}]}}

<p>Am Samstag, den 16.08.2025 fand die Einschulung unserer neuen Erstklässler sowie der Kinder des Schulkindergartens statt. <br /><br />Morgens kamen bei bestem Wetter viele kleine Aufgeregte Schüler und Schülerinnen zusammen mit ihren Eltern, Verwandten und Freunden auf den Schulhof. Unsere Schulleiterin Frau Hinze begrüßte alle und rief anschließend jeden Schüler und jede Schülerin einzeln auf. Die Erstklässler hatten im Vorfeld die Aufgabe, Wünsche für die Schulzeit aufzumalen / aufzuschreiben. Frau Hinze las jeden Wunsch vor und dann wurden dann gemeinsam alle Wünsche an Luftballons steigen gelassen. <br /><br />Anschließend ging es für die neuen Erstklässler gemeinsam mit der jeweiligen Klassenlehrerin und allen Mitschüler*innen in den Klassenraum, um die erste Unterrichtsstunde zu erleben. In der Zwischenzeit konnten alle Besucher bei Kaffee und Waffeln eine schöne Zeit auf dem Schulhof verbringen. <br />Nach 45 Minuten kamen die Erstis dann stolz mit ihrer Schultüte wieder zurück auf den Schulhof und freuten sich darauf, ab sofort &#8222;Kinder vom Wall&#8220; zu sein. <br /><br />Wir wünschen unseren neuen Erstklässlern sowie ihren Klassenlehrerinnen Frau Schulze, Frau Vogeley und Frau Gebhardt einen tollen Start ins Schuljahr 2025/2026.</p>





<figure class="wp-block-gallery has-nested-images columns-default is-cropped wp-block-gallery-1 is-layout-flex wp-block-gallery-is-layout-flex">
<figure class="wp-block-image size-large"><img loading="lazy" decoding="async" width="1024" height="675" data-id="2754" src="https://wordpress.nibis.de/gsamwall/files/2026/01/587C674E-EC45-4D18-96EC-A3960B488E98_1_105_c-1024x675.jpeg" alt="" class="wp-image-2754" /></figure>



<figure class="wp-block-image size-large"><img loading="lazy" decoding="async" width="1024" height="675" data-id="2755" src="https://wordpress.nibis.de/gsamwall/files/2026/01/76504F5D-8DAF-43BA-957E-1A7AFAF97727_1_105_c-1-1024x675.jpeg" alt="" class="wp-image-2755" /></figure>


<div class="wp-block-image">
<figure class="aligncenter size-large"><img loading="lazy" decoding="async" width="768" height="675" data-id="2756" src="https://wordpress.nibis.de/gsamwall/files/2026/01/DF589D9F-273F-4442-A76E-1148A06D0D08_1_105_c-1-768x675.jpeg" alt="" class="wp-image-2756" /></figure>
</div></figure>

<p>Am Samstag, den 16.08.2025 fand die Einschulung unserer neuen Erstklässler sowie der Kinder des Schulkindergartens statt.  Morgens kamen bei bestem Wetter viele kleine Aufgeregte Schüler und Schülerinnen zusammen mit ihren Eltern, Verwandten und Freunden auf den Schulhof. Unsere Schulleiterin Frau Hinze begrüßte alle und rief anschließend jeden Schüler und jede Schülerin einzeln auf. Die Erstklässler &hellip; <a href="https://wordpress.nibis.de/gsamwall/einschulung-am-16-08-2025/" class="more-link"><span class="screen-reader-text">Einschulung am 16.08.2025</span> weiterlesen <span class="meta-nav">&rarr;</span></a></p>
