{"id":2856,"date":"2026-04-28T20:27:04","date_gmt":"2026-04-28T18:27:04","guid":{"rendered":"https:\/\/wordpress.nibis.de\/gsamwall\/?page_id=2856"},"modified":"2026-04-28T20:27:04","modified_gmt":"2026-04-28T18:27:04","slug":"unicef-kinderrechteschule","status":"publish","type":"page","link":"https:\/\/wordpress.nibis.de\/gsamwall\/unicef-kinderrechteschule\/","title":{"rendered":"UNICEF Kinderrechteschule"},"content":{"rendered":"\n<h2 style=\"text-align: center\"><strong>Wir werden Kinderrechteschule<\/strong><\/h2>\n\n\n\n<figure class=\"wp-block-gallery aligncenter has-nested-images columns-default is-cropped wp-block-gallery-1 is-layout-flex wp-block-gallery-is-layout-flex\">\n<figure class=\"wp-block-image size-large is-style-default\"><img loading=\"lazy\" decoding=\"async\" width=\"1152\" height=\"675\" data-id=\"2864\" src=\"https:\/\/wordpress.nibis.de\/gsamwall\/files\/2026\/04\/Kinderrechte-Schule-1152x675.jpeg\" alt=\"\" class=\"wp-image-2864\" \/><\/figure>\n<\/figure>\n\n\n\n<p>An unserer Schule stehen die Rechte der Kinder im Mittelpunkt. Uns ist wichtig, dass alle Kinder geh\u00f6rt werden und ihre Meinung sagen d\u00fcrfen. Wir nehmen die Kinder ernst und geben ihnen eine Stimme.\u00a0<\/p>\n<p>In einer freundlichen und sicheren Umgebung lernen die Kinder, ihre Gedanken auszudr\u00fccken, Verantwortung zu \u00fcbernehmen und respektvoll miteinander umzugehen. Die Kinderrechte geh\u00f6ren fest zu unserem Schulalltag und werden von uns t\u00e4glich gelebt.\u00a0<\/p>\n<p>Diese m\u00f6chten wir k\u00fcnftig noch st\u00e4rker sichtbar machen &#8211; zum Beispiel durch besondere Angebote, Arbeitsgemeinschaften und gemeinsame Projekte. Den Startschuss hierf\u00fcr haben wir gemacht, indem wir mit allen Kindern unserer Schule ein Hosentaschenbuch hergestellt haben und gemeinsam intensiv besprochen haben, wie dies Ihnen beim L\u00f6sen von Konflikten helfen kann.\u00a0<\/p>\n\n\n\n<figure class=\"wp-block-gallery has-nested-images columns-default is-cropped wp-block-gallery-2 is-layout-flex wp-block-gallery-is-layout-flex\">\n<figure class=\"wp-block-image size-large\"><img loading=\"lazy\" decoding=\"async\" width=\"1200\" height=\"675\" data-id=\"2862\" src=\"https:\/\/wordpress.nibis.de\/gsamwall\/files\/2026\/04\/Hosnetaschebuch-1200x675.jpeg\" alt=\"\" class=\"wp-image-2862\" srcset=\"https:\/\/wordpress.nibis.de\/gsamwall\/files\/2026\/04\/Hosnetaschebuch-1200x675.jpeg 1200w, https:\/\/wordpress.nibis.de\/gsamwall\/files\/2026\/04\/Hosnetaschebuch-850x478.jpeg 850w, https:\/\/wordpress.nibis.de\/gsamwall\/files\/2026\/04\/Hosnetaschebuch-250x141.jpeg 250w\" sizes=\"auto, (max-width: 1200px) 100vw, 1200px\" \/><\/figure>\n\n\n\n<figure class=\"wp-block-image size-large\"><img loading=\"lazy\" decoding=\"async\" width=\"1200\" height=\"675\" data-id=\"2861\" src=\"https:\/\/wordpress.nibis.de\/gsamwall\/files\/2026\/04\/Hosentaschenbuch-1200x675.jpeg\" alt=\"\" class=\"wp-image-2861\" srcset=\"https:\/\/wordpress.nibis.de\/gsamwall\/files\/2026\/04\/Hosentaschenbuch-1200x675.jpeg 1200w, https:\/\/wordpress.nibis.de\/gsamwall\/files\/2026\/04\/Hosentaschenbuch-850x478.jpeg 850w, https:\/\/wordpress.nibis.de\/gsamwall\/files\/2026\/04\/Hosentaschenbuch-250x141.jpeg 250w\" sizes=\"auto, (max-width: 1200px) 100vw, 1200px\" \/><\/figure>\n<\/figure>\n\n\n\n<p>Das Programm von UNICEF besteht aus sieben Stufen. In jeder Stufe w\u00e4hlen wir gemeinsam im Kollegium und mit den Kindern ein Thema aus und setzen uns ein Ziel, das wir erreichen m\u00f6chten. Schritt f\u00fcr Schritt arbeiten wir daran weiter.\u00a0<\/p>\n<p>Wenn Sie mehr \u00fcber das Thema Kinderrechte und Kinderrechteschulen erfahren m\u00f6chten, k\u00f6nnen Sie sich unter folgenden Links informieren:\u00a0<\/p>\n\n\n\n<p><a href=\"https:\/\/www.unicef.de\/informieren\/einsatz-fuer-kinderrechte\/kinderrechteschulen\"><strong>https:\/\/www.unicef.de\/informieren\/einsatz-fuer-kinderrechte\/kinderrechteschulen<\/strong><\/a><\/p>\n\n\n\n<figure class=\"wp-block-embed is-type-video is-provider-youtube wp-block-embed-youtube wp-embed-aspect-16-9 wp-has-aspect-ratio\"><div class=\"wp-block-embed__wrapper\">\n<iframe loading=\"lazy\"  id=\"_ytid_45386\"  width=\"604\" height=\"340\"  data-origwidth=\"604\" data-origheight=\"340\" src=\"https:\/\/www.youtube.com\/embed\/iJqdbLykj5Q?enablejsapi=1&#038;autoplay=0&#038;cc_load_policy=0&#038;cc_lang_pref=&#038;iv_load_policy=1&#038;loop=0&#038;rel=1&#038;fs=1&#038;playsinline=0&#038;autohide=2&#038;theme=dark&#038;color=red&#038;controls=1&#038;disablekb=0&#038;\" class=\"__youtube_prefs__  epyt-is-override  no-lazyload\" title=\"YouTube player\"  allow=\"fullscreen; accelerometer; autoplay; clipboard-write; encrypted-media; gyroscope; picture-in-picture; web-share\" referrerpolicy=\"strict-origin-when-cross-origin\" allowfullscreen data-no-lazy=\"1\" data-skipgform_ajax_framebjll=\"\"><\/iframe>\n<\/div><\/figure>\n\n\n\n<p><\/p>\n\n\n\n<p>Wir als Schule stehen Ihnen und den Kindern jederzeit f\u00fcr Gespr\u00e4che zur Verf\u00fcgung. <\/p>\n\n\n\n<p>Sollten Sie weiteren Gespr\u00e4chsbedarf haben, k\u00f6nnen Sie f\u00fcr Beratungen au\u00dferdem jederzeit ans KUK G\u00f6ttingen (Zentrum f\u00fcr Kinderrechte und Kinderschutz) wenden. Dies hilft Ihnen &#8211; und auch den Kindern &#8211; gern weiter. <br><br><a href=\"https:\/\/kuk-goettingen.de\/\"><strong>https:\/\/kuk-goettingen.de\/<\/strong><\/a><\/p>\n","protected":false},"excerpt":{"rendered":"<p>Wir werden Kinderrechteschule An unserer Schule stehen die Rechte der Kinder im Mittelpunkt. Uns ist wichtig, dass alle Kinder geh\u00f6rt werden und ihre Meinung sagen d\u00fcrfen. Wir nehmen die Kinder ernst und geben ihnen eine Stimme.\u00a0 In einer freundlichen und sicheren Umgebung lernen die Kinder, ihre Gedanken auszudr\u00fccken, Verantwortung zu \u00fcbernehmen und respektvoll miteinander umzugehen. &hellip; <a href=\"https:\/\/wordpress.nibis.de\/gsamwall\/unicef-kinderrechteschule\/\" class=\"more-link\"><span class=\"screen-reader-text\">UNICEF Kinderrechteschule<\/span> weiterlesen <span class=\"meta-nav\">&rarr;<\/span><\/a><\/p>\n","protected":false},"author":9193468,"featured_media":0,"parent":0,"menu_order":0,"comment_status":"closed","ping_status":"closed","template":"","meta":{"footnotes":""},"class_list":["post-2856","page","type-page","status-publish","hentry"],"_links":{"self":[{"href":"https:\/\/wordpress.nibis.de\/gsamwall\/wp-json\/wp\/v2\/pages\/2856","targetHints":{"allow":["GET"]}}],"collection":[{"href":"https:\/\/wordpress.nibis.de\/gsamwall\/wp-json\/wp\/v2\/pages"}],"about":[{"href":"https:\/\/wordpress.nibis.de\/gsamwall\/wp-json\/wp\/v2\/types\/page"}],"author":[{"embeddable":true,"href":"https:\/\/wordpress.nibis.de\/gsamwall\/wp-json\/wp\/v2\/users\/9193468"}],"replies":[{"embeddable":true,"href":"https:\/\/wordpress.nibis.de\/gsamwall\/wp-json\/wp\/v2\/comments?post=2856"}],"version-history":[{"count":9,"href":"https:\/\/wordpress.nibis.de\/gsamwall\/wp-json\/wp\/v2\/pages\/2856\/revisions"}],"predecessor-version":[{"id":2868,"href":"https:\/\/wordpress.nibis.de\/gsamwall\/wp-json\/wp\/v2\/pages\/2856\/revisions\/2868"}],"wp:attachment":[{"href":"https:\/\/wordpress.nibis.de\/gsamwall\/wp-json\/wp\/v2\/media?parent=2856"}],"curies":[{"name":"wp","href":"https:\/\/api.w.org\/{rel}","templated":true}]}}

<h2 style="text-align: center"><strong>Wir werden Kinderrechteschule</strong></h2>



<figure class="wp-block-gallery aligncenter has-nested-images columns-default is-cropped wp-block-gallery-1 is-layout-flex wp-block-gallery-is-layout-flex">
<figure class="wp-block-image size-large is-style-default"><img loading="lazy" decoding="async" width="1152" height="675" data-id="2864" src="https://wordpress.nibis.de/gsamwall/files/2026/04/Kinderrechte-Schule-1152x675.jpeg" alt="" class="wp-image-2864" /></figure>
</figure>



<p>An unserer Schule stehen die Rechte der Kinder im Mittelpunkt. Uns ist wichtig, dass alle Kinder gehört werden und ihre Meinung sagen dürfen. Wir nehmen die Kinder ernst und geben ihnen eine Stimme. </p>
<p>In einer freundlichen und sicheren Umgebung lernen die Kinder, ihre Gedanken auszudrücken, Verantwortung zu übernehmen und respektvoll miteinander umzugehen. Die Kinderrechte gehören fest zu unserem Schulalltag und werden von uns täglich gelebt. </p>
<p>Diese möchten wir künftig noch stärker sichtbar machen &#8211; zum Beispiel durch besondere Angebote, Arbeitsgemeinschaften und gemeinsame Projekte. Den Startschuss hierfür haben wir gemacht, indem wir mit allen Kindern unserer Schule ein Hosentaschenbuch hergestellt haben und gemeinsam intensiv besprochen haben, wie dies Ihnen beim Lösen von Konflikten helfen kann. </p>



<figure class="wp-block-gallery has-nested-images columns-default is-cropped wp-block-gallery-2 is-layout-flex wp-block-gallery-is-layout-flex">
<figure class="wp-block-image size-large"><img loading="lazy" decoding="async" width="1200" height="675" data-id="2862" src="https://wordpress.nibis.de/gsamwall/files/2026/04/Hosnetaschebuch-1200x675.jpeg" alt="" class="wp-image-2862" srcset="https://wordpress.nibis.de/gsamwall/files/2026/04/Hosnetaschebuch-1200x675.jpeg 1200w, https://wordpress.nibis.de/gsamwall/files/2026/04/Hosnetaschebuch-850x478.jpeg 850w, https://wordpress.nibis.de/gsamwall/files/2026/04/Hosnetaschebuch-250x141.jpeg 250w" sizes="auto, (max-width: 1200px) 100vw, 1200px" /></figure>



<figure class="wp-block-image size-large"><img loading="lazy" decoding="async" width="1200" height="675" data-id="2861" src="https://wordpress.nibis.de/gsamwall/files/2026/04/Hosentaschenbuch-1200x675.jpeg" alt="" class="wp-image-2861" srcset="https://wordpress.nibis.de/gsamwall/files/2026/04/Hosentaschenbuch-1200x675.jpeg 1200w, https://wordpress.nibis.de/gsamwall/files/2026/04/Hosentaschenbuch-850x478.jpeg 850w, https://wordpress.nibis.de/gsamwall/files/2026/04/Hosentaschenbuch-250x141.jpeg 250w" sizes="auto, (max-width: 1200px) 100vw, 1200px" /></figure>
</figure>



<p>Das Programm von UNICEF besteht aus sieben Stufen. In jeder Stufe wählen wir gemeinsam im Kollegium und mit den Kindern ein Thema aus und setzen uns ein Ziel, das wir erreichen möchten. Schritt für Schritt arbeiten wir daran weiter. </p>
<p>Wenn Sie mehr über das Thema Kinderrechte und Kinderrechteschulen erfahren möchten, können Sie sich unter folgenden Links informieren: </p>



<p><a href="https://www.unicef.de/informieren/einsatz-fuer-kinderrechte/kinderrechteschulen"><strong>https://www.unicef.de/informieren/einsatz-fuer-kinderrechte/kinderrechteschulen</strong></a></p>



<figure class="wp-block-embed is-type-video is-provider-youtube wp-block-embed-youtube wp-embed-aspect-16-9 wp-has-aspect-ratio"><div class="wp-block-embed__wrapper">
<iframe loading="lazy"  id="_ytid_45386"  width="604" height="340"  data-origwidth="604" data-origheight="340" src="https://www.youtube.com/embed/iJqdbLykj5Q?enablejsapi=1&#038;autoplay=0&#038;cc_load_policy=0&#038;cc_lang_pref=&#038;iv_load_policy=1&#038;loop=0&#038;rel=1&#038;fs=1&#038;playsinline=0&#038;autohide=2&#038;theme=dark&#038;color=red&#038;controls=1&#038;disablekb=0&#038;" class="__youtube_prefs__  epyt-is-override  no-lazyload" title="YouTube player"  allow="fullscreen; accelerometer; autoplay; clipboard-write; encrypted-media; gyroscope; picture-in-picture; web-share" referrerpolicy="strict-origin-when-cross-origin" allowfullscreen data-no-lazy="1" data-skipgform_ajax_framebjll=""></iframe>
</div></figure>



<p></p>



<p>Wir als Schule stehen Ihnen und den Kindern jederzeit für Gespräche zur Verfügung. </p>



<p>Sollten Sie weiteren Gesprächsbedarf haben, können Sie für Beratungen außerdem jederzeit ans KUK Göttingen (Zentrum für Kinderrechte und Kinderschutz) wenden. Dies hilft Ihnen &#8211; und auch den Kindern &#8211; gern weiter. <br><br><a href="https://kuk-goettingen.de/"><strong>https://kuk-goettingen.de/</strong></a></p>

<p>Wir werden Kinderrechteschule An unserer Schule stehen die Rechte der Kinder im Mittelpunkt. Uns ist wichtig, dass alle Kinder gehört werden und ihre Meinung sagen dürfen. Wir nehmen die Kinder ernst und geben ihnen eine Stimme.  In einer freundlichen und sicheren Umgebung lernen die Kinder, ihre Gedanken auszudrücken, Verantwortung zu übernehmen und respektvoll miteinander umzugehen. &hellip; <a href="https://wordpress.nibis.de/gsamwall/unicef-kinderrechteschule/" class="more-link"><span class="screen-reader-text">UNICEF Kinderrechteschule</span> weiterlesen <span class="meta-nav">&rarr;</span></a></p>
