{"id":296,"date":"2020-04-14T19:49:05","date_gmt":"2020-04-14T17:49:05","guid":{"rendered":"https:\/\/wordpress.nibis.de\/gsamwall\/?page_id=296"},"modified":"2020-04-16T15:22:01","modified_gmt":"2020-04-16T13:22:01","slug":"verabschiedung-von-frau-kuhnke","status":"publish","type":"page","link":"https:\/\/wordpress.nibis.de\/gsamwall\/verabschiedung-von-frau-kuhnke\/","title":{"rendered":"Verabschiedung von Frau Kuhnke"},"content":{"rendered":"\n<div id=\"txt_425\">\n<p class=\"Normal-P0\"><span class=\"Normal-C1\">Am 31.01.2020 haben wir alle die Klassenlehrerin der 2b, Frau Kuhnke, verabschiedet. Nach insgesamt 40 Jahren im Dienst und sehr vielen Jahren davon an der Grundschule am Wall hat sie ihren Ruhestand nun verdient. <\/span><\/p>\n<p class=\"Normal-P0\"><span class=\"Normal-C1\">\u00a0<\/span><\/p>\n<p class=\"Normal-P0\"><span class=\"Normal-C1\">Die ganze Schule versammelte sich f\u00fcr Ihren Abschied morgens 8 Uhr in der Pausenhalle der Schule. Mucksm\u00e4uschenstill war es, als Frau Kuhnke die Halle betrat. Mit einem kleinen Programm verabschiedeten wir uns alle dann von einer bei allen Kindern sehr beliebten Kollegin. Es gab Lieder, kurze Reden und als Highligt hatten die Kinder der Klasse 2b f\u00fcr ihre Klassenlehrerin das Lied \u201eIch schenk dir einen Regenbogen\u201c vorbereitet und trugen es mit Luftballons, Seifenblasen und allem was dazu geh\u00f6rt vor.<\/span><\/p>\n<p class=\"Normal-P0\"><span class=\"Normal-C1\">Wir bedanken uns bei Frau Kuhnke f\u00fcr die tolle Zeit und ihr gro\u00dfes Engagement f\u00fcr die Grundschule am Wall. <\/span><\/p>\n<\/div>\n","protected":false},"excerpt":{"rendered":"<p>Am 31.01.2020 haben wir alle die Klassenlehrerin der 2b, Frau Kuhnke, verabschiedet. Nach insgesamt 40 Jahren im Dienst und sehr vielen Jahren davon an der Grundschule am Wall hat sie ihren Ruhestand nun verdient. \u00a0 Die ganze Schule versammelte sich f\u00fcr Ihren Abschied morgens 8 Uhr in der Pausenhalle der Schule. Mucksm\u00e4uschenstill war es, als &hellip; <a href=\"https:\/\/wordpress.nibis.de\/gsamwall\/verabschiedung-von-frau-kuhnke\/\" class=\"more-link\"><span class=\"screen-reader-text\">Verabschiedung von Frau Kuhnke<\/span> weiterlesen <span class=\"meta-nav\">&rarr;<\/span><\/a><\/p>\n","protected":false},"author":9193468,"featured_media":0,"parent":0,"menu_order":0,"comment_status":"closed","ping_status":"closed","template":"","meta":{"footnotes":""},"class_list":["post-296","page","type-page","status-publish","hentry"],"_links":{"self":[{"href":"https:\/\/wordpress.nibis.de\/gsamwall\/wp-json\/wp\/v2\/pages\/296","targetHints":{"allow":["GET"]}}],"collection":[{"href":"https:\/\/wordpress.nibis.de\/gsamwall\/wp-json\/wp\/v2\/pages"}],"about":[{"href":"https:\/\/wordpress.nibis.de\/gsamwall\/wp-json\/wp\/v2\/types\/page"}],"author":[{"embeddable":true,"href":"https:\/\/wordpress.nibis.de\/gsamwall\/wp-json\/wp\/v2\/users\/9193468"}],"replies":[{"embeddable":true,"href":"https:\/\/wordpress.nibis.de\/gsamwall\/wp-json\/wp\/v2\/comments?post=296"}],"version-history":[{"count":2,"href":"https:\/\/wordpress.nibis.de\/gsamwall\/wp-json\/wp\/v2\/pages\/296\/revisions"}],"predecessor-version":[{"id":503,"href":"https:\/\/wordpress.nibis.de\/gsamwall\/wp-json\/wp\/v2\/pages\/296\/revisions\/503"}],"wp:attachment":[{"href":"https:\/\/wordpress.nibis.de\/gsamwall\/wp-json\/wp\/v2\/media?parent=296"}],"curies":[{"name":"wp","href":"https:\/\/api.w.org\/{rel}","templated":true}]}}

<div id="txt_425">
<p class="Normal-P0"><span class="Normal-C1">Am 31.01.2020 haben wir alle die Klassenlehrerin der 2b, Frau Kuhnke, verabschiedet. Nach insgesamt 40 Jahren im Dienst und sehr vielen Jahren davon an der Grundschule am Wall hat sie ihren Ruhestand nun verdient. </span></p>
<p class="Normal-P0"><span class="Normal-C1"> </span></p>
<p class="Normal-P0"><span class="Normal-C1">Die ganze Schule versammelte sich für Ihren Abschied morgens 8 Uhr in der Pausenhalle der Schule. Mucksmäuschenstill war es, als Frau Kuhnke die Halle betrat. Mit einem kleinen Programm verabschiedeten wir uns alle dann von einer bei allen Kindern sehr beliebten Kollegin. Es gab Lieder, kurze Reden und als Highligt hatten die Kinder der Klasse 2b für ihre Klassenlehrerin das Lied „Ich schenk dir einen Regenbogen“ vorbereitet und trugen es mit Luftballons, Seifenblasen und allem was dazu gehört vor.</span></p>
<p class="Normal-P0"><span class="Normal-C1">Wir bedanken uns bei Frau Kuhnke für die tolle Zeit und ihr großes Engagement für die Grundschule am Wall. </span></p>
</div>

<p>Am 31.01.2020 haben wir alle die Klassenlehrerin der 2b, Frau Kuhnke, verabschiedet. Nach insgesamt 40 Jahren im Dienst und sehr vielen Jahren davon an der Grundschule am Wall hat sie ihren Ruhestand nun verdient.   Die ganze Schule versammelte sich für Ihren Abschied morgens 8 Uhr in der Pausenhalle der Schule. Mucksmäuschenstill war es, als &hellip; <a href="https://wordpress.nibis.de/gsamwall/verabschiedung-von-frau-kuhnke/" class="more-link"><span class="screen-reader-text">Verabschiedung von Frau Kuhnke</span> weiterlesen <span class="meta-nav">&rarr;</span></a></p>
