{"id":310,"date":"2020-04-14T19:52:26","date_gmt":"2020-04-14T17:52:26","guid":{"rendered":"https:\/\/wordpress.nibis.de\/gsamwall\/?page_id=310"},"modified":"2025-07-14T09:05:05","modified_gmt":"2025-07-14T07:05:05","slug":"kartoffelfest","status":"publish","type":"page","link":"https:\/\/wordpress.nibis.de\/gsamwall\/kartoffelfest\/","title":{"rendered":"Kartoffelfest"},"content":{"rendered":"\n<div id=\"txt_425\">\n<p class=\"Normal-P0\"><span class=\"Normal-C1\">Ende November fand unser j\u00e4hrliches Kartoffelfest statt. Auf dem sch\u00f6n dekoriertem Schulhof begr\u00fc\u00dften wir an diesem Tag ab 16.00 Uhr alle Sch\u00fcler, Eltern, Gro\u00dfeltern, Verwandte und Freunde, um mit uns einen sch\u00f6nen Nachmittag zu verbringen. <\/span><\/p>\n<p class=\"Normal-P0\"><span class=\"Normal-C1\">Er\u00f6ffnet wurde unser Fest von einer tollen Hip-Hop Vorf\u00fchrung einiger Sch\u00fclerinnen und Sch\u00fcler aus dem Ganztag. Anschlie\u00dfend gab es viele Leckereien rund um die Kartoffel. <\/span><\/p>\n<p class=\"Normal-P0\"><span class=\"Normal-C1\">An einem Stand vom F\u00f6rderverein konnten weihnachtliche Dekoration sowie viele gen\u00e4hte Dinge gekauft werden. Auch f\u00fcr die kleinen Besucher wurde ein toller Programmpunkt geboten: Sie konnten im Ganztagsgeb\u00e4ude Laternen basteln und diese anschlie\u00dfend auf dem Schulhof leuchten lassen. <\/span><\/p>\n<p class=\"Normal-P0\"><span class=\"Normal-C1\">Wir bedanken uns herzlich bei allen Helferinnen und Helfern und freuen uns \u00fcber den sehr gelungenen Tag.<\/span><\/p>\n<\/div>\n\n\n\n<figure class=\"wp-block-gallery has-nested-images columns-2 is-cropped wp-block-gallery-1 is-layout-flex wp-block-gallery-is-layout-flex\">\n<figure class=\"wp-block-image\"><img loading=\"lazy\" decoding=\"async\" width=\"1200\" height=\"675\" data-id=\"604\" src=\"https:\/\/wordpress.nibis.de\/gsamwall\/files\/2020\/04\/IMG_7437-1200x675.jpeg\" alt=\"\" class=\"wp-image-604\" srcset=\"https:\/\/wordpress.nibis.de\/gsamwall\/files\/2020\/04\/IMG_7437-1200x675.jpeg 1200w, https:\/\/wordpress.nibis.de\/gsamwall\/files\/2020\/04\/IMG_7437-250x141.jpeg 250w, https:\/\/wordpress.nibis.de\/gsamwall\/files\/2020\/04\/IMG_7437-850x478.jpeg 850w\" sizes=\"auto, (max-width: 1200px) 100vw, 1200px\" \/><\/figure>\n\n\n\n<figure class=\"wp-block-image\"><img loading=\"lazy\" decoding=\"async\" width=\"1200\" height=\"675\" data-id=\"605\" src=\"https:\/\/wordpress.nibis.de\/gsamwall\/files\/2020\/04\/IMG_7438-1200x675.jpeg\" alt=\"\" class=\"wp-image-605\" srcset=\"https:\/\/wordpress.nibis.de\/gsamwall\/files\/2020\/04\/IMG_7438-1200x675.jpeg 1200w, https:\/\/wordpress.nibis.de\/gsamwall\/files\/2020\/04\/IMG_7438-250x141.jpeg 250w, https:\/\/wordpress.nibis.de\/gsamwall\/files\/2020\/04\/IMG_7438-850x478.jpeg 850w\" sizes=\"auto, (max-width: 1200px) 100vw, 1200px\" \/><\/figure>\n<\/figure>\n","protected":false},"excerpt":{"rendered":"<p>Ende November fand unser j\u00e4hrliches Kartoffelfest statt. Auf dem sch\u00f6n dekoriertem Schulhof begr\u00fc\u00dften wir an diesem Tag ab 16.00 Uhr alle Sch\u00fcler, Eltern, Gro\u00dfeltern, Verwandte und Freunde, um mit uns einen sch\u00f6nen Nachmittag zu verbringen. Er\u00f6ffnet wurde unser Fest von einer tollen Hip-Hop Vorf\u00fchrung einiger Sch\u00fclerinnen und Sch\u00fcler aus dem Ganztag. Anschlie\u00dfend gab es viele &hellip; <a href=\"https:\/\/wordpress.nibis.de\/gsamwall\/kartoffelfest\/\" class=\"more-link\"><span class=\"screen-reader-text\">Kartoffelfest<\/span> weiterlesen <span class=\"meta-nav\">&rarr;<\/span><\/a><\/p>\n","protected":false},"author":9193468,"featured_media":0,"parent":0,"menu_order":0,"comment_status":"closed","ping_status":"closed","template":"","meta":{"footnotes":""},"class_list":["post-310","page","type-page","status-publish","hentry"],"_links":{"self":[{"href":"https:\/\/wordpress.nibis.de\/gsamwall\/wp-json\/wp\/v2\/pages\/310","targetHints":{"allow":["GET"]}}],"collection":[{"href":"https:\/\/wordpress.nibis.de\/gsamwall\/wp-json\/wp\/v2\/pages"}],"about":[{"href":"https:\/\/wordpress.nibis.de\/gsamwall\/wp-json\/wp\/v2\/types\/page"}],"author":[{"embeddable":true,"href":"https:\/\/wordpress.nibis.de\/gsamwall\/wp-json\/wp\/v2\/users\/9193468"}],"replies":[{"embeddable":true,"href":"https:\/\/wordpress.nibis.de\/gsamwall\/wp-json\/wp\/v2\/comments?post=310"}],"version-history":[{"count":6,"href":"https:\/\/wordpress.nibis.de\/gsamwall\/wp-json\/wp\/v2\/pages\/310\/revisions"}],"predecessor-version":[{"id":2693,"href":"https:\/\/wordpress.nibis.de\/gsamwall\/wp-json\/wp\/v2\/pages\/310\/revisions\/2693"}],"wp:attachment":[{"href":"https:\/\/wordpress.nibis.de\/gsamwall\/wp-json\/wp\/v2\/media?parent=310"}],"curies":[{"name":"wp","href":"https:\/\/api.w.org\/{rel}","templated":true}]}}