{"id":314,"date":"2020-04-14T19:53:49","date_gmt":"2020-04-14T17:53:49","guid":{"rendered":"https:\/\/wordpress.nibis.de\/gsamwall\/?page_id=314"},"modified":"2025-07-14T09:02:59","modified_gmt":"2025-07-14T07:02:59","slug":"herbstmarkt","status":"publish","type":"page","link":"https:\/\/wordpress.nibis.de\/gsamwall\/herbstmarkt\/","title":{"rendered":"Herbstmarkt"},"content":{"rendered":"\n<div id=\"txt_425\">\n<p class=\"Normal-P0\"><span class=\"Normal-C1\">Am 22. September 2019 fand bei strahlendem Sonnenschein der diesj\u00e4hrige Herbstmarkt in der Innenstadt von Hann. M\u00fcnden statt. <\/span><\/p>\n<p class=\"Normal-P0\"><span class=\"Normal-C1\">Auch der F\u00f6rderverein der Grundschule am Wall beteiligte sich wieder mit einem Verkaufsstand daran. <\/span><\/p>\n<p class=\"Normal-P0\"><span class=\"Normal-C1\">Hier wurden allerlei selbst hergestellte Dinge angeboten. Von M\u00fctzen, Schals und Taschen bis hin zu Herbstdekoration, Blumensamen, Marmeladen und Insektenhotels reichte die bunte und liebevoll angefertigte Auswahl. <\/span><\/p>\n<p class=\"Normal-P0\"><span class=\"Normal-C1\">\u00a0<\/span><span class=\"Normal-C1\">Die Einnahmen dieses Tages kommen dem F\u00f6rderverein der Grundschule am Wall zu Gute. <\/span><\/p>\n<p class=\"Normal-P0\"><span class=\"Normal-C1\">Wir bedanken uns ganz herzlich bei allen flei\u00dfigen Helferinnen und Helfern. <\/span><\/p>\n<\/div>\n\n\n\n<figure class=\"wp-block-gallery has-nested-images columns-default is-cropped wp-block-gallery-1 is-layout-flex wp-block-gallery-is-layout-flex\">\n<figure class=\"wp-block-image\"><img loading=\"lazy\" decoding=\"async\" width=\"1024\" height=\"675\" data-id=\"579\" src=\"https:\/\/wordpress.nibis.de\/gsamwall\/files\/2020\/04\/UNADJUSTEDNONRAW_thumb_65be-1024x675.jpg\" alt=\"\" class=\"wp-image-579\" \/><\/figure>\n<\/figure>\n","protected":false},"excerpt":{"rendered":"<p>Am 22. September 2019 fand bei strahlendem Sonnenschein der diesj\u00e4hrige Herbstmarkt in der Innenstadt von Hann. M\u00fcnden statt. Auch der F\u00f6rderverein der Grundschule am Wall beteiligte sich wieder mit einem Verkaufsstand daran. Hier wurden allerlei selbst hergestellte Dinge angeboten. Von M\u00fctzen, Schals und Taschen bis hin zu Herbstdekoration, Blumensamen, Marmeladen und Insektenhotels reichte die bunte &hellip; <a href=\"https:\/\/wordpress.nibis.de\/gsamwall\/herbstmarkt\/\" class=\"more-link\"><span class=\"screen-reader-text\">Herbstmarkt<\/span> weiterlesen <span class=\"meta-nav\">&rarr;<\/span><\/a><\/p>\n","protected":false},"author":9193468,"featured_media":0,"parent":0,"menu_order":0,"comment_status":"closed","ping_status":"closed","template":"","meta":{"footnotes":""},"class_list":["post-314","page","type-page","status-publish","hentry"],"_links":{"self":[{"href":"https:\/\/wordpress.nibis.de\/gsamwall\/wp-json\/wp\/v2\/pages\/314","targetHints":{"allow":["GET"]}}],"collection":[{"href":"https:\/\/wordpress.nibis.de\/gsamwall\/wp-json\/wp\/v2\/pages"}],"about":[{"href":"https:\/\/wordpress.nibis.de\/gsamwall\/wp-json\/wp\/v2\/types\/page"}],"author":[{"embeddable":true,"href":"https:\/\/wordpress.nibis.de\/gsamwall\/wp-json\/wp\/v2\/users\/9193468"}],"replies":[{"embeddable":true,"href":"https:\/\/wordpress.nibis.de\/gsamwall\/wp-json\/wp\/v2\/comments?post=314"}],"version-history":[{"count":5,"href":"https:\/\/wordpress.nibis.de\/gsamwall\/wp-json\/wp\/v2\/pages\/314\/revisions"}],"predecessor-version":[{"id":2692,"href":"https:\/\/wordpress.nibis.de\/gsamwall\/wp-json\/wp\/v2\/pages\/314\/revisions\/2692"}],"wp:attachment":[{"href":"https:\/\/wordpress.nibis.de\/gsamwall\/wp-json\/wp\/v2\/media?parent=314"}],"curies":[{"name":"wp","href":"https:\/\/api.w.org\/{rel}","templated":true}]}}