{"id":316,"date":"2020-04-14T19:54:15","date_gmt":"2020-04-14T17:54:15","guid":{"rendered":"https:\/\/wordpress.nibis.de\/gsamwall\/?page_id=316"},"modified":"2020-10-08T11:01:21","modified_gmt":"2020-10-08T09:01:21","slug":"einschulung","status":"publish","type":"page","link":"https:\/\/wordpress.nibis.de\/gsamwall\/einschulung\/","title":{"rendered":"Einschulung 2019"},"content":{"rendered":"\n<p class=\"Normal-P0\"><span class=\"Normal-C1\">Herzlich Willkommen <\/span>an der Grundschule am Wall!!<\/p>\n<p class=\"Normal-P0\"><span class=\"Normal-C1\">So hie\u00df es am Samstag, dem 17. 8.2019 <\/span><span class=\"Normal-C1\">wieder f\u00fcr 37 kleine aufgeregte <\/span><span class=\"Normal-C1\">Kinder. Neugierig und vielleicht <\/span><span class=\"Normal-C1\">auch etwas \u00e4ngstlich schauten sie sich um <\/span><span class=\"Normal-C1\">und wurden von unserer Direktorin <\/span><span class=\"Normal-C1\">Frau Hinze herzlich begr\u00fc\u00dft. <\/span><\/p>\n<p class=\"Normal-P0\"><span class=\"Normal-C1\">&nbsp;<\/span><span class=\"Normal-C1\">Die Sch\u00fclerinnen und Sch\u00fcler der neuen vierten Klassen \u00fcbten im Vorfeld wieder ein tolles Theaterst\u00fcck ein, welches sie stolz den neuen Erstkl\u00e4sslern vorf\u00fchrten. <\/span><\/p>\n<p class=\"Normal-P0\"><span class=\"Normal-C1\">&nbsp;<\/span><span class=\"Normal-C1\">Im Anschluss daran wurden unsere neuen Erstkl\u00e4ssler und die neuen Schulkindergartenkinder von ihren Klassenlehrern und Lehrerinnen in Empfang genommen und konnten schon mal erfahren, was man in der Schule so alles macht und dass man keine Angst haben muss.<\/span><\/p>\n<p class=\"Normal-P0\"><span class=\"Normal-C1\">In der Zwischenzeit wurden die Eltern und Verwandten auf dem Schulhof mit Kaffee und Kuchen versorgt. <\/span><\/p>\n<p class=\"Normal-P0\"><span class=\"Normal-C1\">Ein Dankesch\u00f6n daf\u00fcr an die Eltern der 2. Klassen. Danach konnten alle Sch\u00fcler noch ihre Schult\u00fcten in Empfang nehmen und zu Hause die Schuleinf\u00fchrung feiern.<\/span><\/p>\n<p class=\"Normal-P0\"><span class=\"Normal-C1\">Wir w\u00fcnschen allen Erstkl\u00e4sslern einen guten Start in der Schule und viel Erfolg beim Lernen.<\/span><span class=\"Normal-C1\">&nbsp;<\/span><\/p>\n<p class=\"Normal-P0\"><span class=\"Normal-C1\">Viel Kraft und Spa\u00df bei ihrer Arbeit auch an die Lehrkr\u00e4fte<\/span><\/p>\n<p class=\"Normal-P0\"><strong><span class=\"Normal-C2\">Schulkindergarten &#8211; Frau Burgunder<\/span><\/strong><\/p>\n<p class=\"Normal-P0\"><strong><span class=\"Normal-C2\">Klasse 1a &#8211; Frau Leschke &nbsp;&nbsp;&nbsp;&nbsp;&nbsp;&nbsp;&nbsp;&nbsp;&nbsp;<\/span><\/strong><\/p>\n<p class=\"Normal-P0\"><strong><span class=\"Normal-C2\">Klasse 1b &#8211; Frau Vogeley &nbsp;&nbsp;&nbsp;&nbsp;&nbsp;&nbsp;&nbsp;&nbsp;&nbsp;&nbsp;&nbsp;<\/span><\/strong><\/p>\n<p class=\"Normal-P0\"><strong><span class=\"Normal-C2\">Klasse 1c &#8211; Frau A\u00dfmann und Herr Maa\u00dfen &nbsp;&nbsp;<\/span><\/strong><\/p>\n\n\n\n<figure class=\"wp-block-gallery columns-3 is-cropped wp-block-gallery-1 is-layout-flex wp-block-gallery-is-layout-flex\"><ul class=\"blocks-gallery-grid\"><li class=\"blocks-gallery-item\"><figure><img loading=\"lazy\" decoding=\"async\" width=\"768\" height=\"675\" src=\"https:\/\/wordpress.nibis.de\/gsamwall\/files\/2020\/04\/UNADJUSTEDNONRAW_thumb_6384-768x675.jpg\" alt=\"\" data-id=\"572\" data-link=\"https:\/\/wordpress.nibis.de\/gsamwall\/einschulung\/unadjustednonraw_thumb_6384\/\" class=\"wp-image-572\" \/><\/figure><\/li><li class=\"blocks-gallery-item\"><figure><img loading=\"lazy\" decoding=\"async\" width=\"768\" height=\"675\" src=\"https:\/\/wordpress.nibis.de\/gsamwall\/files\/2020\/04\/UNADJUSTEDNONRAW_thumb_63aa-768x675.jpg\" alt=\"\" data-id=\"573\" data-link=\"https:\/\/wordpress.nibis.de\/gsamwall\/einschulung\/unadjustednonraw_thumb_63aa\/\" class=\"wp-image-573\" \/><\/figure><\/li><li class=\"blocks-gallery-item\"><figure><img loading=\"lazy\" decoding=\"async\" width=\"768\" height=\"675\" src=\"https:\/\/wordpress.nibis.de\/gsamwall\/files\/2020\/04\/UNADJUSTEDNONRAW_thumb_63ac-768x675.jpg\" alt=\"\" data-id=\"574\" data-link=\"https:\/\/wordpress.nibis.de\/gsamwall\/einschulung\/unadjustednonraw_thumb_63ac\/\" class=\"wp-image-574\" \/><\/figure><\/li><li class=\"blocks-gallery-item\"><figure><img loading=\"lazy\" decoding=\"async\" width=\"768\" height=\"675\" src=\"https:\/\/wordpress.nibis.de\/gsamwall\/files\/2020\/04\/UNADJUSTEDNONRAW_thumb_6391-768x675.jpg\" alt=\"\" data-id=\"571\" data-link=\"https:\/\/wordpress.nibis.de\/gsamwall\/einschulung\/unadjustednonraw_thumb_6391\/\" class=\"wp-image-571\" \/><\/figure><\/li><\/ul><\/figure>\n","protected":false},"excerpt":{"rendered":"<p>Herzlich Willkommen an der Grundschule am Wall!! So hie\u00df es am Samstag, dem 17. 8.2019 wieder f\u00fcr 37 kleine aufgeregte Kinder. Neugierig und vielleicht auch etwas \u00e4ngstlich schauten sie sich um und wurden von unserer Direktorin Frau Hinze herzlich begr\u00fc\u00dft. &nbsp;Die Sch\u00fclerinnen und Sch\u00fcler der neuen vierten Klassen \u00fcbten im Vorfeld wieder ein tolles Theaterst\u00fcck &hellip; <a href=\"https:\/\/wordpress.nibis.de\/gsamwall\/einschulung\/\" class=\"more-link\"><span class=\"screen-reader-text\">Einschulung 2019<\/span> weiterlesen <span class=\"meta-nav\">&rarr;<\/span><\/a><\/p>\n","protected":false},"author":9193468,"featured_media":0,"parent":0,"menu_order":0,"comment_status":"closed","ping_status":"closed","template":"","meta":{"footnotes":""},"class_list":["post-316","page","type-page","status-publish","hentry"],"_links":{"self":[{"href":"https:\/\/wordpress.nibis.de\/gsamwall\/wp-json\/wp\/v2\/pages\/316","targetHints":{"allow":["GET"]}}],"collection":[{"href":"https:\/\/wordpress.nibis.de\/gsamwall\/wp-json\/wp\/v2\/pages"}],"about":[{"href":"https:\/\/wordpress.nibis.de\/gsamwall\/wp-json\/wp\/v2\/types\/page"}],"author":[{"embeddable":true,"href":"https:\/\/wordpress.nibis.de\/gsamwall\/wp-json\/wp\/v2\/users\/9193468"}],"replies":[{"embeddable":true,"href":"https:\/\/wordpress.nibis.de\/gsamwall\/wp-json\/wp\/v2\/comments?post=316"}],"version-history":[{"count":8,"href":"https:\/\/wordpress.nibis.de\/gsamwall\/wp-json\/wp\/v2\/pages\/316\/revisions"}],"predecessor-version":[{"id":1287,"href":"https:\/\/wordpress.nibis.de\/gsamwall\/wp-json\/wp\/v2\/pages\/316\/revisions\/1287"}],"wp:attachment":[{"href":"https:\/\/wordpress.nibis.de\/gsamwall\/wp-json\/wp\/v2\/media?parent=316"}],"curies":[{"name":"wp","href":"https:\/\/api.w.org\/{rel}","templated":true}]}}

<p class="Normal-P0"><span class="Normal-C1">Herzlich Willkommen </span>an der Grundschule am Wall!!</p>
<p class="Normal-P0"><span class="Normal-C1">So hieß es am Samstag, dem 17. 8.2019 </span><span class="Normal-C1">wieder für 37 kleine aufgeregte </span><span class="Normal-C1">Kinder. Neugierig und vielleicht </span><span class="Normal-C1">auch etwas ängstlich schauten sie sich um </span><span class="Normal-C1">und wurden von unserer Direktorin </span><span class="Normal-C1">Frau Hinze herzlich begrüßt. </span></p>
<p class="Normal-P0"><span class="Normal-C1">&nbsp;</span><span class="Normal-C1">Die Schülerinnen und Schüler der neuen vierten Klassen übten im Vorfeld wieder ein tolles Theaterstück ein, welches sie stolz den neuen Erstklässlern vorführten. </span></p>
<p class="Normal-P0"><span class="Normal-C1">&nbsp;</span><span class="Normal-C1">Im Anschluss daran wurden unsere neuen Erstklässler und die neuen Schulkindergartenkinder von ihren Klassenlehrern und Lehrerinnen in Empfang genommen und konnten schon mal erfahren, was man in der Schule so alles macht und dass man keine Angst haben muss.</span></p>
<p class="Normal-P0"><span class="Normal-C1">In der Zwischenzeit wurden die Eltern und Verwandten auf dem Schulhof mit Kaffee und Kuchen versorgt. </span></p>
<p class="Normal-P0"><span class="Normal-C1">Ein Dankeschön dafür an die Eltern der 2. Klassen. Danach konnten alle Schüler noch ihre Schultüten in Empfang nehmen und zu Hause die Schuleinführung feiern.</span></p>
<p class="Normal-P0"><span class="Normal-C1">Wir wünschen allen Erstklässlern einen guten Start in der Schule und viel Erfolg beim Lernen.</span><span class="Normal-C1">&nbsp;</span></p>
<p class="Normal-P0"><span class="Normal-C1">Viel Kraft und Spaß bei ihrer Arbeit auch an die Lehrkräfte</span></p>
<p class="Normal-P0"><strong><span class="Normal-C2">Schulkindergarten &#8211; Frau Burgunder</span></strong></p>
<p class="Normal-P0"><strong><span class="Normal-C2">Klasse 1a &#8211; Frau Leschke &nbsp;&nbsp;&nbsp;&nbsp;&nbsp;&nbsp;&nbsp;&nbsp;&nbsp;</span></strong></p>
<p class="Normal-P0"><strong><span class="Normal-C2">Klasse 1b &#8211; Frau Vogeley &nbsp;&nbsp;&nbsp;&nbsp;&nbsp;&nbsp;&nbsp;&nbsp;&nbsp;&nbsp;&nbsp;</span></strong></p>
<p class="Normal-P0"><strong><span class="Normal-C2">Klasse 1c &#8211; Frau Aßmann und Herr Maaßen &nbsp;&nbsp;</span></strong></p>



<figure class="wp-block-gallery columns-3 is-cropped wp-block-gallery-1 is-layout-flex wp-block-gallery-is-layout-flex"><ul class="blocks-gallery-grid"><li class="blocks-gallery-item"><figure><img loading="lazy" decoding="async" width="768" height="675" src="https://wordpress.nibis.de/gsamwall/files/2020/04/UNADJUSTEDNONRAW_thumb_6384-768x675.jpg" alt="" data-id="572" data-link="https://wordpress.nibis.de/gsamwall/einschulung/unadjustednonraw_thumb_6384/" class="wp-image-572" /></figure></li><li class="blocks-gallery-item"><figure><img loading="lazy" decoding="async" width="768" height="675" src="https://wordpress.nibis.de/gsamwall/files/2020/04/UNADJUSTEDNONRAW_thumb_63aa-768x675.jpg" alt="" data-id="573" data-link="https://wordpress.nibis.de/gsamwall/einschulung/unadjustednonraw_thumb_63aa/" class="wp-image-573" /></figure></li><li class="blocks-gallery-item"><figure><img loading="lazy" decoding="async" width="768" height="675" src="https://wordpress.nibis.de/gsamwall/files/2020/04/UNADJUSTEDNONRAW_thumb_63ac-768x675.jpg" alt="" data-id="574" data-link="https://wordpress.nibis.de/gsamwall/einschulung/unadjustednonraw_thumb_63ac/" class="wp-image-574" /></figure></li><li class="blocks-gallery-item"><figure><img loading="lazy" decoding="async" width="768" height="675" src="https://wordpress.nibis.de/gsamwall/files/2020/04/UNADJUSTEDNONRAW_thumb_6391-768x675.jpg" alt="" data-id="571" data-link="https://wordpress.nibis.de/gsamwall/einschulung/unadjustednonraw_thumb_6391/" class="wp-image-571" /></figure></li></ul></figure>

<p>Herzlich Willkommen an der Grundschule am Wall!! So hieß es am Samstag, dem 17. 8.2019 wieder für 37 kleine aufgeregte Kinder. Neugierig und vielleicht auch etwas ängstlich schauten sie sich um und wurden von unserer Direktorin Frau Hinze herzlich begrüßt. &nbsp;Die Schülerinnen und Schüler der neuen vierten Klassen übten im Vorfeld wieder ein tolles Theaterstück &hellip; <a href="https://wordpress.nibis.de/gsamwall/einschulung/" class="more-link"><span class="screen-reader-text">Einschulung 2019</span> weiterlesen <span class="meta-nav">&rarr;</span></a></p>
