{"id":346,"date":"2020-04-14T20:02:10","date_gmt":"2020-04-14T18:02:10","guid":{"rendered":"https:\/\/wordpress.nibis.de\/gsamwall\/?page_id=346"},"modified":"2026-08-20T06:36:54","modified_gmt":"2026-08-20T04:36:54","slug":"ganztagsschule","status":"publish","type":"page","link":"https:\/\/wordpress.nibis.de\/gsamwall\/ganztagsschule\/","title":{"rendered":"Ganztagsschule"},"content":{"rendered":"<div class=\"wp-block-image\">\n<figure class=\"aligncenter\"><img loading=\"lazy\" decoding=\"async\" width=\"850\" height=\"478\" src=\"https:\/\/wordpress.nibis.de\/gsamwall\/files\/2020\/04\/DSC02469-850x478.jpg\" alt=\"\" class=\"wp-image-894\" srcset=\"https:\/\/wordpress.nibis.de\/gsamwall\/files\/2020\/04\/DSC02469-850x478.jpg 850w, https:\/\/wordpress.nibis.de\/gsamwall\/files\/2020\/04\/DSC02469-250x141.jpg 250w\" sizes=\"auto, (max-width: 850px) 100vw, 850px\" \/><\/figure>\n<\/div>\n\n\n<p class=\"Normal-P wp-block-paragraph\"><span class=\"Normal-C0\">Neben der normalen Betreuung der Kinder f\u00fcr f\u00fcnf Stunden am Vormittag bietet die Grundschule am Wall an allen f\u00fcnf Tagen der Schulwoche eine Ganztagsbetreuung an.<\/span><\/p>\n\n\n\n<p class=\"Normal-P wp-block-paragraph\"><span class=\"Normal-C0\">Angemeldete Kinder k\u00f6nnen montags bis freitags von 7.40 Uhr bis 15.40 Uhr<\/span> <span class=\"Normal-C0\">alle Angebote wahrnehmen. Neben einem preiswerten, nahrhaften und gesunden Mittagessen bietet die Ganztagsschule an vier Tagen Arbeitsgemeinschaften zu verschiedenen Bereichen an: von Musik und Sport \u00fcber Werken, Basteln und Malen bis hin zu Lesen und Spielen reicht das Angebot.<\/span><\/p>\n\n\n\n<p class=\"Normal-P wp-block-paragraph\"><span class=\"Normal-C0\">Beim Mittagessen kommt es uns nicht nur auf gesundes Essen an. Die Sch\u00fcler lernen auch, beim Tisch decken und abr\u00e4umen zu helfen. So wird dann auch regelm\u00e4\u00dfig der \u201eTischdienstk\u00f6nig\u201c oder die \u201eTischdienstk\u00f6nigin\u201c gek\u00fchrt.<\/span><\/p>\n\n\n\n<p class=\"Normal-P wp-block-paragraph\"><span class=\"Normal-C\">M\u00f6chten Sie ihr Kind f\u00fcr die Ganztagsschule anmelden, melden Sie sich gern bei uns. Wir geben Ihnen gern die n\u00f6tigen Informationen und beraten Sie. <\/span><\/p>\n\n\n\n<p class=\"wp-block-paragraph\"><\/p>\n\n\n\n<figure class=\"wp-block-gallery has-nested-images columns-2 is-cropped wp-block-gallery-1 is-layout-flex wp-block-gallery-is-layout-flex\">\n<figure class=\"wp-block-image size-large\"><img loading=\"lazy\" decoding=\"async\" width=\"900\" height=\"675\" data-id=\"897\" src=\"https:\/\/wordpress.nibis.de\/gsamwall\/files\/2020\/04\/Neugestaltung-2-900x675.jpg\" alt=\"\" class=\"wp-image-897\" srcset=\"https:\/\/wordpress.nibis.de\/gsamwall\/files\/2020\/04\/Neugestaltung-2.jpg 900w, https:\/\/wordpress.nibis.de\/gsamwall\/files\/2020\/04\/Neugestaltung-2-768x576.jpg 768w\" sizes=\"auto, (max-width: 900px) 100vw, 900px\" \/><\/figure>\n\n\n\n<figure class=\"wp-block-image size-large\"><img loading=\"lazy\" decoding=\"async\" width=\"900\" height=\"675\" data-id=\"898\" src=\"https:\/\/wordpress.nibis.de\/gsamwall\/files\/2020\/04\/Neugestaltung-1-900x675.jpg\" alt=\"\" class=\"wp-image-898\" srcset=\"https:\/\/wordpress.nibis.de\/gsamwall\/files\/2020\/04\/Neugestaltung-1.jpg 900w, https:\/\/wordpress.nibis.de\/gsamwall\/files\/2020\/04\/Neugestaltung-1-768x576.jpg 768w\" sizes=\"auto, (max-width: 900px) 100vw, 900px\" \/><\/figure>\n\n\n\n<figure class=\"wp-block-image size-large\"><img loading=\"lazy\" decoding=\"async\" width=\"900\" height=\"675\" data-id=\"899\" src=\"https:\/\/wordpress.nibis.de\/gsamwall\/files\/2020\/04\/Neugestaltung-6-900x675.jpg\" alt=\"\" class=\"wp-image-899\" srcset=\"https:\/\/wordpress.nibis.de\/gsamwall\/files\/2020\/04\/Neugestaltung-6.jpg 900w, https:\/\/wordpress.nibis.de\/gsamwall\/files\/2020\/04\/Neugestaltung-6-768x576.jpg 768w\" sizes=\"auto, (max-width: 900px) 100vw, 900px\" \/><\/figure>\n\n\n\n<figure class=\"wp-block-image size-large\"><img loading=\"lazy\" decoding=\"async\" width=\"900\" height=\"675\" data-id=\"900\" src=\"https:\/\/wordpress.nibis.de\/gsamwall\/files\/2020\/04\/Neugestaltung-7-900x675.jpg\" alt=\"\" class=\"wp-image-900\" srcset=\"https:\/\/wordpress.nibis.de\/gsamwall\/files\/2020\/04\/Neugestaltung-7.jpg 900w, https:\/\/wordpress.nibis.de\/gsamwall\/files\/2020\/04\/Neugestaltung-7-768x576.jpg 768w\" sizes=\"auto, (max-width: 900px) 100vw, 900px\" \/><\/figure>\n\n\n\n<figure class=\"wp-block-image size-large\"><img loading=\"lazy\" decoding=\"async\" width=\"900\" height=\"675\" data-id=\"901\" src=\"https:\/\/wordpress.nibis.de\/gsamwall\/files\/2020\/04\/Neugestaltung-8-900x675.jpg\" alt=\"\" class=\"wp-image-901\" srcset=\"https:\/\/wordpress.nibis.de\/gsamwall\/files\/2020\/04\/Neugestaltung-8.jpg 900w, https:\/\/wordpress.nibis.de\/gsamwall\/files\/2020\/04\/Neugestaltung-8-768x576.jpg 768w\" sizes=\"auto, (max-width: 900px) 100vw, 900px\" \/><\/figure>\n\n\n\n<figure class=\"wp-block-image size-large\"><img loading=\"lazy\" decoding=\"async\" width=\"900\" height=\"675\" data-id=\"902\" src=\"https:\/\/wordpress.nibis.de\/gsamwall\/files\/2020\/04\/Neugestaltung-9-900x675.jpg\" alt=\"\" class=\"wp-image-902\" srcset=\"https:\/\/wordpress.nibis.de\/gsamwall\/files\/2020\/04\/Neugestaltung-9.jpg 900w, https:\/\/wordpress.nibis.de\/gsamwall\/files\/2020\/04\/Neugestaltung-9-768x576.jpg 768w\" sizes=\"auto, (max-width: 900px) 100vw, 900px\" \/><\/figure>\n\n\n\n<figure class=\"wp-block-image size-large\"><img loading=\"lazy\" decoding=\"async\" width=\"900\" height=\"675\" data-id=\"903\" src=\"https:\/\/wordpress.nibis.de\/gsamwall\/files\/2020\/04\/Neugestaltung-3-900x675.jpg\" alt=\"\" class=\"wp-image-903\" srcset=\"https:\/\/wordpress.nibis.de\/gsamwall\/files\/2020\/04\/Neugestaltung-3.jpg 900w, https:\/\/wordpress.nibis.de\/gsamwall\/files\/2020\/04\/Neugestaltung-3-768x576.jpg 768w\" sizes=\"auto, (max-width: 900px) 100vw, 900px\" \/><\/figure>\n\n\n\n<figure class=\"wp-block-image size-large\"><img loading=\"lazy\" decoding=\"async\" width=\"900\" height=\"675\" data-id=\"904\" src=\"https:\/\/wordpress.nibis.de\/gsamwall\/files\/2020\/04\/Neugestaltung-4-900x675.jpg\" alt=\"\" class=\"wp-image-904\" srcset=\"https:\/\/wordpress.nibis.de\/gsamwall\/files\/2020\/04\/Neugestaltung-4.jpg 900w, https:\/\/wordpress.nibis.de\/gsamwall\/files\/2020\/04\/Neugestaltung-4-768x576.jpg 768w\" sizes=\"auto, (max-width: 900px) 100vw, 900px\" \/><\/figure>\n\n\n\n<figure class=\"wp-block-image size-large\"><img loading=\"lazy\" decoding=\"async\" width=\"900\" height=\"675\" data-id=\"905\" src=\"https:\/\/wordpress.nibis.de\/gsamwall\/files\/2020\/04\/Neugestaltung-5-900x675.jpg\" alt=\"\" class=\"wp-image-905\" srcset=\"https:\/\/wordpress.nibis.de\/gsamwall\/files\/2020\/04\/Neugestaltung-5.jpg 900w, https:\/\/wordpress.nibis.de\/gsamwall\/files\/2020\/04\/Neugestaltung-5-768x576.jpg 768w\" sizes=\"auto, (max-width: 900px) 100vw, 900px\" \/><\/figure>\n<\/figure>\n","protected":false},"excerpt":{"rendered":"<p>Neben der normalen Betreuung der Kinder f\u00fcr f\u00fcnf Stunden am Vormittag bietet die Grundschule am Wall an allen f\u00fcnf Tagen der Schulwoche eine Ganztagsbetreuung an. Angemeldete Kinder k\u00f6nnen montags bis freitags von 7.40 Uhr bis 15.40 Uhr alle Angebote wahrnehmen. Neben einem preiswerten, nahrhaften und gesunden Mittagessen bietet die Ganztagsschule an vier Tagen Arbeitsgemeinschaften zu &hellip; <a href=\"https:\/\/wordpress.nibis.de\/gsamwall\/ganztagsschule\/\" class=\"more-link\"><span class=\"screen-reader-text\">Ganztagsschule<\/span> weiterlesen <span class=\"meta-nav\">&rarr;<\/span><\/a><\/p>\n","protected":false},"author":9193468,"featured_media":0,"parent":0,"menu_order":0,"comment_status":"closed","ping_status":"closed","template":"","meta":{"footnotes":""},"class_list":["post-346","page","type-page","status-publish","hentry"],"_links":{"self":[{"href":"https:\/\/wordpress.nibis.de\/gsamwall\/wp-json\/wp\/v2\/pages\/346","targetHints":{"allow":["GET"]}}],"collection":[{"href":"https:\/\/wordpress.nibis.de\/gsamwall\/wp-json\/wp\/v2\/pages"}],"about":[{"href":"https:\/\/wordpress.nibis.de\/gsamwall\/wp-json\/wp\/v2\/types\/page"}],"author":[{"embeddable":true,"href":"https:\/\/wordpress.nibis.de\/gsamwall\/wp-json\/wp\/v2\/users\/9193468"}],"replies":[{"embeddable":true,"href":"https:\/\/wordpress.nibis.de\/gsamwall\/wp-json\/wp\/v2\/comments?post=346"}],"version-history":[{"count":12,"href":"https:\/\/wordpress.nibis.de\/gsamwall\/wp-json\/wp\/v2\/pages\/346\/revisions"}],"predecessor-version":[{"id":2926,"href":"https:\/\/wordpress.nibis.de\/gsamwall\/wp-json\/wp\/v2\/pages\/346\/revisions\/2926"}],"wp:attachment":[{"href":"https:\/\/wordpress.nibis.de\/gsamwall\/wp-json\/wp\/v2\/media?parent=346"}],"curies":[{"name":"wp","href":"https:\/\/api.w.org\/{rel}","templated":true}]}}

<div class="wp-block-image">
<figure class="aligncenter"><img loading="lazy" decoding="async" width="850" height="478" src="https://wordpress.nibis.de/gsamwall/files/2020/04/DSC02469-850x478.jpg" alt="" class="wp-image-894" srcset="https://wordpress.nibis.de/gsamwall/files/2020/04/DSC02469-850x478.jpg 850w, https://wordpress.nibis.de/gsamwall/files/2020/04/DSC02469-250x141.jpg 250w" sizes="auto, (max-width: 850px) 100vw, 850px" /></figure>
</div>


<p class="Normal-P wp-block-paragraph"><span class="Normal-C0">Neben der normalen Betreuung der Kinder für fünf Stunden am Vormittag bietet die Grundschule am Wall an allen fünf Tagen der Schulwoche eine Ganztagsbetreuung an.</span></p>



<p class="Normal-P wp-block-paragraph"><span class="Normal-C0">Angemeldete Kinder können montags bis freitags von 7.40 Uhr bis 15.40 Uhr</span> <span class="Normal-C0">alle Angebote wahrnehmen. Neben einem preiswerten, nahrhaften und gesunden Mittagessen bietet die Ganztagsschule an vier Tagen Arbeitsgemeinschaften zu verschiedenen Bereichen an: von Musik und Sport über Werken, Basteln und Malen bis hin zu Lesen und Spielen reicht das Angebot.</span></p>



<p class="Normal-P wp-block-paragraph"><span class="Normal-C0">Beim Mittagessen kommt es uns nicht nur auf gesundes Essen an. Die Schüler lernen auch, beim Tisch decken und abräumen zu helfen. So wird dann auch regelmäßig der „Tischdienstkönig“ oder die „Tischdienstkönigin“ gekührt.</span></p>



<p class="Normal-P wp-block-paragraph"><span class="Normal-C">Möchten Sie ihr Kind für die Ganztagsschule anmelden, melden Sie sich gern bei uns. Wir geben Ihnen gern die nötigen Informationen und beraten Sie. </span></p>



<p class="wp-block-paragraph"></p>



<figure class="wp-block-gallery has-nested-images columns-2 is-cropped wp-block-gallery-1 is-layout-flex wp-block-gallery-is-layout-flex">
<figure class="wp-block-image size-large"><img loading="lazy" decoding="async" width="900" height="675" data-id="897" src="https://wordpress.nibis.de/gsamwall/files/2020/04/Neugestaltung-2-900x675.jpg" alt="" class="wp-image-897" srcset="https://wordpress.nibis.de/gsamwall/files/2020/04/Neugestaltung-2.jpg 900w, https://wordpress.nibis.de/gsamwall/files/2020/04/Neugestaltung-2-768x576.jpg 768w" sizes="auto, (max-width: 900px) 100vw, 900px" /></figure>



<figure class="wp-block-image size-large"><img loading="lazy" decoding="async" width="900" height="675" data-id="898" src="https://wordpress.nibis.de/gsamwall/files/2020/04/Neugestaltung-1-900x675.jpg" alt="" class="wp-image-898" srcset="https://wordpress.nibis.de/gsamwall/files/2020/04/Neugestaltung-1.jpg 900w, https://wordpress.nibis.de/gsamwall/files/2020/04/Neugestaltung-1-768x576.jpg 768w" sizes="auto, (max-width: 900px) 100vw, 900px" /></figure>



<figure class="wp-block-image size-large"><img loading="lazy" decoding="async" width="900" height="675" data-id="899" src="https://wordpress.nibis.de/gsamwall/files/2020/04/Neugestaltung-6-900x675.jpg" alt="" class="wp-image-899" srcset="https://wordpress.nibis.de/gsamwall/files/2020/04/Neugestaltung-6.jpg 900w, https://wordpress.nibis.de/gsamwall/files/2020/04/Neugestaltung-6-768x576.jpg 768w" sizes="auto, (max-width: 900px) 100vw, 900px" /></figure>



<figure class="wp-block-image size-large"><img loading="lazy" decoding="async" width="900" height="675" data-id="900" src="https://wordpress.nibis.de/gsamwall/files/2020/04/Neugestaltung-7-900x675.jpg" alt="" class="wp-image-900" srcset="https://wordpress.nibis.de/gsamwall/files/2020/04/Neugestaltung-7.jpg 900w, https://wordpress.nibis.de/gsamwall/files/2020/04/Neugestaltung-7-768x576.jpg 768w" sizes="auto, (max-width: 900px) 100vw, 900px" /></figure>



<figure class="wp-block-image size-large"><img loading="lazy" decoding="async" width="900" height="675" data-id="901" src="https://wordpress.nibis.de/gsamwall/files/2020/04/Neugestaltung-8-900x675.jpg" alt="" class="wp-image-901" srcset="https://wordpress.nibis.de/gsamwall/files/2020/04/Neugestaltung-8.jpg 900w, https://wordpress.nibis.de/gsamwall/files/2020/04/Neugestaltung-8-768x576.jpg 768w" sizes="auto, (max-width: 900px) 100vw, 900px" /></figure>



<figure class="wp-block-image size-large"><img loading="lazy" decoding="async" width="900" height="675" data-id="902" src="https://wordpress.nibis.de/gsamwall/files/2020/04/Neugestaltung-9-900x675.jpg" alt="" class="wp-image-902" srcset="https://wordpress.nibis.de/gsamwall/files/2020/04/Neugestaltung-9.jpg 900w, https://wordpress.nibis.de/gsamwall/files/2020/04/Neugestaltung-9-768x576.jpg 768w" sizes="auto, (max-width: 900px) 100vw, 900px" /></figure>



<figure class="wp-block-image size-large"><img loading="lazy" decoding="async" width="900" height="675" data-id="903" src="https://wordpress.nibis.de/gsamwall/files/2020/04/Neugestaltung-3-900x675.jpg" alt="" class="wp-image-903" srcset="https://wordpress.nibis.de/gsamwall/files/2020/04/Neugestaltung-3.jpg 900w, https://wordpress.nibis.de/gsamwall/files/2020/04/Neugestaltung-3-768x576.jpg 768w" sizes="auto, (max-width: 900px) 100vw, 900px" /></figure>



<figure class="wp-block-image size-large"><img loading="lazy" decoding="async" width="900" height="675" data-id="904" src="https://wordpress.nibis.de/gsamwall/files/2020/04/Neugestaltung-4-900x675.jpg" alt="" class="wp-image-904" srcset="https://wordpress.nibis.de/gsamwall/files/2020/04/Neugestaltung-4.jpg 900w, https://wordpress.nibis.de/gsamwall/files/2020/04/Neugestaltung-4-768x576.jpg 768w" sizes="auto, (max-width: 900px) 100vw, 900px" /></figure>



<figure class="wp-block-image size-large"><img loading="lazy" decoding="async" width="900" height="675" data-id="905" src="https://wordpress.nibis.de/gsamwall/files/2020/04/Neugestaltung-5-900x675.jpg" alt="" class="wp-image-905" srcset="https://wordpress.nibis.de/gsamwall/files/2020/04/Neugestaltung-5.jpg 900w, https://wordpress.nibis.de/gsamwall/files/2020/04/Neugestaltung-5-768x576.jpg 768w" sizes="auto, (max-width: 900px) 100vw, 900px" /></figure>
</figure>

<p>Neben der normalen Betreuung der Kinder für fünf Stunden am Vormittag bietet die Grundschule am Wall an allen fünf Tagen der Schulwoche eine Ganztagsbetreuung an. Angemeldete Kinder können montags bis freitags von 7.40 Uhr bis 15.40 Uhr alle Angebote wahrnehmen. Neben einem preiswerten, nahrhaften und gesunden Mittagessen bietet die Ganztagsschule an vier Tagen Arbeitsgemeinschaften zu &hellip; <a href="https://wordpress.nibis.de/gsamwall/ganztagsschule/" class="more-link"><span class="screen-reader-text">Ganztagsschule</span> weiterlesen <span class="meta-nav">&rarr;</span></a></p>
