{"id":1256,"date":"2022-06-16T08:14:13","date_gmt":"2022-06-16T06:14:13","guid":{"rendered":"https:\/\/wordpress.nibis.de\/gsaos\/?page_id=1256"},"modified":"2023-11-22T06:19:01","modified_gmt":"2023-11-22T05:19:01","slug":"schulelternrat","status":"publish","type":"page","link":"https:\/\/wordpress.nibis.de\/gsaos\/schulelternrat\/","title":{"rendered":"Schulelternrat"},"content":{"rendered":"\n<p>Der Schulelternrat (SER) setzt sich aus den 1. und 2. Elternvertreter*innen jeder Klasse zusammen. Von den Mitgliedern werden die 1. Vorsitzende und die 2. Vorsitzende gew\u00e4hlt. Der SER ist das Bindeglied zwischen Schule und Eltern und arbeitet eng mit dem Schulf\u00f6rderverein zusammen. Die Elternvertreter laden zu den Elternabenden in den jeweiligen Klassen ein und nutzen diese auch, um Informationen aus dem SER weiterzugeben. Das Organisieren von Schulfesten, Flohm\u00e4rkten, Schulfotografen oder der Cafeteria w\u00e4hrend der Einschulungsveranstaltung geh\u00f6ren genauso in den Verantwortungsbereich des Schulelternrates wie auch die Organisation des w\u00f6chentlichen Brezelverkaufs am Montag. <\/p>\n\n\n\n<ol class=\"wp-block-list\"><li>Vorsitzende: Jela Kube<\/li><li>Vorsitzende: Sandra B\u00f6rner<\/li><\/ol>\n\n\n\n<p><\/p>\n\n\n\n<p><a href=\"https:\/\/wordpress.nibis.de\/gsaos\/\">zur Startseite<\/a><\/p>\n","protected":false},"excerpt":{"rendered":"<p>Der Schulelternrat (SER) setzt sich aus den 1. und 2. Elternvertreter*innen jeder Klasse zusammen. Von den Mitgliedern werden die 1. Vorsitzende und die 2. Vorsitzende gew\u00e4hlt. Der SER ist das Bindeglied zwischen Schule und Eltern und arbeitet eng mit dem &hellip; <a href=\"https:\/\/wordpress.nibis.de\/gsaos\/schulelternrat\/\">Weiterlesen <span class=\"meta-nav\">&rarr;<\/span><\/a><\/p>\n","protected":false},"author":937,"featured_media":0,"parent":0,"menu_order":0,"comment_status":"closed","ping_status":"closed","template":"","meta":{"footnotes":""},"class_list":["post-1256","page","type-page","status-publish","hentry"],"_links":{"self":[{"href":"https:\/\/wordpress.nibis.de\/gsaos\/wp-json\/wp\/v2\/pages\/1256","targetHints":{"allow":["GET"]}}],"collection":[{"href":"https:\/\/wordpress.nibis.de\/gsaos\/wp-json\/wp\/v2\/pages"}],"about":[{"href":"https:\/\/wordpress.nibis.de\/gsaos\/wp-json\/wp\/v2\/types\/page"}],"author":[{"embeddable":true,"href":"https:\/\/wordpress.nibis.de\/gsaos\/wp-json\/wp\/v2\/users\/937"}],"replies":[{"embeddable":true,"href":"https:\/\/wordpress.nibis.de\/gsaos\/wp-json\/wp\/v2\/comments?post=1256"}],"version-history":[{"count":6,"href":"https:\/\/wordpress.nibis.de\/gsaos\/wp-json\/wp\/v2\/pages\/1256\/revisions"}],"predecessor-version":[{"id":1690,"href":"https:\/\/wordpress.nibis.de\/gsaos\/wp-json\/wp\/v2\/pages\/1256\/revisions\/1690"}],"wp:attachment":[{"href":"https:\/\/wordpress.nibis.de\/gsaos\/wp-json\/wp\/v2\/media?parent=1256"}],"curies":[{"name":"wp","href":"https:\/\/api.w.org\/{rel}","templated":true}]}}