{"id":1803,"date":"2024-07-18T06:15:34","date_gmt":"2024-07-18T04:15:34","guid":{"rendered":"https:\/\/wordpress.nibis.de\/gsaos\/?page_id=1803"},"modified":"2024-07-18T06:20:10","modified_gmt":"2024-07-18T04:20:10","slug":"unicef-kinderrechteschule","status":"publish","type":"page","link":"https:\/\/wordpress.nibis.de\/gsaos\/unicef-kinderrechteschule\/","title":{"rendered":"unicef Kinderrechteschule"},"content":{"rendered":"\n<p><img loading=\"lazy\" decoding=\"async\" class=\"aligncenter size-full wp-image-1631\" src=\"https:\/\/wordpress.nibis.de\/gsaos\/files\/2023\/11\/Kein-Titel-297-x-210-mm1-scaled.jpg\" alt=\"\" width=\"2560\" height=\"2560\" srcset=\"https:\/\/wordpress.nibis.de\/gsaos\/files\/2023\/11\/Kein-Titel-297-x-210-mm1-scaled.jpg 2560w, https:\/\/wordpress.nibis.de\/gsaos\/files\/2023\/11\/Kein-Titel-297-x-210-mm1-300x300.jpg 300w, https:\/\/wordpress.nibis.de\/gsaos\/files\/2023\/11\/Kein-Titel-297-x-210-mm1-600x600.jpg 600w, https:\/\/wordpress.nibis.de\/gsaos\/files\/2023\/11\/Kein-Titel-297-x-210-mm1-150x150.jpg 150w, https:\/\/wordpress.nibis.de\/gsaos\/files\/2023\/11\/Kein-Titel-297-x-210-mm1-1536x1536.jpg 1536w, https:\/\/wordpress.nibis.de\/gsaos\/files\/2023\/11\/Kein-Titel-297-x-210-mm1-2048x2048.jpg 2048w\" sizes=\"auto, (max-width: 2560px) 100vw, 2560px\" \/><\/p>\n<p>Wir haben uns auf den Weg gemacht \u2026<\/p>\n<p>Im Oktober 2023 hat das komplette Kollegium der Aller-Oker-Schule im Rahmen eines Fortbildungstages den ersten Schritt des Weges zur Unicef-Kinderrechteschule gemacht. Zuerst ging es am P\u00e4dagogischen Tag darum, die Kinderrechte kennenzulernen und einen \u00dcberblick \u00fcber die 7 Stufen des Programms zu bekommen. Das Training beinhaltet Online-Lerninhalte f\u00fcr die Erwachsenen und Aktivit\u00e4ten in der Schule f\u00fcr alle. Die zu behandelnden Themen sind u.a. Beteiligung, Vielfalt, Nicht-Diskriminierung, Diversit\u00e4tssensibilit\u00e4t, Gewaltpr\u00e4vention und Kinderrechte global. Die zentralen Botschaften der Kinderrechte werden im Schulbild verankert und durch die vielf\u00e4ltigen Aktivit\u00e4ten, die z.T. schon begonnen haben, gefestigt und eines Tages sicherlich eine Selbstverst\u00e4ndlichkeit sein. Am Ende des Programms wird unsere Schule als Kinderrechteschule zertifiziert.<\/p>\n<p>Im Rahmen eines Forums wurden am 2. November 2023 alle Kinder der Aller-Oker-Schule informiert. Vor dem Forum hatten alle mit ihren Klassenlehrkr\u00e4ften einen Film zu den Kinderrechten gesehen und in einer ersten Gespr\u00e4chsrunde in der Klasse einige Beispiele besprochen. Und da alle Kinder in der AOS gerne singen, haben wir auch gleich angefangen, einen Kinderrechte-Song zu lernen.<\/p>\n","protected":false},"excerpt":{"rendered":"<p>Wir haben uns auf den Weg gemacht \u2026 Im Oktober 2023 hat das komplette Kollegium der Aller-Oker-Schule im Rahmen eines Fortbildungstages den ersten Schritt des Weges zur Unicef-Kinderrechteschule gemacht. Zuerst ging es am P\u00e4dagogischen Tag darum, die Kinderrechte kennenzulernen und &hellip; <a href=\"https:\/\/wordpress.nibis.de\/gsaos\/unicef-kinderrechteschule\/\">Weiterlesen <span class=\"meta-nav\">&rarr;<\/span><\/a><\/p>\n","protected":false},"author":937,"featured_media":0,"parent":0,"menu_order":0,"comment_status":"closed","ping_status":"closed","template":"","meta":{"footnotes":""},"class_list":["post-1803","page","type-page","status-publish","hentry"],"_links":{"self":[{"href":"https:\/\/wordpress.nibis.de\/gsaos\/wp-json\/wp\/v2\/pages\/1803","targetHints":{"allow":["GET"]}}],"collection":[{"href":"https:\/\/wordpress.nibis.de\/gsaos\/wp-json\/wp\/v2\/pages"}],"about":[{"href":"https:\/\/wordpress.nibis.de\/gsaos\/wp-json\/wp\/v2\/types\/page"}],"author":[{"embeddable":true,"href":"https:\/\/wordpress.nibis.de\/gsaos\/wp-json\/wp\/v2\/users\/937"}],"replies":[{"embeddable":true,"href":"https:\/\/wordpress.nibis.de\/gsaos\/wp-json\/wp\/v2\/comments?post=1803"}],"version-history":[{"count":3,"href":"https:\/\/wordpress.nibis.de\/gsaos\/wp-json\/wp\/v2\/pages\/1803\/revisions"}],"predecessor-version":[{"id":1807,"href":"https:\/\/wordpress.nibis.de\/gsaos\/wp-json\/wp\/v2\/pages\/1803\/revisions\/1807"}],"wp:attachment":[{"href":"https:\/\/wordpress.nibis.de\/gsaos\/wp-json\/wp\/v2\/media?parent=1803"}],"curies":[{"name":"wp","href":"https:\/\/api.w.org\/{rel}","templated":true}]}}

<p><img loading="lazy" decoding="async" class="aligncenter size-full wp-image-1631" src="https://wordpress.nibis.de/gsaos/files/2023/11/Kein-Titel-297-x-210-mm1-scaled.jpg" alt="" width="2560" height="2560" srcset="https://wordpress.nibis.de/gsaos/files/2023/11/Kein-Titel-297-x-210-mm1-scaled.jpg 2560w, https://wordpress.nibis.de/gsaos/files/2023/11/Kein-Titel-297-x-210-mm1-300x300.jpg 300w, https://wordpress.nibis.de/gsaos/files/2023/11/Kein-Titel-297-x-210-mm1-600x600.jpg 600w, https://wordpress.nibis.de/gsaos/files/2023/11/Kein-Titel-297-x-210-mm1-150x150.jpg 150w, https://wordpress.nibis.de/gsaos/files/2023/11/Kein-Titel-297-x-210-mm1-1536x1536.jpg 1536w, https://wordpress.nibis.de/gsaos/files/2023/11/Kein-Titel-297-x-210-mm1-2048x2048.jpg 2048w" sizes="auto, (max-width: 2560px) 100vw, 2560px" /></p>
<p>Wir haben uns auf den Weg gemacht …</p>
<p>Im Oktober 2023 hat das komplette Kollegium der Aller-Oker-Schule im Rahmen eines Fortbildungstages den ersten Schritt des Weges zur Unicef-Kinderrechteschule gemacht. Zuerst ging es am Pädagogischen Tag darum, die Kinderrechte kennenzulernen und einen Überblick über die 7 Stufen des Programms zu bekommen. Das Training beinhaltet Online-Lerninhalte für die Erwachsenen und Aktivitäten in der Schule für alle. Die zu behandelnden Themen sind u.a. Beteiligung, Vielfalt, Nicht-Diskriminierung, Diversitätssensibilität, Gewaltprävention und Kinderrechte global. Die zentralen Botschaften der Kinderrechte werden im Schulbild verankert und durch die vielfältigen Aktivitäten, die z.T. schon begonnen haben, gefestigt und eines Tages sicherlich eine Selbstverständlichkeit sein. Am Ende des Programms wird unsere Schule als Kinderrechteschule zertifiziert.</p>
<p>Im Rahmen eines Forums wurden am 2. November 2023 alle Kinder der Aller-Oker-Schule informiert. Vor dem Forum hatten alle mit ihren Klassenlehrkräften einen Film zu den Kinderrechten gesehen und in einer ersten Gesprächsrunde in der Klasse einige Beispiele besprochen. Und da alle Kinder in der AOS gerne singen, haben wir auch gleich angefangen, einen Kinderrechte-Song zu lernen.</p>

<p>Wir haben uns auf den Weg gemacht … Im Oktober 2023 hat das komplette Kollegium der Aller-Oker-Schule im Rahmen eines Fortbildungstages den ersten Schritt des Weges zur Unicef-Kinderrechteschule gemacht. Zuerst ging es am Pädagogischen Tag darum, die Kinderrechte kennenzulernen und &hellip; <a href="https://wordpress.nibis.de/gsaos/unicef-kinderrechteschule/">Weiterlesen <span class="meta-nav">&rarr;</span></a></p>
