{"id":40,"date":"2016-02-19T09:49:31","date_gmt":"2016-02-19T08:49:31","guid":{"rendered":"http:\/\/wordpress.nibis.de\/gsaos\/?page_id=40"},"modified":"2023-11-23T11:35:36","modified_gmt":"2023-11-23T10:35:36","slug":"jukos","status":"publish","type":"page","link":"https:\/\/wordpress.nibis.de\/gsaos\/jukos\/","title":{"rendered":"JuKoS"},"content":{"rendered":"<p><strong>Jugendhilfe im Kontext Schule<\/strong><\/p>\n<ul>\n<li>JuKos unterst\u00fczt Kinder und Jugendliche im Schulalltag. Dies geschieht durch p\u00e4dagogische Fachkr\u00e4fte, die jeweils an einer Schule t\u00e4tig sind.<\/li>\n<li>Sie beraten und unterst\u00fctzen Kinder\/ Jugendliche, ihre Eltern und Lehrkr\u00e4fte.<\/li>\n<li>JuKos-Fachkr\u00e4fte h\u00f6ren allen Beteiligten zu und entwickeln mit ihnen gemeinsam Angebote zum Lernen. Dadurch werden alle Beteiligten gest\u00e4rkt.<\/li>\n<li>Die gesetzliche Grundlage bildet das Kinder- und Jugendhilfegesetz gem\u00e4\u00df \u00a7\u00a729, 30, 35a SGB VIII.<\/li>\n<\/ul>\n<p>Weitere Informationen finden Sie hier:<\/p>\n<p><a href=\"https:\/\/wordpress.nibis.de\/gsaos\/files\/2023\/11\/Jukos_Flyer_aktuell.pdf\">Jukos_Flyer_aktuell<\/a><\/p>\n<p><strong>Unsere JuKoS-Fachkraft ist Frau Mareike Engel.<\/strong><\/p>\n<p>Zu erreichen ist Frau Engel<\/p>\n<p>Mobil: 0177-8418747<\/p>\n<p>per Mail: &#101;&#x6e;&#103;&#x65;&#108;&#x40;c&#x61;r&#x69;t&#97;&#x73;&#45;&#x63;&#101;&#x6c;&#108;&#x65;&#46;&#x64;e<\/p>\n<p><a href=\"https:\/\/wordpress.nibis.de\/gsaos\/\">zur Startseite<\/a><\/p>\n","protected":false},"excerpt":{"rendered":"<p>Jugendhilfe im Kontext Schule JuKos unterst\u00fczt Kinder und Jugendliche im Schulalltag. Dies geschieht durch p\u00e4dagogische Fachkr\u00e4fte, die jeweils an einer Schule t\u00e4tig sind. Sie beraten und unterst\u00fctzen Kinder\/ Jugendliche, ihre Eltern und Lehrkr\u00e4fte. JuKos-Fachkr\u00e4fte h\u00f6ren allen Beteiligten zu und entwickeln &hellip; <a href=\"https:\/\/wordpress.nibis.de\/gsaos\/jukos\/\">Weiterlesen <span class=\"meta-nav\">&rarr;<\/span><\/a><\/p>\n","protected":false},"author":937,"featured_media":0,"parent":0,"menu_order":0,"comment_status":"closed","ping_status":"closed","template":"","meta":{"footnotes":""},"class_list":["post-40","page","type-page","status-publish","hentry"],"_links":{"self":[{"href":"https:\/\/wordpress.nibis.de\/gsaos\/wp-json\/wp\/v2\/pages\/40","targetHints":{"allow":["GET"]}}],"collection":[{"href":"https:\/\/wordpress.nibis.de\/gsaos\/wp-json\/wp\/v2\/pages"}],"about":[{"href":"https:\/\/wordpress.nibis.de\/gsaos\/wp-json\/wp\/v2\/types\/page"}],"author":[{"embeddable":true,"href":"https:\/\/wordpress.nibis.de\/gsaos\/wp-json\/wp\/v2\/users\/937"}],"replies":[{"embeddable":true,"href":"https:\/\/wordpress.nibis.de\/gsaos\/wp-json\/wp\/v2\/comments?post=40"}],"version-history":[{"count":16,"href":"https:\/\/wordpress.nibis.de\/gsaos\/wp-json\/wp\/v2\/pages\/40\/revisions"}],"predecessor-version":[{"id":1701,"href":"https:\/\/wordpress.nibis.de\/gsaos\/wp-json\/wp\/v2\/pages\/40\/revisions\/1701"}],"wp:attachment":[{"href":"https:\/\/wordpress.nibis.de\/gsaos\/wp-json\/wp\/v2\/media?parent=40"}],"curies":[{"name":"wp","href":"https:\/\/api.w.org\/{rel}","templated":true}]}}