{"id":57,"date":"2016-02-19T10:30:31","date_gmt":"2016-02-19T09:30:31","guid":{"rendered":"http:\/\/wordpress.nibis.de\/gsaos\/?page_id=57"},"modified":"2025-09-19T05:32:08","modified_gmt":"2025-09-19T03:32:08","slug":"foerderverein","status":"publish","type":"page","link":"https:\/\/wordpress.nibis.de\/gsaos\/foerderverein\/","title":{"rendered":"F\u00f6rderverein"},"content":{"rendered":"<h3><strong>Unser F\u00f6rderverein\u00a0<\/strong><\/h3>\n<p>Eine wichtige Einrichtung ist unser F\u00f6rderverein. Durch viele ehrenamtliche Aktionen und Geldzuwendungen tr\u00e4gt er zu einem aktiven Schulleben bei. So finanziert er Preise f\u00fcr unsere j\u00e4hrlichen Mal- und Lesewettbewerbe, unterst\u00fctzt Projekte (Zirkusprojekt, Theaterauff\u00fchrungen, Autorenlesungen) und spendet Ger\u00e4te und Medien. Vor allem k\u00fcmmert er sich um die Erhaltung und den Betrieb des Lehrschwimmbeckens.<br \/>Vorsitzender: Herr Guido Schmidt<\/p>\n<p>Unterst\u00fctzen Sie unseren F\u00f6rderverein und werden Sie Mitglied!<\/p>\n<p>Hier finden Sie die Beitrittserkl\u00e4rung als Download:<\/p>\n<p><a href=\"https:\/\/wordpress.nibis.de\/gsaos\/files\/2025\/09\/2025_Beitrittserkla\u0308rung.pdf\">2025_Beitrittserkla\u0308rung<\/a><\/p>\n<p><strong>ABC \u2013 1,2,3 \u2013 Schulstart schnell herbei<\/strong><\/p>\n<p>Endlich war der gro\u00dfe Tag, der erste Schultag, da!! Wir blickten in ganz aufgeregte Gesichter, egal ob Erstkl\u00e4ssler und Erstkl\u00e4sslerinnen, Eltern, Gro\u00dfeltern oder Verwandte und Freunde \u2013 alle waren gespannt, wie der erste Tag werden w\u00fcrde. <br \/>Als Schulf\u00f6rderverein M\u00fcden\/ Aller e.V. durften wir an der Einschulung mit einem Stand teilnehmen. Es galt zu sch\u00e4tzen, wie viele bunte Traubenzuckerbonbons im Glas verf\u00fcllt waren. Der eine n\u00e4herte sich h\u00f6chst wissenschaftlich einer Doktorarbeit \u00e4hnlich und die andere einfach aus dem Bauch heraus. Manchmal ist es richtig gut, sich auf das Bauchgef\u00fchl zu verlassen \u2013 so wie Milena. Als Gast bei ihrer Freundin Marie hatte sie den goldrichtigen Tipp mit einem Bonbon Abweichung (382 statt 381 Traubenzucker). Als Preis konnten wir Marie ein handsigniertes Fanti-Buch \u00fcberreichen und f\u00fcr Milena sorgen die Drei !!! f\u00fcr spannende Lesestunden.<br \/>Neben dem Gewinnspiel war auch die Cafeteria mit Leckereien und Getr\u00e4nken ge\u00f6ffnet. Vielen Dank an den Vorstand des Schulelternrats, Helfende des 2. Jahrgangs und die Dekoschaffenden des Ganztags f\u00fcr eure Unterst\u00fctzung. Der Erl\u00f6s der Cafeteria kommt der Arbeit des Schulf\u00f6rdervereins zugute.<\/p>\n<p><strong><a href=\"http:\/\/https:\/\/www.icloud.com\/photos\/#\/icloudlinks\/0b4TFR-mLERYY78pCEycsCzQg\/\">Video zur Baumchallenge<\/a><\/strong><\/p>\n<p>\u00a0<\/p>\n\n\n<p><a href=\"https:\/\/wordpress.nibis.de\/gsaos\/\">zur Startseite<\/a><\/p>\n","protected":false},"excerpt":{"rendered":"<p>Unser F\u00f6rderverein\u00a0 Eine wichtige Einrichtung ist unser F\u00f6rderverein. Durch viele ehrenamtliche Aktionen und Geldzuwendungen tr\u00e4gt er zu einem aktiven Schulleben bei. So finanziert er Preise f\u00fcr unsere j\u00e4hrlichen Mal- und Lesewettbewerbe, unterst\u00fctzt Projekte (Zirkusprojekt, Theaterauff\u00fchrungen, Autorenlesungen) und spendet Ger\u00e4te und &hellip; <a href=\"https:\/\/wordpress.nibis.de\/gsaos\/foerderverein\/\">Weiterlesen <span class=\"meta-nav\">&rarr;<\/span><\/a><\/p>\n","protected":false},"author":937,"featured_media":0,"parent":0,"menu_order":0,"comment_status":"closed","ping_status":"closed","template":"","meta":{"footnotes":""},"class_list":["post-57","page","type-page","status-publish","hentry"],"_links":{"self":[{"href":"https:\/\/wordpress.nibis.de\/gsaos\/wp-json\/wp\/v2\/pages\/57","targetHints":{"allow":["GET"]}}],"collection":[{"href":"https:\/\/wordpress.nibis.de\/gsaos\/wp-json\/wp\/v2\/pages"}],"about":[{"href":"https:\/\/wordpress.nibis.de\/gsaos\/wp-json\/wp\/v2\/types\/page"}],"author":[{"embeddable":true,"href":"https:\/\/wordpress.nibis.de\/gsaos\/wp-json\/wp\/v2\/users\/937"}],"replies":[{"embeddable":true,"href":"https:\/\/wordpress.nibis.de\/gsaos\/wp-json\/wp\/v2\/comments?post=57"}],"version-history":[{"count":19,"href":"https:\/\/wordpress.nibis.de\/gsaos\/wp-json\/wp\/v2\/pages\/57\/revisions"}],"predecessor-version":[{"id":1967,"href":"https:\/\/wordpress.nibis.de\/gsaos\/wp-json\/wp\/v2\/pages\/57\/revisions\/1967"}],"wp:attachment":[{"href":"https:\/\/wordpress.nibis.de\/gsaos\/wp-json\/wp\/v2\/media?parent=57"}],"curies":[{"name":"wp","href":"https:\/\/api.w.org\/{rel}","templated":true}]}}

Förderverein

<h3><strong>Unser Förderverein </strong></h3>
<p>Eine wichtige Einrichtung ist unser Förderverein. Durch viele ehrenamtliche Aktionen und Geldzuwendungen trägt er zu einem aktiven Schulleben bei. So finanziert er Preise für unsere jährlichen Mal- und Lesewettbewerbe, unterstützt Projekte (Zirkusprojekt, Theateraufführungen, Autorenlesungen) und spendet Geräte und Medien. Vor allem kümmert er sich um die Erhaltung und den Betrieb des Lehrschwimmbeckens.<br />Vorsitzender: Herr Guido Schmidt</p>
<p>Unterstützen Sie unseren Förderverein und werden Sie Mitglied!</p>
<p>Hier finden Sie die Beitrittserklärung als Download:</p>
<p><a href="https://wordpress.nibis.de/gsaos/files/2025/09/2025_Beitrittserklärung.pdf">2025_Beitrittserklärung</a></p>
<p><strong>ABC – 1,2,3 – Schulstart schnell herbei</strong></p>
<p>Endlich war der große Tag, der erste Schultag, da!! Wir blickten in ganz aufgeregte Gesichter, egal ob Erstklässler und Erstklässlerinnen, Eltern, Großeltern oder Verwandte und Freunde – alle waren gespannt, wie der erste Tag werden würde. <br />Als Schulförderverein Müden/ Aller e.V. durften wir an der Einschulung mit einem Stand teilnehmen. Es galt zu schätzen, wie viele bunte Traubenzuckerbonbons im Glas verfüllt waren. Der eine näherte sich höchst wissenschaftlich einer Doktorarbeit ähnlich und die andere einfach aus dem Bauch heraus. Manchmal ist es richtig gut, sich auf das Bauchgefühl zu verlassen – so wie Milena. Als Gast bei ihrer Freundin Marie hatte sie den goldrichtigen Tipp mit einem Bonbon Abweichung (382 statt 381 Traubenzucker). Als Preis konnten wir Marie ein handsigniertes Fanti-Buch überreichen und für Milena sorgen die Drei !!! für spannende Lesestunden.<br />Neben dem Gewinnspiel war auch die Cafeteria mit Leckereien und Getränken geöffnet. Vielen Dank an den Vorstand des Schulelternrats, Helfende des 2. Jahrgangs und die Dekoschaffenden des Ganztags für eure Unterstützung. Der Erlös der Cafeteria kommt der Arbeit des Schulfördervereins zugute.</p>
<p><strong><a href="http://https://www.icloud.com/photos/#/icloudlinks/0b4TFR-mLERYY78pCEycsCzQg/">Video zur Baumchallenge</a></strong></p>
<p> </p>


<p><a href="https://wordpress.nibis.de/gsaos/">zur Startseite</a></p>

<p>Unser Förderverein  Eine wichtige Einrichtung ist unser Förderverein. Durch viele ehrenamtliche Aktionen und Geldzuwendungen trägt er zu einem aktiven Schulleben bei. So finanziert er Preise für unsere jährlichen Mal- und Lesewettbewerbe, unterstützt Projekte (Zirkusprojekt, Theateraufführungen, Autorenlesungen) und spendet Geräte und &hellip; <a href="https://wordpress.nibis.de/gsaos/foerderverein/">Weiterlesen <span class="meta-nav">&rarr;</span></a></p>
