{"id":78,"date":"2016-02-19T11:06:24","date_gmt":"2016-02-19T10:06:24","guid":{"rendered":"http:\/\/wordpress.nibis.de\/gsaos\/?page_id=78"},"modified":"2025-04-03T05:37:29","modified_gmt":"2025-04-03T03:37:29","slug":"ganztag","status":"publish","type":"page","link":"https:\/\/wordpress.nibis.de\/gsaos\/ganztag\/","title":{"rendered":"Ganztag"},"content":{"rendered":"<p><strong>Ganztagsangebot<\/strong><strong> in der Aller-Oker-Schule<\/strong><\/p>\n<p style=\"text-align: center\"><strong>Offener Ganztag<\/strong><\/p>\n<p>Hier bieten wir eine vielf\u00e4ltige Auswahl an Freizeitaktivit\u00e4ten, F\u00f6rderprogrammen und Betreuungsm\u00f6glichkeiten f\u00fcr Sch\u00fclerinnen und Sch\u00fcler aller Jahrgangsstufen. Entdecken Sie unsere kreativen, sportlichen und kulturellen Angebote und erleben Sie, wie unsere p\u00e4dagogischen Fachkr\u00e4fte die individuelle F\u00f6rderung und das soziale Miteinander im Schulalltag bereichern.<\/p>\n<ul>\n<li>Die Aller-Oker-Schule ist seit dem Schuljahr 2012-2013 eine <strong>offene Ganztagsgrundschule<\/strong>, das hei\u00dft, dass es f\u00fcr die Kinder die M\u00f6glichkeit gibt, an einem oder mehreren Tagen in der Woche am Ganztagsangebot teilzunehmen.<\/li>\n<li>Das Ganztagsangebot ist <strong><u>freiwillig und komplett kostenfrei<\/u><\/strong>. Lediglich das Mittagessen muss bezahlt werden (zurzeit 4,90 \u20ac). Sollten Sie Leistungsempf\u00e4nger*in mit Teilhabeberechtigung sein, sprechen Sie mich gerne an. Die Erstanmeldung f\u00fcr das Mensa-Konto muss selbst gemacht werden. Informationen zur Mensa und zur Essensbestellung finden sie hier: <a href=\"https:\/\/wordpress.nibis.de\/gsaos\/mittagessen\/\">Mittagessen<\/a>. Sollten Ihre Kinder nicht in der Mensa essen wollen, geben Sie bitte eine zweite Brotdose mit.<\/li>\n<li>Gemeinsam gehen die Kinder mit ihrer Stammgruppenbetreuerin um 13.00 Uhr oder um 13.30 Uhr zum Mittagessen in die Mensa und erledigen den Gro\u00dfteil der Hausaufgaben bevor ab 14.30 Uhr die AG-Zeit stattfindet.<\/li>\n<li>Die Kinder haben viel Spa\u00df im Ganztag, k\u00f6nnen gemeinsam mit Freunden Mittagessen, die Hausaufgaben erledigen und eine tolle AG besuchen!<\/li>\n<\/ul>\n<p>Die umfangreichen AG-Angebote sind im Heft beschrieben. Hier finden Sie es unter Brosch\u00fcre.<\/p>\n<ul>\n<li>Es kann zwischen einem und vier Nachmittagen gew\u00e4hlt werden. Die Wahl ist f\u00fcr jeweils ein Schulhalbjahr <u>verbindlich<\/u>. Sollte es in den ersten Tagen Probleme geben und der Ganztag doch zu viel sein, finden wir immer eine L\u00f6sung. Sprechen Sie mich dann einfach an.<\/li>\n<li>Bitte schauen Sie sich das AG-Heft gemeinsam mit Ihrem Kind an und w\u00e4hlen Sie die Tage aus, an denen Ihr Kind das Ganztagsangebot nutzen wird.<\/li>\n<\/ul>\n<p><strong>Zus\u00e4tzliche au\u00dferschulische, kostenpflichtige Betreuung der Samtgemeinde Meinersen:<\/strong><\/p>\n<p>Neben dem kostenfreien Ganztagsangebot der Schule haben Sie zus\u00e4tzlich die M\u00f6glichkeit, Ihr Kind zu folgenden Zeiten kostenpflichtig betreuen zu lassen: In der Fr\u00fchbetreuung Montag-Freitag 7.00\u20138.00 Uhr. Die Kosten werden gem\u00e4\u00df Beitragsstaffel der Samtgemeinde Meinersen f\u00fcr Kindertagesst\u00e4tten zur Betreuung von Grundschulkindern au\u00dferhalb der verl\u00e4sslichen Grundschule\/Ganztagsschule erhoben. Weitere Informationen finden Sie dazu in der Brosch\u00fcre.<\/p>\n<p>Anja Priebe<\/p>\n<p>Verantwortlich f\u00fcr den Ganztag und die au\u00dferschulische Betreuung<\/p>\n<p>Telefonnummer: 05375-9839567<\/p>\n<p>E-Mail: <u>&#x61;&#x6e;&#x6a;&#x61;&#x2e;&#x70;&#x72;&#x69;&#101;&#98;&#101;&#64;&#115;&#103;&#45;mein&#x65;&#x72;&#x73;&#x65;&#x6e;&#x2e;&#x64;&#x65;<\/u><\/p>\n<p>Hier finden Sie weitere Informationen zum Ganztag an der Aller-Oker-Schule:<\/p>\n<p><a href=\"https:\/\/wordpress.nibis.de\/gsaos\/mitarbeiter\/\">Mitarbeitende<\/a><\/p>\n<p><a href=\"https:\/\/wordpress.nibis.de\/gsaos\/ags\/\">AGs<\/a><\/p>\n<p><a href=\"https:\/\/wordpress.nibis.de\/gsaos\/\">zur Startseite<\/a><\/p>\n","protected":false},"excerpt":{"rendered":"<p>Ganztagsangebot in der Aller-Oker-Schule Offener Ganztag Hier bieten wir eine vielf\u00e4ltige Auswahl an Freizeitaktivit\u00e4ten, F\u00f6rderprogrammen und Betreuungsm\u00f6glichkeiten f\u00fcr Sch\u00fclerinnen und Sch\u00fcler aller Jahrgangsstufen. Entdecken Sie unsere kreativen, sportlichen und kulturellen Angebote und erleben Sie, wie unsere p\u00e4dagogischen Fachkr\u00e4fte die individuelle &hellip; <a href=\"https:\/\/wordpress.nibis.de\/gsaos\/ganztag\/\">Weiterlesen <span class=\"meta-nav\">&rarr;<\/span><\/a><\/p>\n","protected":false},"author":937,"featured_media":0,"parent":0,"menu_order":0,"comment_status":"closed","ping_status":"closed","template":"","meta":{"footnotes":""},"class_list":["post-78","page","type-page","status-publish","hentry"],"_links":{"self":[{"href":"https:\/\/wordpress.nibis.de\/gsaos\/wp-json\/wp\/v2\/pages\/78","targetHints":{"allow":["GET"]}}],"collection":[{"href":"https:\/\/wordpress.nibis.de\/gsaos\/wp-json\/wp\/v2\/pages"}],"about":[{"href":"https:\/\/wordpress.nibis.de\/gsaos\/wp-json\/wp\/v2\/types\/page"}],"author":[{"embeddable":true,"href":"https:\/\/wordpress.nibis.de\/gsaos\/wp-json\/wp\/v2\/users\/937"}],"replies":[{"embeddable":true,"href":"https:\/\/wordpress.nibis.de\/gsaos\/wp-json\/wp\/v2\/comments?post=78"}],"version-history":[{"count":10,"href":"https:\/\/wordpress.nibis.de\/gsaos\/wp-json\/wp\/v2\/pages\/78\/revisions"}],"predecessor-version":[{"id":1893,"href":"https:\/\/wordpress.nibis.de\/gsaos\/wp-json\/wp\/v2\/pages\/78\/revisions\/1893"}],"wp:attachment":[{"href":"https:\/\/wordpress.nibis.de\/gsaos\/wp-json\/wp\/v2\/media?parent=78"}],"curies":[{"name":"wp","href":"https:\/\/api.w.org\/{rel}","templated":true}]}}

<p><strong>Ganztagsangebot</strong><strong> in der Aller-Oker-Schule</strong></p>
<p style="text-align: center"><strong>Offener Ganztag</strong></p>
<p>Hier bieten wir eine vielfältige Auswahl an Freizeitaktivitäten, Förderprogrammen und Betreuungsmöglichkeiten für Schülerinnen und Schüler aller Jahrgangsstufen. Entdecken Sie unsere kreativen, sportlichen und kulturellen Angebote und erleben Sie, wie unsere pädagogischen Fachkräfte die individuelle Förderung und das soziale Miteinander im Schulalltag bereichern.</p>
<ul>
<li>Die Aller-Oker-Schule ist seit dem Schuljahr 2012-2013 eine <strong>offene Ganztagsgrundschule</strong>, das heißt, dass es für die Kinder die Möglichkeit gibt, an einem oder mehreren Tagen in der Woche am Ganztagsangebot teilzunehmen.</li>
<li>Das Ganztagsangebot ist <strong><u>freiwillig und komplett kostenfrei</u></strong>. Lediglich das Mittagessen muss bezahlt werden (zurzeit 4,90 €). Sollten Sie Leistungsempfänger*in mit Teilhabeberechtigung sein, sprechen Sie mich gerne an. Die Erstanmeldung für das Mensa-Konto muss selbst gemacht werden. Informationen zur Mensa und zur Essensbestellung finden sie hier: <a href="https://wordpress.nibis.de/gsaos/mittagessen/">Mittagessen</a>. Sollten Ihre Kinder nicht in der Mensa essen wollen, geben Sie bitte eine zweite Brotdose mit.</li>
<li>Gemeinsam gehen die Kinder mit ihrer Stammgruppenbetreuerin um 13.00 Uhr oder um 13.30 Uhr zum Mittagessen in die Mensa und erledigen den Großteil der Hausaufgaben bevor ab 14.30 Uhr die AG-Zeit stattfindet.</li>
<li>Die Kinder haben viel Spaß im Ganztag, können gemeinsam mit Freunden Mittagessen, die Hausaufgaben erledigen und eine tolle AG besuchen!</li>
</ul>
<p>Die umfangreichen AG-Angebote sind im Heft beschrieben. Hier finden Sie es unter Broschüre.</p>
<ul>
<li>Es kann zwischen einem und vier Nachmittagen gewählt werden. Die Wahl ist für jeweils ein Schulhalbjahr <u>verbindlich</u>. Sollte es in den ersten Tagen Probleme geben und der Ganztag doch zu viel sein, finden wir immer eine Lösung. Sprechen Sie mich dann einfach an.</li>
<li>Bitte schauen Sie sich das AG-Heft gemeinsam mit Ihrem Kind an und wählen Sie die Tage aus, an denen Ihr Kind das Ganztagsangebot nutzen wird.</li>
</ul>
<p><strong>Zusätzliche außerschulische, kostenpflichtige Betreuung der Samtgemeinde Meinersen:</strong></p>
<p>Neben dem kostenfreien Ganztagsangebot der Schule haben Sie zusätzlich die Möglichkeit, Ihr Kind zu folgenden Zeiten kostenpflichtig betreuen zu lassen: In der Frühbetreuung Montag-Freitag 7.00–8.00 Uhr. Die Kosten werden gemäß Beitragsstaffel der Samtgemeinde Meinersen für Kindertagesstätten zur Betreuung von Grundschulkindern außerhalb der verlässlichen Grundschule/Ganztagsschule erhoben. Weitere Informationen finden Sie dazu in der Broschüre.</p>
<p>Anja Priebe</p>
<p>Verantwortlich für den Ganztag und die außerschulische Betreuung</p>
<p>Telefonnummer: 05375-9839567</p>
<p>E-Mail: <u>&#x61;&#x6e;&#x6a;&#x61;&#x2e;&#x70;&#x72;&#x69;&#101;&#98;&#101;&#64;&#115;&#103;&#45;mein&#x65;&#x72;&#x73;&#x65;&#x6e;&#x2e;&#x64;&#x65;</u></p>
<p>Hier finden Sie weitere Informationen zum Ganztag an der Aller-Oker-Schule:</p>
<p><a href="https://wordpress.nibis.de/gsaos/mitarbeiter/">Mitarbeitende</a></p>
<p><a href="https://wordpress.nibis.de/gsaos/ags/">AGs</a></p>
<p><a href="https://wordpress.nibis.de/gsaos/">zur Startseite</a></p>

<p>Ganztagsangebot in der Aller-Oker-Schule Offener Ganztag Hier bieten wir eine vielfältige Auswahl an Freizeitaktivitäten, Förderprogrammen und Betreuungsmöglichkeiten für Schülerinnen und Schüler aller Jahrgangsstufen. Entdecken Sie unsere kreativen, sportlichen und kulturellen Angebote und erleben Sie, wie unsere pädagogischen Fachkräfte die individuelle &hellip; <a href="https://wordpress.nibis.de/gsaos/ganztag/">Weiterlesen <span class="meta-nav">&rarr;</span></a></p>
