{"id":1008,"date":"2023-06-14T15:51:43","date_gmt":"2023-06-14T13:51:43","guid":{"rendered":"https:\/\/wordpress.nibis.de\/gsaugustfehn\/?page_id=1008"},"modified":"2023-06-14T15:51:43","modified_gmt":"2023-06-14T13:51:43","slug":"sinfonie-der-tiere","status":"publish","type":"page","link":"https:\/\/wordpress.nibis.de\/gsaugustfehn\/sinfonie-der-tiere\/","title":{"rendered":"Sinfonie der Tiere"},"content":{"rendered":"\n<p>Am 3. Februar war das Nimmerland-Theater bei uns zu Gast mit der 9. SINFONIE DER TIERE.<\/p>\n\n\n\n<p>Bei diesem&nbsp;witzigen Theatervergn\u00fcgen f\u00fcr Kinder lernten&nbsp;wir die Instrumente eines Sinfonieorchesters und die Sitzordnung in einem Orchester kennen.&nbsp; Ein einzelner Schauspieler erweckte ein ganzes Orchester zum Leben. Wir genossen das witzige und lehrreiche Ein-Mann-Theaterst\u00fcck mit Leo, dem L\u00f6wen, Hubert, dem Wolf, den coolen Streicher-Eichh\u00f6rnchen und so vielen weiteren Tieren,<\/p>\n\n\n\n<p>Zu Beginn bekam der junge Dirigent Karavan einen Anruf: Er sollte die 9. Sinfonie von Beethoven dirigieren. Die Sache hatte allerdings einen Haken: Er musste ein Orchester zur Auff\u00fchrung mitbringen. Eine dubiose Agentur schickte ihm seltsame Musiker: eine Horde musizierender Tiere, die sich statt f\u00fcr Beethoven nur f\u00fcr ihre n\u00e4chste Mahlzeit interessierte. Dabei kam es zu reichlich Konflikten, denn die leckere Mahlzeit sa\u00df schon am Instrument nebenan.<\/p>\n\n\n\n<p>Zum guten Schluss gab es doch noch ein tolles Orchester, das sich mit der Hilfe des Dirigenten auch nicht gegenseitig auffra\u00df, sondern die &#8222;Ode an die Freude&#8220; erstklassig gemeinsam spielen konnte.\u00a0<\/p>\n","protected":false},"excerpt":{"rendered":"<p>Am 3. Februar war das Nimmerland-Theater bei uns zu Gast mit der 9. SINFONIE DER TIERE. Bei diesem&nbsp;witzigen Theatervergn\u00fcgen f\u00fcr Kinder lernten&nbsp;wir die Instrumente eines Sinfonieorchesters und die Sitzordnung in einem Orchester kennen.&nbsp; Ein einzelner Schauspieler erweckte ein ganzes Orchester zum Leben. Wir genossen das witzige und lehrreiche Ein-Mann-Theaterst\u00fcck mit Leo, dem L\u00f6wen, Hubert, dem Wolf, den coolen Streicher-Eichh\u00f6rnchen und so vielen weiteren Tieren, Zu Beginn bekam der junge Dirigent Karavan einen Anruf: Er sollte die 9. Sinfonie von Beethoven&#8230;<\/p>\n<p class=\"read-more\"><a class=\"btn btn-default\" href=\"https:\/\/wordpress.nibis.de\/gsaugustfehn\/sinfonie-der-tiere\/\">Weiterlesen<span class=\"screen-reader-text\"> Weiterlesen<\/span><\/a><\/p>\n","protected":false},"author":9192395,"featured_media":0,"parent":0,"menu_order":0,"comment_status":"closed","ping_status":"closed","template":"","meta":{"footnotes":""},"class_list":["post-1008","page","type-page","status-publish","hentry"],"_links":{"self":[{"href":"https:\/\/wordpress.nibis.de\/gsaugustfehn\/wp-json\/wp\/v2\/pages\/1008","targetHints":{"allow":["GET"]}}],"collection":[{"href":"https:\/\/wordpress.nibis.de\/gsaugustfehn\/wp-json\/wp\/v2\/pages"}],"about":[{"href":"https:\/\/wordpress.nibis.de\/gsaugustfehn\/wp-json\/wp\/v2\/types\/page"}],"author":[{"embeddable":true,"href":"https:\/\/wordpress.nibis.de\/gsaugustfehn\/wp-json\/wp\/v2\/users\/9192395"}],"replies":[{"embeddable":true,"href":"https:\/\/wordpress.nibis.de\/gsaugustfehn\/wp-json\/wp\/v2\/comments?post=1008"}],"version-history":[{"count":1,"href":"https:\/\/wordpress.nibis.de\/gsaugustfehn\/wp-json\/wp\/v2\/pages\/1008\/revisions"}],"predecessor-version":[{"id":1010,"href":"https:\/\/wordpress.nibis.de\/gsaugustfehn\/wp-json\/wp\/v2\/pages\/1008\/revisions\/1010"}],"wp:attachment":[{"href":"https:\/\/wordpress.nibis.de\/gsaugustfehn\/wp-json\/wp\/v2\/media?parent=1008"}],"curies":[{"name":"wp","href":"https:\/\/api.w.org\/{rel}","templated":true}]}}