{"id":1011,"date":"2023-06-14T15:53:50","date_gmt":"2023-06-14T13:53:50","guid":{"rendered":"https:\/\/wordpress.nibis.de\/gsaugustfehn\/?page_id=1011"},"modified":"2023-06-14T15:53:50","modified_gmt":"2023-06-14T13:53:50","slug":"besuch-im-tier-und-freizeitpark-thuele","status":"publish","type":"page","link":"https:\/\/wordpress.nibis.de\/gsaugustfehn\/besuch-im-tier-und-freizeitpark-thuele\/","title":{"rendered":"Besuch im Tier- und Freizeitpark Th\u00fcle"},"content":{"rendered":"\n<p>Am Donnerstag, den 11. Mai 2023, begab sich die gesamte Grundschule auf einen aufregenden Schulausflug in den Tier- und Freizeitpark Th\u00fcle. Zur Vorbereitung schauten sich die Jahrg\u00e4nge den Lageplan an. Die Erstkl\u00e4ssler fertigten sich zus\u00e4tzlich einen eigenen Lageplan an. Die Vorfreude der Kinder war sp\u00fcrbar, als die Sch\u00fclerinnen und Sch\u00fcler in einen der vier Busse einstiegen und die Reise zum Park antraten.<\/p>\n\n\n\n<p>Angekommen im Tier- und Freizeitpark Th\u00fcle wurden die Kinder von einer Vielzahl an Tieren begr\u00fc\u00dft. L\u00f6wen, Zebras, Flamingos, Affen und viele Weitere begeisterten die Kinder mit ihrem Auftreten. Viele Klassen fr\u00fchst\u00fcckten im Anschluss gemeinsam im Tierpark oder suchten sich einen anderen passenden Fr\u00fchst\u00fccksort.<\/p>\n\n\n\n<p>Neben den Tieren gab es auch eine gro\u00dfe Auswahl an aufregenden Fahrgesch\u00e4ften, die den Kindern viel Spa\u00df bereiteten. Je nach Klassenstufe waren sie alleine oder in Kleingruppen unterwegs und erkundeten den Freizeitpark. Dank des guten Wetters konnten alle Attraktionen ausprobiert werden. Die Achterbahn sorgte f\u00fcr Nervenkitzel, w\u00e4hrend die Kinder auf den Karussells fr\u00f6hlich umherwirbelten.<\/p>\n\n\n\n<p>Nach einem ereignisreichen Tag kehrten die Kinder ersch\u00f6pft, aber gl\u00fccklich zur\u00fcck in die Schule. Der Ausflug in den Tier- und Freizeitpark Th\u00fcle war ein gro\u00dfer Erfolg und wird ihnen sicher noch lange in Erinnerung bleiben.<\/p>\n\n\n\n<p>Der Schulausflug war ein Tag voller Spa\u00df, Lachen und tierisch starker Erlebnisse, der allen Beteiligten Freude bereitete. Schlie\u00dflich hat man nicht oft die M\u00f6glichkeit exotische Tiere so hautnah zu erleben.<\/p>\n\n\n\n<p>In diesem Zuge richten wir ein herzliches Dankesch\u00f6n an alle beteiligten Eltern, die als Begleitpersonen f\u00fcr einige Klassen dabei waren.<\/p>\n","protected":false},"excerpt":{"rendered":"<p>Am Donnerstag, den 11. Mai 2023, begab sich die gesamte Grundschule auf einen aufregenden Schulausflug in den Tier- und Freizeitpark Th\u00fcle. Zur Vorbereitung schauten sich die Jahrg\u00e4nge den Lageplan an. Die Erstkl\u00e4ssler fertigten sich zus\u00e4tzlich einen eigenen Lageplan an. Die Vorfreude der Kinder war sp\u00fcrbar, als die Sch\u00fclerinnen und Sch\u00fcler in einen der vier Busse einstiegen und die Reise zum Park antraten. Angekommen im Tier- und Freizeitpark Th\u00fcle wurden die Kinder von einer Vielzahl an Tieren begr\u00fc\u00dft. L\u00f6wen, Zebras, Flamingos,&#8230;<\/p>\n<p class=\"read-more\"><a class=\"btn btn-default\" href=\"https:\/\/wordpress.nibis.de\/gsaugustfehn\/besuch-im-tier-und-freizeitpark-thuele\/\">Weiterlesen<span class=\"screen-reader-text\"> Weiterlesen<\/span><\/a><\/p>\n","protected":false},"author":9192395,"featured_media":0,"parent":0,"menu_order":0,"comment_status":"closed","ping_status":"closed","template":"","meta":{"footnotes":""},"class_list":["post-1011","page","type-page","status-publish","hentry"],"_links":{"self":[{"href":"https:\/\/wordpress.nibis.de\/gsaugustfehn\/wp-json\/wp\/v2\/pages\/1011","targetHints":{"allow":["GET"]}}],"collection":[{"href":"https:\/\/wordpress.nibis.de\/gsaugustfehn\/wp-json\/wp\/v2\/pages"}],"about":[{"href":"https:\/\/wordpress.nibis.de\/gsaugustfehn\/wp-json\/wp\/v2\/types\/page"}],"author":[{"embeddable":true,"href":"https:\/\/wordpress.nibis.de\/gsaugustfehn\/wp-json\/wp\/v2\/users\/9192395"}],"replies":[{"embeddable":true,"href":"https:\/\/wordpress.nibis.de\/gsaugustfehn\/wp-json\/wp\/v2\/comments?post=1011"}],"version-history":[{"count":1,"href":"https:\/\/wordpress.nibis.de\/gsaugustfehn\/wp-json\/wp\/v2\/pages\/1011\/revisions"}],"predecessor-version":[{"id":1012,"href":"https:\/\/wordpress.nibis.de\/gsaugustfehn\/wp-json\/wp\/v2\/pages\/1011\/revisions\/1012"}],"wp:attachment":[{"href":"https:\/\/wordpress.nibis.de\/gsaugustfehn\/wp-json\/wp\/v2\/media?parent=1011"}],"curies":[{"name":"wp","href":"https:\/\/api.w.org\/{rel}","templated":true}]}}

Besuch im Tier- und Freizeitpark Thüle

<p>Am Donnerstag, den 11. Mai 2023, begab sich die gesamte Grundschule auf einen aufregenden Schulausflug in den Tier- und Freizeitpark Thüle. Zur Vorbereitung schauten sich die Jahrgänge den Lageplan an. Die Erstklässler fertigten sich zusätzlich einen eigenen Lageplan an. Die Vorfreude der Kinder war spürbar, als die Schülerinnen und Schüler in einen der vier Busse einstiegen und die Reise zum Park antraten.</p>



<p>Angekommen im Tier- und Freizeitpark Thüle wurden die Kinder von einer Vielzahl an Tieren begrüßt. Löwen, Zebras, Flamingos, Affen und viele Weitere begeisterten die Kinder mit ihrem Auftreten. Viele Klassen frühstückten im Anschluss gemeinsam im Tierpark oder suchten sich einen anderen passenden Frühstücksort.</p>



<p>Neben den Tieren gab es auch eine große Auswahl an aufregenden Fahrgeschäften, die den Kindern viel Spaß bereiteten. Je nach Klassenstufe waren sie alleine oder in Kleingruppen unterwegs und erkundeten den Freizeitpark. Dank des guten Wetters konnten alle Attraktionen ausprobiert werden. Die Achterbahn sorgte für Nervenkitzel, während die Kinder auf den Karussells fröhlich umherwirbelten.</p>



<p>Nach einem ereignisreichen Tag kehrten die Kinder erschöpft, aber glücklich zurück in die Schule. Der Ausflug in den Tier- und Freizeitpark Thüle war ein großer Erfolg und wird ihnen sicher noch lange in Erinnerung bleiben.</p>



<p>Der Schulausflug war ein Tag voller Spaß, Lachen und tierisch starker Erlebnisse, der allen Beteiligten Freude bereitete. Schließlich hat man nicht oft die Möglichkeit exotische Tiere so hautnah zu erleben.</p>



<p>In diesem Zuge richten wir ein herzliches Dankeschön an alle beteiligten Eltern, die als Begleitpersonen für einige Klassen dabei waren.</p>

<p>Am Donnerstag, den 11. Mai 2023, begab sich die gesamte Grundschule auf einen aufregenden Schulausflug in den Tier- und Freizeitpark Thüle. Zur Vorbereitung schauten sich die Jahrgänge den Lageplan an. Die Erstklässler fertigten sich zusätzlich einen eigenen Lageplan an. Die Vorfreude der Kinder war spürbar, als die Schülerinnen und Schüler in einen der vier Busse einstiegen und die Reise zum Park antraten. Angekommen im Tier- und Freizeitpark Thüle wurden die Kinder von einer Vielzahl an Tieren begrüßt. Löwen, Zebras, Flamingos,&#8230;</p>
<p class="read-more"><a class="btn btn-default" href="https://wordpress.nibis.de/gsaugustfehn/besuch-im-tier-und-freizeitpark-thuele/">Weiterlesen<span class="screen-reader-text"> Weiterlesen</span></a></p>
