{"id":37,"date":"2017-10-09T12:24:43","date_gmt":"2017-10-09T10:24:43","guid":{"rendered":"http:\/\/wordpress.nibis.de\/gsaugustfehn\/?page_id=37"},"modified":"2025-01-29T12:58:48","modified_gmt":"2025-01-29T11:58:48","slug":"foerderverein","status":"publish","type":"page","link":"https:\/\/wordpress.nibis.de\/gsaugustfehn\/foerderverein\/","title":{"rendered":"F\u00f6rderverein"},"content":{"rendered":"<p><img loading=\"lazy\" decoding=\"async\" class=\"alignnone size-medium wp-image-234 alignleft\" src=\"http:\/\/wordpress.nibis.de\/gsaugustfehn\/files\/2017\/10\/fverein-300x193.jpg\" alt=\"\" width=\"300\" height=\"193\" srcset=\"https:\/\/wordpress.nibis.de\/gsaugustfehn\/files\/2017\/10\/fverein-300x193.jpg 300w, https:\/\/wordpress.nibis.de\/gsaugustfehn\/files\/2017\/10\/fverein.jpg 761w\" sizes=\"auto, (max-width: 300px) 100vw, 300px\" \/><\/p>\n<p style=\"text-align: left\">\u00a0<\/p>\n<p style=\"text-align: left\" align=\"center\">Der F\u00f6rderverein Grundschule Augustfehn I e.V. unterst\u00fctzt die Janosch-Grundschule, um f\u00fcr alle Kinder eine noch bessere Schulumgebung mit idealen Rahmenbedingungen f\u00fcr das Lernen, Spielen sowie die sinnvolle Freizeitgestaltung zu schaffen.<\/p>\n<p style=\"text-align: left\" align=\"center\">Unb\u00fcrokratisch hilft der F\u00f6rderverein \u00fcberall dort, wo die M\u00f6glichkeiten von Schule und Gemeinde durch Haushaltspl\u00e4ne, Vorschriften und Grunds\u00e4tze begrenzt sind.<\/p>\n<p style=\"text-align: left\" align=\"center\">Viele F\u00f6rderprojekte sind \u00fcber die Jahre bereits Tradition geworden und damit fester Bestandteil im Schulalltag<\/p>\n<p style=\"text-align: left\" align=\"center\">Mit nur<b> 7,00 \u20ac<\/b> im Jahr pro Familie tragen auch Sie dazu bei, unsere erfolgreiche Arbeit fortzusetzen.<\/p>\n<p style=\"text-align: left\" align=\"center\">Auch f\u00fcr Spenden sind wir dankbar.<\/p>\n<p style=\"text-align: left\" align=\"center\"><span style=\"text-decoration: underline\">Unser Konto:<\/span><\/p>\n<p style=\"text-align: left\" align=\"center\">F\u00f6rderverein Grundschule Augustfehn I e.V.<br \/>IBAN: DE55 2805 0100 0040 2964 51<br \/>Landessparkasse zu Oldenburg<\/p>\n<p style=\"text-align: left\">Weitere Informationen k\u00f6nnen Sie dem Flyer des F\u00f6rdervereins entnehmen.<\/p>\n\n\n<div class=\"wp-block-file\"><a id=\"wp-block-file--media-0b6e8739-ee85-49b5-8ab4-b41c5a2caafd\" href=\"https:\/\/wordpress.nibis.de\/gsaugustfehn\/files\/2025\/01\/Flyer-Foerderverein_18.12.2024-1.pdf\"><strong>Flyer F\u00f6rderverein<\/strong> (PDF)<\/a><a href=\"https:\/\/wordpress.nibis.de\/gsaugustfehn\/files\/2025\/01\/Flyer-Foerderverein_18.12.2024-1.pdf\" class=\"wp-block-file__button\" download aria-describedby=\"wp-block-file--media-0b6e8739-ee85-49b5-8ab4-b41c5a2caafd\">Herunterladen<\/a><\/div>\n\n\n\n<div class=\"wp-block-file\"><a id=\"wp-block-file--media-ba0dbc77-b812-4268-8cf6-18a34b185d47\" href=\"https:\/\/wordpress.nibis.de\/gsaugustfehn\/files\/2025\/01\/Beitrittserklaerung-mit-Datenschutz-1.pdf\"><strong>Beitrittserkl\u00e4rung F\u00f6rderverein<\/strong> (PDF)<\/a><a href=\"https:\/\/wordpress.nibis.de\/gsaugustfehn\/files\/2025\/01\/Beitrittserklaerung-mit-Datenschutz-1.pdf\" class=\"wp-block-file__button\" download aria-describedby=\"wp-block-file--media-ba0dbc77-b812-4268-8cf6-18a34b185d47\">Herunterladen<\/a><\/div>\n\n\n\n<p><\/p>\n","protected":false},"excerpt":{"rendered":"<p>\u00a0 Der F\u00f6rderverein Grundschule Augustfehn I e.V. unterst\u00fctzt die Janosch-Grundschule, um f\u00fcr alle Kinder eine noch bessere Schulumgebung mit idealen Rahmenbedingungen f\u00fcr das Lernen, Spielen sowie die sinnvolle Freizeitgestaltung zu schaffen. Unb\u00fcrokratisch hilft der F\u00f6rderverein \u00fcberall dort, wo die M\u00f6glichkeiten von Schule und Gemeinde durch Haushaltspl\u00e4ne, Vorschriften und Grunds\u00e4tze begrenzt sind. Viele F\u00f6rderprojekte sind \u00fcber die Jahre bereits Tradition geworden und damit fester Bestandteil im Schulalltag Mit nur 7,00 \u20ac im Jahr pro Familie tragen auch Sie dazu bei, unsere&#8230;<\/p>\n<p class=\"read-more\"><a class=\"btn btn-default\" href=\"https:\/\/wordpress.nibis.de\/gsaugustfehn\/foerderverein\/\">Weiterlesen<span class=\"screen-reader-text\"> Weiterlesen<\/span><\/a><\/p>\n","protected":false},"author":9192395,"featured_media":0,"parent":0,"menu_order":0,"comment_status":"closed","ping_status":"closed","template":"","meta":{"footnotes":""},"class_list":["post-37","page","type-page","status-publish","hentry"],"_links":{"self":[{"href":"https:\/\/wordpress.nibis.de\/gsaugustfehn\/wp-json\/wp\/v2\/pages\/37","targetHints":{"allow":["GET"]}}],"collection":[{"href":"https:\/\/wordpress.nibis.de\/gsaugustfehn\/wp-json\/wp\/v2\/pages"}],"about":[{"href":"https:\/\/wordpress.nibis.de\/gsaugustfehn\/wp-json\/wp\/v2\/types\/page"}],"author":[{"embeddable":true,"href":"https:\/\/wordpress.nibis.de\/gsaugustfehn\/wp-json\/wp\/v2\/users\/9192395"}],"replies":[{"embeddable":true,"href":"https:\/\/wordpress.nibis.de\/gsaugustfehn\/wp-json\/wp\/v2\/comments?post=37"}],"version-history":[{"count":18,"href":"https:\/\/wordpress.nibis.de\/gsaugustfehn\/wp-json\/wp\/v2\/pages\/37\/revisions"}],"predecessor-version":[{"id":1226,"href":"https:\/\/wordpress.nibis.de\/gsaugustfehn\/wp-json\/wp\/v2\/pages\/37\/revisions\/1226"}],"wp:attachment":[{"href":"https:\/\/wordpress.nibis.de\/gsaugustfehn\/wp-json\/wp\/v2\/media?parent=37"}],"curies":[{"name":"wp","href":"https:\/\/api.w.org\/{rel}","templated":true}]}}