{"id":503,"date":"2018-12-23T17:55:28","date_gmt":"2018-12-23T16:55:28","guid":{"rendered":"http:\/\/wordpress.nibis.de\/gsaugustfehn\/?page_id=503"},"modified":"2019-01-18T16:41:55","modified_gmt":"2019-01-18T15:41:55","slug":"erstes-kinderbasteln-an-der-janosch-grundschule","status":"publish","type":"page","link":"https:\/\/wordpress.nibis.de\/gsaugustfehn\/erstes-kinderbasteln-an-der-janosch-grundschule\/","title":{"rendered":"Erstes Kinderbasteln an der Janosch-Grundschule"},"content":{"rendered":"<p>Am 29. Oktober fand, im Rahmen des Tag des Modellbaus, das erste Mal das Kinderbasteln in der Janosch Grundschule statt. Zum Tag des Modellbaus stellen namhafte Hersteller kostenlos kindgerechte Baus\u00e4tze aus ihrem Programm zur Verf\u00fcgung um auch den J\u00fcngsten das Hobby Modellbau nahebringen zu k\u00f6nnen. Dies erstreckt sich von den bekannten Faller H\u00e4uschen in allen Farbkombinationen bis hin zu Hubschraubern, Rennautos und teils auch Raumschiffen, so dass man eine altersgerechte Auswahl treffen kann. Nach einiger Vorbereitungszeit und den notwendigen Absprachen ging das Kinderbasteln im Rahmen der Nachmittagsbetreuung der Sch\u00fcler der vierten Klasse von statten. Insgesamt 10 Kinder konnten sich aus den oben erw\u00e4hnten Baus\u00e4tzen das von Ihnen gew\u00fcnschte Modell heraussuchen und es unter Anleitung vom Modellbaustammtisch Nord-West sowie einer Lehrkraft zusammenbauen. Die Bandbreite reichte dabei vom einfachen Steckbausatz bis hin zum komplexeren Klebemodell. Die ben\u00f6tigten Werkzeuge wurden ebenfalls vom Modellbaustammtisch zur Verf\u00fcgung gestellt.<\/p>\n","protected":false},"excerpt":{"rendered":"<p>Am 29. Oktober fand, im Rahmen des Tag des Modellbaus, das erste Mal das Kinderbasteln in der Janosch Grundschule statt. Zum Tag des Modellbaus stellen namhafte Hersteller kostenlos kindgerechte Baus\u00e4tze aus ihrem Programm zur Verf\u00fcgung um auch den J\u00fcngsten das Hobby Modellbau nahebringen zu k\u00f6nnen. Dies erstreckt sich von den bekannten Faller H\u00e4uschen in allen Farbkombinationen bis hin zu Hubschraubern, Rennautos und teils auch Raumschiffen, so dass man eine altersgerechte Auswahl treffen kann. Nach einiger Vorbereitungszeit und den notwendigen Absprachen&#8230;<\/p>\n<p class=\"read-more\"><a class=\"btn btn-default\" href=\"https:\/\/wordpress.nibis.de\/gsaugustfehn\/erstes-kinderbasteln-an-der-janosch-grundschule\/\">Weiterlesen<span class=\"screen-reader-text\"> Weiterlesen<\/span><\/a><\/p>\n","protected":false},"author":9192395,"featured_media":0,"parent":0,"menu_order":0,"comment_status":"closed","ping_status":"closed","template":"","meta":{"footnotes":""},"class_list":["post-503","page","type-page","status-publish","hentry"],"_links":{"self":[{"href":"https:\/\/wordpress.nibis.de\/gsaugustfehn\/wp-json\/wp\/v2\/pages\/503","targetHints":{"allow":["GET"]}}],"collection":[{"href":"https:\/\/wordpress.nibis.de\/gsaugustfehn\/wp-json\/wp\/v2\/pages"}],"about":[{"href":"https:\/\/wordpress.nibis.de\/gsaugustfehn\/wp-json\/wp\/v2\/types\/page"}],"author":[{"embeddable":true,"href":"https:\/\/wordpress.nibis.de\/gsaugustfehn\/wp-json\/wp\/v2\/users\/9192395"}],"replies":[{"embeddable":true,"href":"https:\/\/wordpress.nibis.de\/gsaugustfehn\/wp-json\/wp\/v2\/comments?post=503"}],"version-history":[{"count":3,"href":"https:\/\/wordpress.nibis.de\/gsaugustfehn\/wp-json\/wp\/v2\/pages\/503\/revisions"}],"predecessor-version":[{"id":520,"href":"https:\/\/wordpress.nibis.de\/gsaugustfehn\/wp-json\/wp\/v2\/pages\/503\/revisions\/520"}],"wp:attachment":[{"href":"https:\/\/wordpress.nibis.de\/gsaugustfehn\/wp-json\/wp\/v2\/media?parent=503"}],"curies":[{"name":"wp","href":"https:\/\/api.w.org\/{rel}","templated":true}]}}