{"id":53,"date":"2017-10-09T12:31:09","date_gmt":"2017-10-09T10:31:09","guid":{"rendered":"http:\/\/wordpress.nibis.de\/gsaugustfehn\/?page_id=53"},"modified":"2025-01-14T15:21:06","modified_gmt":"2025-01-14T14:21:06","slug":"schulname","status":"publish","type":"page","link":"https:\/\/wordpress.nibis.de\/gsaugustfehn\/schulname\/","title":{"rendered":"Schulname"},"content":{"rendered":"<p style=\"text-align: left\"><strong>Im Jahr 2007 wurde aus der Grundschule Augustfehn I die Janosch-Grundschule Augustfehn.<br \/>Der bekannte Kinderbuchautor Janosch ist ein Jahr lang Sch\u00fcler der Schule in Augustfehn I gewesen. Damals war die Schule noch in dem Geb\u00e4ude untergebracht, das heute von der B\u00fcgerschule genutzt wird.<\/strong><\/p>\n<p style=\"text-align: left\">Durch eine Sch\u00fclerin des 4. Schuljahres (2006\/2007) und mit Hilfe ihrer damaligen Klassenlehrerin Frau Kosanetzky konnte Verbindung zu Janosch aufgenommen werden. Dies ist ansonsten sehr schwierig, aber der in der Gemeinde Apen lebende Bruder von Janosch stand uns hilfreich zur Seite. Janosch schrieb uns daraufhin einen Brief, in dem er erz\u00e4hlte damals ein sehr sch\u00f6nes Jahr in Augstfehn verlebt zu haben. Gerne w\u00fcrde er sich an die Schulzeit hier erinnern. Daher st\u00e4nde auch einer Umbenennung unserer Schule unter Verwendung seines Namens nichts im Wege.<\/p>\n<p style=\"text-align: left\">Zu unserer gro\u00dfen Freude d\u00fcrfen wir zudem die bekannten Janosch-Figuren Tiger und B\u00e4r f\u00fcr unser neues Schullogo benutzen.<br \/>Auch in unserer Internetadresse erscheint der Name. Wir sind unter <a href=\"http:\/\/janosch-schule.de\" target=\"_blank\" rel=\"noopener noreferrer\">www.janosch-schule.de<\/a> zu erreichen.<\/p>\n<p style=\"text-align: left\">Am 13. Juli 2007 feierten wir die Umbenennung unserer Schule.<\/p>\n<p style=\"text-align: left\"><strong>Am 31. Juli 2008 war Janosch zu Besuch an unserer Schule.<\/strong><\/p>\n\n\n<figure class=\"wp-block-gallery has-nested-images columns-default is-cropped wp-block-gallery-1 is-layout-flex wp-block-gallery-is-layout-flex\">\n<figure class=\"wp-block-image size-large\"><img loading=\"lazy\" decoding=\"async\" width=\"1024\" height=\"560\" data-id=\"1154\" src=\"https:\/\/wordpress.nibis.de\/gsaugustfehn\/files\/2025\/01\/IMG_20250114_120521-1024x560.jpg\" alt=\"\" class=\"wp-image-1154\" srcset=\"https:\/\/wordpress.nibis.de\/gsaugustfehn\/files\/2025\/01\/IMG_20250114_120521-1024x560.jpg 1024w, https:\/\/wordpress.nibis.de\/gsaugustfehn\/files\/2025\/01\/IMG_20250114_120521-300x164.jpg 300w, https:\/\/wordpress.nibis.de\/gsaugustfehn\/files\/2025\/01\/IMG_20250114_120521-768x420.jpg 768w, https:\/\/wordpress.nibis.de\/gsaugustfehn\/files\/2025\/01\/IMG_20250114_120521-494x270.jpg 494w, https:\/\/wordpress.nibis.de\/gsaugustfehn\/files\/2025\/01\/IMG_20250114_120521.jpg 1430w\" sizes=\"auto, (max-width: 1024px) 100vw, 1024px\" \/><\/figure>\n\n\n\n<figure class=\"wp-block-image size-large\"><img loading=\"lazy\" decoding=\"async\" width=\"1024\" height=\"680\" data-id=\"1155\" src=\"https:\/\/wordpress.nibis.de\/gsaugustfehn\/files\/2025\/01\/IMG_20250114_120534-1024x680.jpg\" alt=\"\" class=\"wp-image-1155\" srcset=\"https:\/\/wordpress.nibis.de\/gsaugustfehn\/files\/2025\/01\/IMG_20250114_120534-1024x680.jpg 1024w, https:\/\/wordpress.nibis.de\/gsaugustfehn\/files\/2025\/01\/IMG_20250114_120534-300x199.jpg 300w, https:\/\/wordpress.nibis.de\/gsaugustfehn\/files\/2025\/01\/IMG_20250114_120534-768x510.jpg 768w, https:\/\/wordpress.nibis.de\/gsaugustfehn\/files\/2025\/01\/IMG_20250114_120534-1536x1020.jpg 1536w, https:\/\/wordpress.nibis.de\/gsaugustfehn\/files\/2025\/01\/IMG_20250114_120534-406x270.jpg 406w, https:\/\/wordpress.nibis.de\/gsaugustfehn\/files\/2025\/01\/IMG_20250114_120534.jpg 1543w\" sizes=\"auto, (max-width: 1024px) 100vw, 1024px\" \/><\/figure>\n\n\n\n<figure class=\"wp-block-image size-large\"><img loading=\"lazy\" decoding=\"async\" width=\"1024\" height=\"502\" data-id=\"1197\" src=\"https:\/\/wordpress.nibis.de\/gsaugustfehn\/files\/2025\/01\/IMG_20250114_150806-1024x502.jpg\" alt=\"\" class=\"wp-image-1197\" srcset=\"https:\/\/wordpress.nibis.de\/gsaugustfehn\/files\/2025\/01\/IMG_20250114_150806-1024x502.jpg 1024w, https:\/\/wordpress.nibis.de\/gsaugustfehn\/files\/2025\/01\/IMG_20250114_150806-300x147.jpg 300w, https:\/\/wordpress.nibis.de\/gsaugustfehn\/files\/2025\/01\/IMG_20250114_150806-768x376.jpg 768w, https:\/\/wordpress.nibis.de\/gsaugustfehn\/files\/2025\/01\/IMG_20250114_150806-551x270.jpg 551w, https:\/\/wordpress.nibis.de\/gsaugustfehn\/files\/2025\/01\/IMG_20250114_150806.jpg 1422w\" sizes=\"auto, (max-width: 1024px) 100vw, 1024px\" \/><\/figure>\n<figcaption class=\"blocks-gallery-caption\"><strong>Malereien im Schulgeb\u00e4ude &#8211; nach Janosch<\/strong><\/figcaption><\/figure>\n\n\n\n<p><\/p>\n","protected":false},"excerpt":{"rendered":"<p>Im Jahr 2007 wurde aus der Grundschule Augustfehn I die Janosch-Grundschule Augustfehn.Der bekannte Kinderbuchautor Janosch ist ein Jahr lang Sch\u00fcler der Schule in Augustfehn I gewesen. Damals war die Schule noch in dem Geb\u00e4ude untergebracht, das heute von der B\u00fcgerschule genutzt wird. Durch eine Sch\u00fclerin des 4. Schuljahres (2006\/2007) und mit Hilfe ihrer damaligen Klassenlehrerin Frau Kosanetzky konnte Verbindung zu Janosch aufgenommen werden. Dies ist ansonsten sehr schwierig, aber der in der Gemeinde Apen lebende Bruder von Janosch stand uns&#8230;<\/p>\n<p class=\"read-more\"><a class=\"btn btn-default\" href=\"https:\/\/wordpress.nibis.de\/gsaugustfehn\/schulname\/\">Weiterlesen<span class=\"screen-reader-text\"> Weiterlesen<\/span><\/a><\/p>\n","protected":false},"author":9192395,"featured_media":0,"parent":0,"menu_order":0,"comment_status":"closed","ping_status":"closed","template":"","meta":{"footnotes":""},"class_list":["post-53","page","type-page","status-publish","hentry"],"_links":{"self":[{"href":"https:\/\/wordpress.nibis.de\/gsaugustfehn\/wp-json\/wp\/v2\/pages\/53","targetHints":{"allow":["GET"]}}],"collection":[{"href":"https:\/\/wordpress.nibis.de\/gsaugustfehn\/wp-json\/wp\/v2\/pages"}],"about":[{"href":"https:\/\/wordpress.nibis.de\/gsaugustfehn\/wp-json\/wp\/v2\/types\/page"}],"author":[{"embeddable":true,"href":"https:\/\/wordpress.nibis.de\/gsaugustfehn\/wp-json\/wp\/v2\/users\/9192395"}],"replies":[{"embeddable":true,"href":"https:\/\/wordpress.nibis.de\/gsaugustfehn\/wp-json\/wp\/v2\/comments?post=53"}],"version-history":[{"count":15,"href":"https:\/\/wordpress.nibis.de\/gsaugustfehn\/wp-json\/wp\/v2\/pages\/53\/revisions"}],"predecessor-version":[{"id":1199,"href":"https:\/\/wordpress.nibis.de\/gsaugustfehn\/wp-json\/wp\/v2\/pages\/53\/revisions\/1199"}],"wp:attachment":[{"href":"https:\/\/wordpress.nibis.de\/gsaugustfehn\/wp-json\/wp\/v2\/media?parent=53"}],"curies":[{"name":"wp","href":"https:\/\/api.w.org\/{rel}","templated":true}]}}