{"id":550,"date":"2019-05-26T13:46:39","date_gmt":"2019-05-26T11:46:39","guid":{"rendered":"https:\/\/wordpress.nibis.de\/gsaugustfehn\/?page_id=550"},"modified":"2019-05-26T13:46:39","modified_gmt":"2019-05-26T11:46:39","slug":"kraeuterspirale","status":"publish","type":"page","link":"https:\/\/wordpress.nibis.de\/gsaugustfehn\/kraeuterspirale\/","title":{"rendered":"Kr\u00e4uterspirale"},"content":{"rendered":"\n<p><strong>Kr\u00e4uterspirale der Janosch-Grundschule geht in die 3.Saison<\/strong><\/p>\n<p>Bei der Kr\u00e4uterspirale gegen\u00fcber dem Naschgarten und dem neu gestalteten gr\u00fcnen Klassenzimmer k\u00f6nnen die Schulkinder jedes Jahr auf Entdeckungsreise gehen. Die Kr\u00e4uterspirale wurde 2017 nach l\u00e4ngerer Brachphase wieder Instand gesetzt. In dieser ersten Saison \u00fcbernahmen alle Klassen eine Patenschaft f\u00fcr eine Pflanze und konnten\u00a0 die Besonderheiten einer Kr\u00e4uterspirale erkunden. Zu Entdecken gibt es die verschiedenen Klimazonen, Pflanzen zur Limonadenherstellung und Kr\u00e4uter f\u00fcr die K\u00fcche. Selbst exotische Pflanzen, wie der Ananassalbei und Colakraut sind hier anzutreffen. 2018 wurde dann mit viel Aufwand der Teichbereich neu gestaltet und gesichert.<\/p>\n<p>Jeden Mittwoch (von M\u00e4rz bis Ende Oktober) in der 2. gro\u00dfen Pause k\u00f6nnen die Kinder unter Anleitung auf Entdeckungsreise gehen. Pflanzen werden durch Sinneserfahrungen bestimmt, neu ausges\u00e4t, Samen geerntet oder es erfolgt die Pflege der Kr\u00e4uterspirale. Mittlerweile haben sich einige Kinder als richtige Kr\u00e4uterexperten \u201cweitergebildet\u201c. Auch dieses Jahr \u00fcbernehmen die ersten Klassen wieder eine Pflanzenpatenschaft und k\u00f6nnen die Kr\u00e4uterspirale erkunden. Gerne k\u00f6nnen interessierte Eltern mit zur Entdeckerpause am Mittwoch um 10.45 Uhr kommen. Einen Dank geht an den F\u00f6rderverein f\u00fcr die Unterst\u00fctzung bei der Realisation und Unterhaltung der Kr\u00e4uterspirale.<\/p>\n<p>Thomas Kr\u00f6selberg<\/p>\n","protected":false},"excerpt":{"rendered":"<p>Kr\u00e4uterspirale der Janosch-Grundschule geht in die 3.Saison Bei der Kr\u00e4uterspirale gegen\u00fcber dem Naschgarten und dem neu gestalteten gr\u00fcnen Klassenzimmer k\u00f6nnen die Schulkinder jedes Jahr auf Entdeckungsreise gehen. Die Kr\u00e4uterspirale wurde 2017 nach l\u00e4ngerer Brachphase wieder Instand gesetzt. In dieser ersten Saison \u00fcbernahmen alle Klassen eine Patenschaft f\u00fcr eine Pflanze und konnten\u00a0 die Besonderheiten einer Kr\u00e4uterspirale erkunden. Zu Entdecken gibt es die verschiedenen Klimazonen, Pflanzen zur Limonadenherstellung und Kr\u00e4uter f\u00fcr die K\u00fcche. Selbst exotische Pflanzen, wie der Ananassalbei und Colakraut sind&#8230;<\/p>\n<p class=\"read-more\"><a class=\"btn btn-default\" href=\"https:\/\/wordpress.nibis.de\/gsaugustfehn\/kraeuterspirale\/\">Weiterlesen<span class=\"screen-reader-text\"> Weiterlesen<\/span><\/a><\/p>\n","protected":false},"author":9192395,"featured_media":0,"parent":0,"menu_order":0,"comment_status":"closed","ping_status":"closed","template":"","meta":{"footnotes":""},"class_list":["post-550","page","type-page","status-publish","hentry"],"_links":{"self":[{"href":"https:\/\/wordpress.nibis.de\/gsaugustfehn\/wp-json\/wp\/v2\/pages\/550","targetHints":{"allow":["GET"]}}],"collection":[{"href":"https:\/\/wordpress.nibis.de\/gsaugustfehn\/wp-json\/wp\/v2\/pages"}],"about":[{"href":"https:\/\/wordpress.nibis.de\/gsaugustfehn\/wp-json\/wp\/v2\/types\/page"}],"author":[{"embeddable":true,"href":"https:\/\/wordpress.nibis.de\/gsaugustfehn\/wp-json\/wp\/v2\/users\/9192395"}],"replies":[{"embeddable":true,"href":"https:\/\/wordpress.nibis.de\/gsaugustfehn\/wp-json\/wp\/v2\/comments?post=550"}],"version-history":[{"count":1,"href":"https:\/\/wordpress.nibis.de\/gsaugustfehn\/wp-json\/wp\/v2\/pages\/550\/revisions"}],"predecessor-version":[{"id":551,"href":"https:\/\/wordpress.nibis.de\/gsaugustfehn\/wp-json\/wp\/v2\/pages\/550\/revisions\/551"}],"wp:attachment":[{"href":"https:\/\/wordpress.nibis.de\/gsaugustfehn\/wp-json\/wp\/v2\/media?parent=550"}],"curies":[{"name":"wp","href":"https:\/\/api.w.org\/{rel}","templated":true}]}}