{"id":588,"date":"2019-11-03T14:50:21","date_gmt":"2019-11-03T13:50:21","guid":{"rendered":"https:\/\/wordpress.nibis.de\/gsaugustfehn\/?page_id=588"},"modified":"2019-11-03T14:50:21","modified_gmt":"2019-11-03T13:50:21","slug":"erntedankfruehstueck","status":"publish","type":"page","link":"https:\/\/wordpress.nibis.de\/gsaugustfehn\/erntedankfruehstueck\/","title":{"rendered":"Erntedankfr\u00fchst\u00fcck"},"content":{"rendered":"\n<p>Am 2.10.2019 fand in der dritten Stunde in allen Klassen ein Erntedankfr\u00fchst\u00fcck statt.<\/p>\n<p>Morgens trafen sich Eltern aus den vierten Klassen zur Vorbereitung in der K\u00fcche und schnitten flei\u00dfig die 16 selbstgebackenen Brote und bereiteten f\u00fcr alle Klassen ein Fr\u00fchst\u00fcck vor. W\u00e4hrenddessen \u00fcbten die Kinder der vierten Klasse ein letztes Mal die Erntedankgeschichte in kleinen Gruppen vorzutragen.<\/p>\n<p>In der dritten Stunde war es dann endlich so weit. Die Klassen 4a und 4b verteilten in<\/p>\n<p>Kleingruppen von jeweils sechs Kindern das Fr\u00fchst\u00fcck in den Klassen und lasen die<\/p>\n<p>Erntedankgeschichte vor. Dabei hatten sie sehr viel Spa\u00df. Die Sch\u00fcler in den Klassen waren begeistert und als die Viertkl\u00e4ssler ihre Geschichten vorlasen<\/p>\n<p>h\u00f6rten alle aufmerksam zu. Gespannt lauschten die Kinder den \u201eGro\u00dfen&#8220; und a\u00dfen dann viel Stuten mit selbstgemachter Marmelade.<\/p>\n","protected":false},"excerpt":{"rendered":"<p>Am 2.10.2019 fand in der dritten Stunde in allen Klassen ein Erntedankfr\u00fchst\u00fcck statt. Morgens trafen sich Eltern aus den vierten Klassen zur Vorbereitung in der K\u00fcche und schnitten flei\u00dfig die 16 selbstgebackenen Brote und bereiteten f\u00fcr alle Klassen ein Fr\u00fchst\u00fcck vor. W\u00e4hrenddessen \u00fcbten die Kinder der vierten Klasse ein letztes Mal die Erntedankgeschichte in kleinen Gruppen vorzutragen. In der dritten Stunde war es dann endlich so weit. Die Klassen 4a und 4b verteilten in Kleingruppen von jeweils sechs Kindern das&#8230;<\/p>\n<p class=\"read-more\"><a class=\"btn btn-default\" href=\"https:\/\/wordpress.nibis.de\/gsaugustfehn\/erntedankfruehstueck\/\">Weiterlesen<span class=\"screen-reader-text\"> Weiterlesen<\/span><\/a><\/p>\n","protected":false},"author":9192395,"featured_media":0,"parent":0,"menu_order":0,"comment_status":"closed","ping_status":"closed","template":"","meta":{"footnotes":""},"class_list":["post-588","page","type-page","status-publish","hentry"],"_links":{"self":[{"href":"https:\/\/wordpress.nibis.de\/gsaugustfehn\/wp-json\/wp\/v2\/pages\/588","targetHints":{"allow":["GET"]}}],"collection":[{"href":"https:\/\/wordpress.nibis.de\/gsaugustfehn\/wp-json\/wp\/v2\/pages"}],"about":[{"href":"https:\/\/wordpress.nibis.de\/gsaugustfehn\/wp-json\/wp\/v2\/types\/page"}],"author":[{"embeddable":true,"href":"https:\/\/wordpress.nibis.de\/gsaugustfehn\/wp-json\/wp\/v2\/users\/9192395"}],"replies":[{"embeddable":true,"href":"https:\/\/wordpress.nibis.de\/gsaugustfehn\/wp-json\/wp\/v2\/comments?post=588"}],"version-history":[{"count":1,"href":"https:\/\/wordpress.nibis.de\/gsaugustfehn\/wp-json\/wp\/v2\/pages\/588\/revisions"}],"predecessor-version":[{"id":589,"href":"https:\/\/wordpress.nibis.de\/gsaugustfehn\/wp-json\/wp\/v2\/pages\/588\/revisions\/589"}],"wp:attachment":[{"href":"https:\/\/wordpress.nibis.de\/gsaugustfehn\/wp-json\/wp\/v2\/media?parent=588"}],"curies":[{"name":"wp","href":"https:\/\/api.w.org\/{rel}","templated":true}]}}