{"id":605,"date":"2019-12-12T22:58:37","date_gmt":"2019-12-12T21:58:37","guid":{"rendered":"https:\/\/wordpress.nibis.de\/gsaugustfehn\/?page_id=605"},"modified":"2019-12-12T22:58:37","modified_gmt":"2019-12-12T21:58:37","slug":"1a-und-1b-bei-annes-buehne","status":"publish","type":"page","link":"https:\/\/wordpress.nibis.de\/gsaugustfehn\/1a-und-1b-bei-annes-buehne\/","title":{"rendered":"1a und 1b bei Annes B\u00fchne"},"content":{"rendered":"\n<p>Am 10. Dezember waren die 1. Klassen im M\u00e4nneken-Theater Hengstforde. Dort schauten wir das M\u00e4rchen \u201eDer Prinz mit den Eselsohren\u201c,\u00a0 aufgef\u00fchrt von Annes B\u00fchne.<\/p>\n<p>Mit tollen Puppen und Dekorationen erz\u00e4hlte und spielte Anne Sudbrack das spanische M\u00e4rchen von dem kleinen Prinzen, der mit Eselsohren aufwachsen musste. Gebannt verfolgten die Kinder die Handlung und nahmen mit spontanen \u00c4u\u00dferungen am Geschehen teil. So verging die Zeit bis zum Happy-End im Flug.<\/p>\n<p>Wir waren uns einig, einen tollen Theatervormittag erlebt zu haben.<\/p>\n","protected":false},"excerpt":{"rendered":"<p>Am 10. Dezember waren die 1. Klassen im M\u00e4nneken-Theater Hengstforde. Dort schauten wir das M\u00e4rchen \u201eDer Prinz mit den Eselsohren\u201c,\u00a0 aufgef\u00fchrt von Annes B\u00fchne. Mit tollen Puppen und Dekorationen erz\u00e4hlte und spielte Anne Sudbrack das spanische M\u00e4rchen von dem kleinen Prinzen, der mit Eselsohren aufwachsen musste. Gebannt verfolgten die Kinder die Handlung und nahmen mit spontanen \u00c4u\u00dferungen am Geschehen teil. So verging die Zeit bis zum Happy-End im Flug. Wir waren uns einig, einen tollen Theatervormittag erlebt zu haben.<\/p>\n","protected":false},"author":9192395,"featured_media":0,"parent":0,"menu_order":0,"comment_status":"closed","ping_status":"closed","template":"","meta":{"footnotes":""},"class_list":["post-605","page","type-page","status-publish","hentry"],"_links":{"self":[{"href":"https:\/\/wordpress.nibis.de\/gsaugustfehn\/wp-json\/wp\/v2\/pages\/605","targetHints":{"allow":["GET"]}}],"collection":[{"href":"https:\/\/wordpress.nibis.de\/gsaugustfehn\/wp-json\/wp\/v2\/pages"}],"about":[{"href":"https:\/\/wordpress.nibis.de\/gsaugustfehn\/wp-json\/wp\/v2\/types\/page"}],"author":[{"embeddable":true,"href":"https:\/\/wordpress.nibis.de\/gsaugustfehn\/wp-json\/wp\/v2\/users\/9192395"}],"replies":[{"embeddable":true,"href":"https:\/\/wordpress.nibis.de\/gsaugustfehn\/wp-json\/wp\/v2\/comments?post=605"}],"version-history":[{"count":1,"href":"https:\/\/wordpress.nibis.de\/gsaugustfehn\/wp-json\/wp\/v2\/pages\/605\/revisions"}],"predecessor-version":[{"id":606,"href":"https:\/\/wordpress.nibis.de\/gsaugustfehn\/wp-json\/wp\/v2\/pages\/605\/revisions\/606"}],"wp:attachment":[{"href":"https:\/\/wordpress.nibis.de\/gsaugustfehn\/wp-json\/wp\/v2\/media?parent=605"}],"curies":[{"name":"wp","href":"https:\/\/api.w.org\/{rel}","templated":true}]}}