{"id":119,"date":"2018-05-23T17:18:17","date_gmt":"2018-05-23T15:18:17","guid":{"rendered":"http:\/\/wordpress.nibis.de\/gsbadnenndorf\/?page_id=119"},"modified":"2019-09-26T01:42:56","modified_gmt":"2019-09-25T23:42:56","slug":"gemeinsames-fruehstueck","status":"publish","type":"page","link":"https:\/\/wordpress.nibis.de\/gsbadnenndorf\/gemeinsames-fruehstueck\/","title":{"rendered":"Gemeinsames Fr\u00fchst\u00fcck"},"content":{"rendered":"<h4>Das Gemeinsame Fr\u00fchst\u00fcck<\/h4>\n<p>2011 bildete sich aus dem Schulelternrat eine Arbeitsgruppe, die das Projekt \u201eGemeinsames Fr\u00fchst\u00fcck\u201c auf den Weg brachte. Es wurden Sponsoren und Lieferanten gesucht.<\/p>\n<p>Im Februar 2012 war es dann soweit. Das erste \u201eGemeinsame Fr\u00fchst\u00fcck\u201c wurde von engagierten Eltern zubereitet und in den Klassen verteilt.<\/p>\n<p>Nach einiger Zeit, wurde daraus ein gro\u00dfes B\u00fcffet, das in der Pausenhalle aufgebaut wurde.<\/p>\n<p>Das \u201eGemeinsame Fr\u00fchst\u00fcck\u201c findet jeden 2. Monat im Schuljahr an einem Donnerstag statt und wird von engagierten Eltern organisiert und vorbereitet. Die Termine werden zu Beginn eines neuen\u00a0 Schuljahres bekannt gegeben.<\/p>\n<p>Unterst\u00fctzung erhalten die Organisator(inn)en durch ortsans\u00e4ssige Firmen.<\/p>\n<p>Das reichhaltige Angebot erstreckt sich von belegten Br\u00f6tchen, Quarkspeisen, gekochten Eiern bis zu\u00a0 geschnittenen Obst und Gem\u00fcse. Das B\u00fcffet findet jedes Mal gro\u00dfen Zuspruch bei den Sch\u00fclerinnen und Sch\u00fclern.<\/p>\n<p>Finanziert wird das \u201eGemeinsame Fr\u00fchst\u00fcck\u201c durch einen Beitrag pro Sch\u00fcler(in), der \u00fcber die Klassenkassen eingesammelt wird.<\/p>\n<p>Interessierte Eltern und Gro\u00dfeltern sind herzlich eingeladen, bei der Vorbereitung und\/oder Organisation zu helfen.<\/p>\n<p><img loading=\"lazy\" decoding=\"async\" class=\" wp-image-795 alignleft\" src=\"https:\/\/wordpress.nibis.de\/gsbadnenndorf\/files\/2019\/09\/Gemeinsames-Fr\u00fchst\u00fcck.png\" alt=\"\" width=\"352\" height=\"217\" srcset=\"https:\/\/wordpress.nibis.de\/gsbadnenndorf\/files\/2019\/09\/Gemeinsames-Fr\u00fchst\u00fcck.png 602w, https:\/\/wordpress.nibis.de\/gsbadnenndorf\/files\/2019\/09\/Gemeinsames-Fr\u00fchst\u00fcck-300x185.png 300w\" sizes=\"auto, (max-width: 352px) 100vw, 352px\" \/><img loading=\"lazy\" decoding=\"async\" class=\"size-medium wp-image-123 aligncenter\" src=\"http:\/\/wordpress.nibis.de\/gsbadnenndorf\/files\/2018\/05\/IMG_20150611_092009-225x300.jpg\" alt=\"\" width=\"225\" height=\"300\" srcset=\"https:\/\/wordpress.nibis.de\/gsbadnenndorf\/files\/2018\/05\/IMG_20150611_092009-225x300.jpg 225w, https:\/\/wordpress.nibis.de\/gsbadnenndorf\/files\/2018\/05\/IMG_20150611_092009.jpg 768w\" sizes=\"auto, (max-width: 225px) 100vw, 225px\" \/><\/p>\n","protected":false},"excerpt":{"rendered":"<p>Das Gemeinsame Fr\u00fchst\u00fcck 2011 bildete sich aus dem Schulelternrat eine Arbeitsgruppe, die das Projekt \u201eGemeinsames Fr\u00fchst\u00fcck\u201c auf den Weg brachte. Es wurden Sponsoren und Lieferanten gesucht. Im Februar 2012 war es dann soweit. Das erste \u201eGemeinsame Fr\u00fchst\u00fcck\u201c wurde von engagierten Eltern zubereitet und in den Klassen verteilt. Nach einiger Zeit, wurde daraus ein gro\u00dfes B\u00fcffet, [&hellip;]<\/p>\n","protected":false},"author":9192571,"featured_media":0,"parent":0,"menu_order":0,"comment_status":"closed","ping_status":"closed","template":"","meta":{"footnotes":""},"class_list":["post-119","page","type-page","status-publish","hentry"],"_links":{"self":[{"href":"https:\/\/wordpress.nibis.de\/gsbadnenndorf\/wp-json\/wp\/v2\/pages\/119","targetHints":{"allow":["GET"]}}],"collection":[{"href":"https:\/\/wordpress.nibis.de\/gsbadnenndorf\/wp-json\/wp\/v2\/pages"}],"about":[{"href":"https:\/\/wordpress.nibis.de\/gsbadnenndorf\/wp-json\/wp\/v2\/types\/page"}],"author":[{"embeddable":true,"href":"https:\/\/wordpress.nibis.de\/gsbadnenndorf\/wp-json\/wp\/v2\/users\/9192571"}],"replies":[{"embeddable":true,"href":"https:\/\/wordpress.nibis.de\/gsbadnenndorf\/wp-json\/wp\/v2\/comments?post=119"}],"version-history":[{"count":7,"href":"https:\/\/wordpress.nibis.de\/gsbadnenndorf\/wp-json\/wp\/v2\/pages\/119\/revisions"}],"predecessor-version":[{"id":796,"href":"https:\/\/wordpress.nibis.de\/gsbadnenndorf\/wp-json\/wp\/v2\/pages\/119\/revisions\/796"}],"wp:attachment":[{"href":"https:\/\/wordpress.nibis.de\/gsbadnenndorf\/wp-json\/wp\/v2\/media?parent=119"}],"curies":[{"name":"wp","href":"https:\/\/api.w.org\/{rel}","templated":true}]}}