{"id":1973,"date":"2024-03-21T10:01:52","date_gmt":"2024-03-21T09:01:52","guid":{"rendered":"https:\/\/wordpress.nibis.de\/gsbadnenndorf\/?page_id=1973"},"modified":"2024-03-21T10:06:32","modified_gmt":"2024-03-21T09:06:32","slug":"fit4future-praeventionsinitiative","status":"publish","type":"page","link":"https:\/\/wordpress.nibis.de\/gsbadnenndorf\/fit4future-praeventionsinitiative\/","title":{"rendered":"fit4future Pr\u00e4ventionsinitiative"},"content":{"rendered":"<p><b><img loading=\"lazy\" decoding=\"async\" class=\"wp-image-1975 alignleft\" src=\"https:\/\/wordpress.nibis.de\/gsbadnenndorf\/files\/2024\/03\/20240315_111321-scaled.jpg\" alt=\"Logo fit4future\" width=\"335\" height=\"241\" srcset=\"https:\/\/wordpress.nibis.de\/gsbadnenndorf\/files\/2024\/03\/20240315_111321-scaled.jpg 2560w, https:\/\/wordpress.nibis.de\/gsbadnenndorf\/files\/2024\/03\/20240315_111321-300x216.jpg 300w, https:\/\/wordpress.nibis.de\/gsbadnenndorf\/files\/2024\/03\/20240315_111321-1024x738.jpg 1024w, https:\/\/wordpress.nibis.de\/gsbadnenndorf\/files\/2024\/03\/20240315_111321-768x553.jpg 768w, https:\/\/wordpress.nibis.de\/gsbadnenndorf\/files\/2024\/03\/20240315_111321-1536x1106.jpg 1536w, https:\/\/wordpress.nibis.de\/gsbadnenndorf\/files\/2024\/03\/20240315_111321-2048x1475.jpg 2048w\" sizes=\"auto, (max-width: 335px) 100vw, 335px\" \/>fit4future<\/b>\u00a0ist eine deutschlandweite, wissenschaftlich entwickelte Pr\u00e4ventionsinitiative. Sie startete 2005 und unterst\u00fctzt Kinder und Jugendliche von der Kita bis zum Schulabschluss, einen nachhaltig gesunden Lebensstil zu entwickeln.<\/p>\n<p>In diesem Schuljahr startet das Projekt fit4future im Jahrgang 1 und wird dann fortlaufend die Klassen begleiten, bis die Sch\u00fclerinnen und Sch\u00fcler in die weiterf\u00fchrenden Schulen gehen.<\/p>\n<p>Zun\u00e4chst wird das Programm mit dem jetzigen Jahrgang 1 fortlaufend durchgef\u00fchrt.\u00a0 Noch steht nicht fest, ob es\u00a0 auf zuk\u00fcnftigen Jahrg\u00e4nge ausgeweitet wird.<\/p>\n<p>fit4future besteht aus 4 Modulen:<\/p>\n<ul>\n<li>Bewegung<\/li>\n<li>Brainfitness<\/li>\n<li>Ern\u00e4hrung<\/li>\n<li>Verh\u00e4ltnispr\u00e4vention (seit 2016 mit dem Einstieg des Kompetenzpartner DAK Gesundheit)<\/li>\n<\/ul>\n<p>Das Programm wird von der fit4future foundation Germany mit dem Kompetenzpartner DAK Gesundheit gestaltet.<\/p>\n<p>Informationen finden Sie auf der Seite der <a href=\"https:\/\/fit-4-future.de\/\" target=\"_blank\" rel=\"noopener\">Foundation fit4fture<\/a>, bei der\u00a0<a href=\"https:\/\/www.dak.de\/dak\/gesundheit\/praeventionsinitiative-fit4future-2073632.html#\/\" target=\"_blank\" rel=\"noopener\">DAK fit4future<\/a> und auf <a href=\"https:\/\/de.wikipedia.org\/wiki\/Fit4future\" target=\"_blank\" rel=\"noopener\">Wikipedia<\/a>.<\/p>\n<p>Das Konzept fit4future k\u00f6nnen Sie auch <a href=\"https:\/\/wordpress.nibis.de\/gsbadnenndorf\/files\/2024\/03\/Konzept.pdf\" target=\"_blank\" rel=\"noopener\">hier<\/a> herunterladen.<\/p>\n<p>&nbsp;<\/p>\n","protected":false},"excerpt":{"rendered":"<p>fit4future\u00a0ist eine deutschlandweite, wissenschaftlich entwickelte Pr\u00e4ventionsinitiative. Sie startete 2005 und unterst\u00fctzt Kinder und Jugendliche von der Kita bis zum Schulabschluss, einen nachhaltig gesunden Lebensstil zu entwickeln. In diesem Schuljahr startet das Projekt fit4future im Jahrgang 1 und wird dann fortlaufend die Klassen begleiten, bis die Sch\u00fclerinnen und Sch\u00fcler in die weiterf\u00fchrenden Schulen gehen. Zun\u00e4chst wird [&hellip;]<\/p>\n","protected":false},"author":9192571,"featured_media":0,"parent":0,"menu_order":0,"comment_status":"closed","ping_status":"closed","template":"","meta":{"footnotes":""},"class_list":["post-1973","page","type-page","status-publish","hentry"],"_links":{"self":[{"href":"https:\/\/wordpress.nibis.de\/gsbadnenndorf\/wp-json\/wp\/v2\/pages\/1973","targetHints":{"allow":["GET"]}}],"collection":[{"href":"https:\/\/wordpress.nibis.de\/gsbadnenndorf\/wp-json\/wp\/v2\/pages"}],"about":[{"href":"https:\/\/wordpress.nibis.de\/gsbadnenndorf\/wp-json\/wp\/v2\/types\/page"}],"author":[{"embeddable":true,"href":"https:\/\/wordpress.nibis.de\/gsbadnenndorf\/wp-json\/wp\/v2\/users\/9192571"}],"replies":[{"embeddable":true,"href":"https:\/\/wordpress.nibis.de\/gsbadnenndorf\/wp-json\/wp\/v2\/comments?post=1973"}],"version-history":[{"count":6,"href":"https:\/\/wordpress.nibis.de\/gsbadnenndorf\/wp-json\/wp\/v2\/pages\/1973\/revisions"}],"predecessor-version":[{"id":1987,"href":"https:\/\/wordpress.nibis.de\/gsbadnenndorf\/wp-json\/wp\/v2\/pages\/1973\/revisions\/1987"}],"wp:attachment":[{"href":"https:\/\/wordpress.nibis.de\/gsbadnenndorf\/wp-json\/wp\/v2\/media?parent=1973"}],"curies":[{"name":"wp","href":"https:\/\/api.w.org\/{rel}","templated":true}]}}