{"id":2182,"date":"2025-05-21T10:10:31","date_gmt":"2025-05-21T08:10:31","guid":{"rendered":"https:\/\/wordpress.nibis.de\/gsbadnenndorf\/?page_id=2182"},"modified":"2025-05-22T11:31:20","modified_gmt":"2025-05-22T09:31:20","slug":"unser-chor-in-der-schule-musik-verbindet","status":"publish","type":"page","link":"https:\/\/wordpress.nibis.de\/gsbadnenndorf\/unser-chor-in-der-schule-musik-verbindet\/","title":{"rendered":"Unser Chor in der Schule &#8211; Musik verbindet!"},"content":{"rendered":"<p><img loading=\"lazy\" decoding=\"async\" class=\"alignnone wp-image-2183\" src=\"https:\/\/wordpress.nibis.de\/gsbadnenndorf\/files\/2025\/05\/Musik.jpg\" alt=\"\" width=\"381\" height=\"225\" srcset=\"https:\/\/wordpress.nibis.de\/gsbadnenndorf\/files\/2025\/05\/Musik.jpg 792w, https:\/\/wordpress.nibis.de\/gsbadnenndorf\/files\/2025\/05\/Musik-300x177.jpg 300w, https:\/\/wordpress.nibis.de\/gsbadnenndorf\/files\/2025\/05\/Musik-768x453.jpg 768w\" sizes=\"auto, (max-width: 381px) 100vw, 381px\" \/><\/p>\n<p>Seit Beginn 2025 bereichert der neue Chor das Schulleben mit seinen melodischen Kl\u00e4ngen! Ein riesen Dankesch\u00f6n an Frau J\u00fcrgens f\u00fcr die Initiierung und Leitung des Chores! Wir freuen uns, dass der Chor so gro\u00dfen Anklang findet, sodass es sogar zwei Gruppen geben kann. Beide Gruppen treffen sich w\u00f6chentlich von 14-15 Uhr im Musikraum der Berlin-Schule. Hier werden mit Frau J\u00fcrgens ihre Stimmen geschult und neue Lieder einstudiert.<\/p>\n<p>Das Ziel des Chores ist es, die Freude am Singen zu f\u00f6rdern, eine M\u00f6glichkeit zum professionell angeleiteten Singen zu bieten und bei besonderen Anl\u00e4ssen unsere Schulgemeinschaft musikalisch zu verzaubern. Wir freuen uns auf viele tolle Auftritte und w\u00fcnschen viel Spa\u00df beim Singen!<\/p>\n<p>Wenn Ihr Kind im Chor mitsingen m\u00f6chte oder Sie Fragen zum Projekt haben, kontaktieren Sie bitte Frau J\u00fcrgens unter der Email &#103;&#x72;&#x69;t&#108;&#x69;&#46;&#106;&#x75;e&#114;&#x67;e&#110;&#x73;&#x40;&#112;&#x6f;&#x73;t&#101;&#x6f;&#46;&#100;&#x65;.<\/p>\n<p>Wir weisen daraufhin, dass die Teilnahme kostenpflichtig ist. Den Beitrag k\u00f6nnen Sie ebenfalls bei Frau J\u00fcrgens erfragen.<\/p>\n","protected":false},"excerpt":{"rendered":"<p>Seit Beginn 2025 bereichert der neue Chor das Schulleben mit seinen melodischen Kl\u00e4ngen! Ein riesen Dankesch\u00f6n an Frau J\u00fcrgens f\u00fcr die Initiierung und Leitung des Chores! Wir freuen uns, dass der Chor so gro\u00dfen Anklang findet, sodass es sogar zwei Gruppen geben kann. Beide Gruppen treffen sich w\u00f6chentlich von 14-15 Uhr im Musikraum der Berlin-Schule. [&hellip;]<\/p>\n","protected":false},"author":9192571,"featured_media":0,"parent":0,"menu_order":0,"comment_status":"closed","ping_status":"closed","template":"","meta":{"footnotes":""},"class_list":["post-2182","page","type-page","status-publish","hentry"],"_links":{"self":[{"href":"https:\/\/wordpress.nibis.de\/gsbadnenndorf\/wp-json\/wp\/v2\/pages\/2182","targetHints":{"allow":["GET"]}}],"collection":[{"href":"https:\/\/wordpress.nibis.de\/gsbadnenndorf\/wp-json\/wp\/v2\/pages"}],"about":[{"href":"https:\/\/wordpress.nibis.de\/gsbadnenndorf\/wp-json\/wp\/v2\/types\/page"}],"author":[{"embeddable":true,"href":"https:\/\/wordpress.nibis.de\/gsbadnenndorf\/wp-json\/wp\/v2\/users\/9192571"}],"replies":[{"embeddable":true,"href":"https:\/\/wordpress.nibis.de\/gsbadnenndorf\/wp-json\/wp\/v2\/comments?post=2182"}],"version-history":[{"count":2,"href":"https:\/\/wordpress.nibis.de\/gsbadnenndorf\/wp-json\/wp\/v2\/pages\/2182\/revisions"}],"predecessor-version":[{"id":2189,"href":"https:\/\/wordpress.nibis.de\/gsbadnenndorf\/wp-json\/wp\/v2\/pages\/2182\/revisions\/2189"}],"wp:attachment":[{"href":"https:\/\/wordpress.nibis.de\/gsbadnenndorf\/wp-json\/wp\/v2\/media?parent=2182"}],"curies":[{"name":"wp","href":"https:\/\/api.w.org\/{rel}","templated":true}]}}