{"id":35,"date":"2018-05-22T21:35:36","date_gmt":"2018-05-22T19:35:36","guid":{"rendered":"http:\/\/wordpress.nibis.de\/gsbadnenndorf\/?page_id=35"},"modified":"2025-08-11T10:28:21","modified_gmt":"2025-08-11T08:28:21","slug":"willkommen","status":"publish","type":"page","link":"https:\/\/wordpress.nibis.de\/gsbadnenndorf\/","title":{"rendered":"Willkommen"},"content":{"rendered":"<h3 style=\"text-align: center\">\u00a0 Herzlich Willkommen<\/h3>\n<h3 style=\"text-align: center\">auf der Internetseite der<\/h3>\n<h3 style=\"text-align: center\">Grundschule Berlin-Schule Bad Nenndorf.<\/h3>\n<h3><img loading=\"lazy\" decoding=\"async\" class=\" wp-image-8 aligncenter\" src=\"http:\/\/wordpress.nibis.de\/gsbadnenndorf\/files\/2018\/05\/YUN01648-300x181.jpg\" alt=\"\" width=\"505\" height=\"305\" srcset=\"https:\/\/wordpress.nibis.de\/gsbadnenndorf\/files\/2018\/05\/YUN01648-300x181.jpg 300w, https:\/\/wordpress.nibis.de\/gsbadnenndorf\/files\/2018\/05\/YUN01648-768x464.jpg 768w, https:\/\/wordpress.nibis.de\/gsbadnenndorf\/files\/2018\/05\/YUN01648.jpg 1024w\" sizes=\"auto, (max-width: 505px) 100vw, 505px\" \/><\/h3>\n<p>Hier k\u00f6nnen Sie sich einen \u00dcberblick \u00fcber unsere Schule verschaffen und erste Eindr\u00fccke sammeln<br \/>\nsowie sich \u00fcber die Schulgemeinschaft, Termine und Projekte informieren.<\/p>\n<p>Wir sind eine verl\u00e4ssliche Grundschule, d. h. f\u00fcr alle Sch\u00fclerinnen und Sch\u00fcler ist t\u00e4glich ein mindestens f\u00fcnf Zeitstunden umfassendes Schulangebot (inklusive Betreuung) sichergestellt.<br \/>\nSeit Beginn des Schuljahres 2012\/2013 sind wir auch eine offene Ganztagsschule.<\/p>\n<p>Zur Zeit besuchen ca. 450 Sch\u00fclerinnen und Sch\u00fcler aus der Samtgemeinde Nenndorf (Ortsteile Bad Nenndorf, Horsten, Riepen, Waltringhausen) in 21 Klassen unsere Schule.<\/p>\n<p>Unser Leitbild lautet:<\/p>\n<p><img loading=\"lazy\" decoding=\"async\" class=\"aligncenter wp-image-512 \" src=\"http:\/\/wordpress.nibis.de\/gsbadnenndorf\/files\/2018\/10\/Leitbild-GS_BN-267x300.png\" alt=\"\" width=\"291\" height=\"327\" \/><\/p>\n","protected":false},"excerpt":{"rendered":"<p>\u00a0 Herzlich Willkommen auf der Internetseite der Grundschule Berlin-Schule Bad Nenndorf. Hier k\u00f6nnen Sie sich einen \u00dcberblick \u00fcber unsere Schule verschaffen und erste Eindr\u00fccke sammeln sowie sich \u00fcber die Schulgemeinschaft, Termine und Projekte informieren. Wir sind eine verl\u00e4ssliche Grundschule, d. h. f\u00fcr alle Sch\u00fclerinnen und Sch\u00fcler ist t\u00e4glich ein mindestens f\u00fcnf Zeitstunden umfassendes Schulangebot (inklusive [&hellip;]<\/p>\n","protected":false},"author":9192571,"featured_media":0,"parent":0,"menu_order":0,"comment_status":"closed","ping_status":"closed","template":"","meta":{"footnotes":""},"class_list":["post-35","page","type-page","status-publish","hentry"],"_links":{"self":[{"href":"https:\/\/wordpress.nibis.de\/gsbadnenndorf\/wp-json\/wp\/v2\/pages\/35","targetHints":{"allow":["GET"]}}],"collection":[{"href":"https:\/\/wordpress.nibis.de\/gsbadnenndorf\/wp-json\/wp\/v2\/pages"}],"about":[{"href":"https:\/\/wordpress.nibis.de\/gsbadnenndorf\/wp-json\/wp\/v2\/types\/page"}],"author":[{"embeddable":true,"href":"https:\/\/wordpress.nibis.de\/gsbadnenndorf\/wp-json\/wp\/v2\/users\/9192571"}],"replies":[{"embeddable":true,"href":"https:\/\/wordpress.nibis.de\/gsbadnenndorf\/wp-json\/wp\/v2\/comments?post=35"}],"version-history":[{"count":23,"href":"https:\/\/wordpress.nibis.de\/gsbadnenndorf\/wp-json\/wp\/v2\/pages\/35\/revisions"}],"predecessor-version":[{"id":2261,"href":"https:\/\/wordpress.nibis.de\/gsbadnenndorf\/wp-json\/wp\/v2\/pages\/35\/revisions\/2261"}],"wp:attachment":[{"href":"https:\/\/wordpress.nibis.de\/gsbadnenndorf\/wp-json\/wp\/v2\/media?parent=35"}],"curies":[{"name":"wp","href":"https:\/\/api.w.org\/{rel}","templated":true}]}}