{"id":557,"date":"2018-11-09T17:04:53","date_gmt":"2018-11-09T16:04:53","guid":{"rendered":"http:\/\/wordpress.nibis.de\/gsbadnenndorf\/?page_id=557"},"modified":"2024-08-09T16:20:29","modified_gmt":"2024-08-09T14:20:29","slug":"projekte-des-foerderverein","status":"publish","type":"page","link":"https:\/\/wordpress.nibis.de\/gsbadnenndorf\/projekte-des-foerderverein\/","title":{"rendered":"Projekte des F\u00f6rderverein"},"content":{"rendered":"<h4><strong>Ausstattung der Klassenr\u00e4ume<\/strong><\/h4>\n<p><img loading=\"lazy\" decoding=\"async\" class=\"alignnone wp-image-2060\" src=\"https:\/\/wordpress.nibis.de\/gsbadnenndorf\/files\/2024\/08\/Ba\u0308nke.jpg\" alt=\"\" width=\"317\" height=\"238\" srcset=\"https:\/\/wordpress.nibis.de\/gsbadnenndorf\/files\/2024\/08\/Ba\u0308nke.jpg 540w, https:\/\/wordpress.nibis.de\/gsbadnenndorf\/files\/2024\/08\/Ba\u0308nke-300x225.jpg 300w\" sizes=\"auto, (max-width: 317px) 100vw, 317px\" \/> \u00a0\u00a0\u00a0 <img loading=\"lazy\" decoding=\"async\" class=\"alignnone wp-image-2070\" src=\"https:\/\/wordpress.nibis.de\/gsbadnenndorf\/files\/2024\/08\/Trocknungswagen.jpg\" alt=\"\" width=\"135\" height=\"239\" srcset=\"https:\/\/wordpress.nibis.de\/gsbadnenndorf\/files\/2024\/08\/Trocknungswagen.jpg 472w, https:\/\/wordpress.nibis.de\/gsbadnenndorf\/files\/2024\/08\/Trocknungswagen-169x300.jpg 169w\" sizes=\"auto, (max-width: 135px) 100vw, 135px\" \/> \u00a0\u00a0\u00a0\u00a0\u00a0\u00a0 <img loading=\"lazy\" decoding=\"async\" class=\"alignnone wp-image-2064\" src=\"https:\/\/wordpress.nibis.de\/gsbadnenndorf\/files\/2024\/08\/Pausenspielzeug-e1723212634293.png\" alt=\"\" width=\"208\" height=\"240\" srcset=\"https:\/\/wordpress.nibis.de\/gsbadnenndorf\/files\/2024\/08\/Pausenspielzeug-e1723212634293.png 676w, https:\/\/wordpress.nibis.de\/gsbadnenndorf\/files\/2024\/08\/Pausenspielzeug-e1723212634293-260x300.png 260w\" sizes=\"auto, (max-width: 208px) 100vw, 208px\" \/><br \/>\n<span style=\"font-size: 10pt\">\u00a0\u00a0\u00a0\u00a0\u00a0\u00a0\u00a0\u00a0\u00a0\u00a0\u00a0\u00a0\u00a0\u00a0\u00a0\u00a0\u00a0\u00a0\u00a0\u00a0\u00a0\u00a0\u00a0\u00a0\u00a0\u00a0\u00a0\u00a0 Sitzkreisb\u00e4nke\u00a0\u00a0\u00a0\u00a0\u00a0\u00a0\u00a0\u00a0\u00a0\u00a0\u00a0\u00a0\u00a0\u00a0\u00a0\u00a0\u00a0\u00a0\u00a0\u00a0\u00a0\u00a0\u00a0\u00a0\u00a0\u00a0\u00a0\u00a0\u00a0\u00a0\u00a0\u00a0\u00a0\u00a0\u00a0 Trockenwagen f\u00fcr Kunstwerke<\/span> \u00a0\u00a0\u00a0\u00a0\u00a0\u00a0\u00a0\u00a0\u00a0\u00a0\u00a0 <span style=\"font-size: 10pt\">Pausenspielzeug<\/span><\/p>\n<h4><\/h4>\n<h4>Ausstattung f\u00fcr den Fachunterricht<\/h4>\n<p><img loading=\"lazy\" decoding=\"async\" class=\"alignnone wp-image-2068\" src=\"https:\/\/wordpress.nibis.de\/gsbadnenndorf\/files\/2024\/08\/Standbohrmaschine.png\" alt=\"\" width=\"176\" height=\"267\" srcset=\"https:\/\/wordpress.nibis.de\/gsbadnenndorf\/files\/2024\/08\/Standbohrmaschine.png 587w, https:\/\/wordpress.nibis.de\/gsbadnenndorf\/files\/2024\/08\/Standbohrmaschine-198x300.png 198w\" sizes=\"auto, (max-width: 176px) 100vw, 176px\" \/> \u00a0\u00a0 <img loading=\"lazy\" decoding=\"async\" class=\"alignnone wp-image-2069\" src=\"https:\/\/wordpress.nibis.de\/gsbadnenndorf\/files\/2024\/08\/Tonofen-e1723212836577.png\" alt=\"\" width=\"229\" height=\"270\" srcset=\"https:\/\/wordpress.nibis.de\/gsbadnenndorf\/files\/2024\/08\/Tonofen-e1723212836577.png 451w, https:\/\/wordpress.nibis.de\/gsbadnenndorf\/files\/2024\/08\/Tonofen-e1723212836577-254x300.png 254w\" sizes=\"auto, (max-width: 229px) 100vw, 229px\" \/>\u00a0 <img loading=\"lazy\" decoding=\"async\" class=\"alignnone wp-image-2067\" src=\"https:\/\/wordpress.nibis.de\/gsbadnenndorf\/files\/2024\/08\/Skelett-.png\" alt=\"\" width=\"121\" height=\"271\" srcset=\"https:\/\/wordpress.nibis.de\/gsbadnenndorf\/files\/2024\/08\/Skelett-.png 418w, https:\/\/wordpress.nibis.de\/gsbadnenndorf\/files\/2024\/08\/Skelett--134x300.png 134w\" sizes=\"auto, (max-width: 121px) 100vw, 121px\" \/><\/p>\n<p><span style=\"font-size: 10pt\">\u00a0\u00a0\u00a0\u00a0\u00a0\u00a0\u00a0\u00a0\u00a0\u00a0\u00a0\u00a0\u00a0 Standbohrer \u00a0 \u00a0 \u00a0 \u00a0 \u00a0 \u00a0 \u00a0 \u00a0 \u00a0 \u00a0 \u00a0 \u00a0 \u00a0 \u00a0 \u00a0 \u00a0 \u00a0 \u00a0\u00a0 Brennofen\u00a0\u00a0\u00a0\u00a0\u00a0\u00a0\u00a0\u00a0\u00a0\u00a0\u00a0\u00a0\u00a0\u00a0\u00a0\u00a0\u00a0\u00a0\u00a0\u00a0\u00a0\u00a0\u00a0\u00a0\u00a0\u00a0\u00a0\u00a0\u00a0\u00a0\u00a0\u00a0\u00a0\u00a0 Skelett<\/span><\/p>\n<p><img loading=\"lazy\" decoding=\"async\" class=\"alignnone wp-image-2066\" src=\"https:\/\/wordpress.nibis.de\/gsbadnenndorf\/files\/2024\/08\/Rechenset-fu\u0308r-Mathe.png\" alt=\"\" width=\"212\" height=\"195\" srcset=\"https:\/\/wordpress.nibis.de\/gsbadnenndorf\/files\/2024\/08\/Rechenset-fu\u0308r-Mathe.png 870w, https:\/\/wordpress.nibis.de\/gsbadnenndorf\/files\/2024\/08\/Rechenset-fu\u0308r-Mathe-300x277.png 300w, https:\/\/wordpress.nibis.de\/gsbadnenndorf\/files\/2024\/08\/Rechenset-fu\u0308r-Mathe-768x708.png 768w\" sizes=\"auto, (max-width: 212px) 100vw, 212px\" \/><\/p>\n<p><span style=\"font-size: 10pt\">Rechenm\u00e4ppchen f\u00fcr jedes Kind<\/span><\/p>\n<h4>2023 &#8211; Saftige Leckereien<\/h4>\n<p><img loading=\"lazy\" decoding=\"async\" class=\"wp-image-2001 alignleft\" src=\"https:\/\/wordpress.nibis.de\/gsbadnenndorf\/files\/2024\/05\/Obstpresse-scaled.jpg\" alt=\"\" width=\"178\" height=\"277\" srcset=\"https:\/\/wordpress.nibis.de\/gsbadnenndorf\/files\/2024\/05\/Obstpresse-scaled.jpg 1645w, https:\/\/wordpress.nibis.de\/gsbadnenndorf\/files\/2024\/05\/Obstpresse-193x300.jpg 193w, https:\/\/wordpress.nibis.de\/gsbadnenndorf\/files\/2024\/05\/Obstpresse-658x1024.jpg 658w, https:\/\/wordpress.nibis.de\/gsbadnenndorf\/files\/2024\/05\/Obstpresse-768x1195.jpg 768w, https:\/\/wordpress.nibis.de\/gsbadnenndorf\/files\/2024\/05\/Obstpresse-987x1536.jpg 987w, https:\/\/wordpress.nibis.de\/gsbadnenndorf\/files\/2024\/05\/Obstpresse-1316x2048.jpg 1316w\" sizes=\"auto, (max-width: 178px) 100vw, 178px\" \/>F\u00fcr den Unterricht und besondere Projekttage wie bspw. das Apfelfest wurden eine mechanische Obstpresse und eine Obstm\u00fchle angeschafft.<\/p>\n<h4><\/h4>\n<h4><\/h4>\n<h4><\/h4>\n<h4><\/h4>\n<p>&nbsp;<\/p>\n<p><strong>2021 &#8211; Circus Phantasia<\/strong><\/p>\n<p><img loading=\"lazy\" decoding=\"async\" class=\"alignnone wp-image-2061\" src=\"https:\/\/wordpress.nibis.de\/gsbadnenndorf\/files\/2024\/08\/Circus-Phantasia-Schu\u0308lerverpflegung-.png\" alt=\"\" width=\"590\" height=\"348\" srcset=\"https:\/\/wordpress.nibis.de\/gsbadnenndorf\/files\/2024\/08\/Circus-Phantasia-Schu\u0308lerverpflegung-.png 842w, https:\/\/wordpress.nibis.de\/gsbadnenndorf\/files\/2024\/08\/Circus-Phantasia-Schu\u0308lerverpflegung--300x177.png 300w, https:\/\/wordpress.nibis.de\/gsbadnenndorf\/files\/2024\/08\/Circus-Phantasia-Schu\u0308lerverpflegung--768x453.png 768w\" sizes=\"auto, (max-width: 590px) 100vw, 590px\" \/><\/p>\n<p>Verpflegung der Sch\u00fclerinnen und Sch\u00fcler bei den Generalproben<\/p>\n<h4>2019 &#8211; Gestaltung eines &#8222;Gr\u00fcnen Klassenzimmer&#8220;<\/h4>\n<p>Es geht voran. Die Gestaltung des Gr\u00fcnen Klassenzimmers wurde mit viel Flei\u00df in Angriff genommen.<\/p>\n<figure id=\"attachment_766\" aria-describedby=\"caption-attachment-766\" style=\"width: 272px\" class=\"wp-caption alignleft\"><img loading=\"lazy\" decoding=\"async\" class=\"wp-image-766\" src=\"https:\/\/wordpress.nibis.de\/gsbadnenndorf\/files\/2019\/09\/20190619_085211.jpg\" alt=\"\" width=\"272\" height=\"204\" srcset=\"https:\/\/wordpress.nibis.de\/gsbadnenndorf\/files\/2019\/09\/20190619_085211.jpg 4032w, https:\/\/wordpress.nibis.de\/gsbadnenndorf\/files\/2019\/09\/20190619_085211-300x225.jpg 300w, https:\/\/wordpress.nibis.de\/gsbadnenndorf\/files\/2019\/09\/20190619_085211-768x576.jpg 768w, https:\/\/wordpress.nibis.de\/gsbadnenndorf\/files\/2019\/09\/20190619_085211-1024x768.jpg 1024w\" sizes=\"auto, (max-width: 272px) 100vw, 272px\" \/><figcaption id=\"caption-attachment-766\" class=\"wp-caption-text\">Stand Juni 2019<\/figcaption><\/figure>\n<figure id=\"attachment_767\" aria-describedby=\"caption-attachment-767\" style=\"width: 256px\" class=\"wp-caption alignright\"><img loading=\"lazy\" decoding=\"async\" class=\"wp-image-767\" src=\"https:\/\/wordpress.nibis.de\/gsbadnenndorf\/files\/2019\/09\/20190826_134635.jpg\" alt=\"\" width=\"256\" height=\"192\" srcset=\"https:\/\/wordpress.nibis.de\/gsbadnenndorf\/files\/2019\/09\/20190826_134635.jpg 4032w, https:\/\/wordpress.nibis.de\/gsbadnenndorf\/files\/2019\/09\/20190826_134635-300x225.jpg 300w, https:\/\/wordpress.nibis.de\/gsbadnenndorf\/files\/2019\/09\/20190826_134635-768x576.jpg 768w, https:\/\/wordpress.nibis.de\/gsbadnenndorf\/files\/2019\/09\/20190826_134635-1024x768.jpg 1024w\" sizes=\"auto, (max-width: 256px) 100vw, 256px\" \/><figcaption id=\"caption-attachment-767\" class=\"wp-caption-text\">Stand September 2019<\/figcaption><\/figure>\n<p>&nbsp;<\/p>\n<p>&nbsp;<\/p>\n<p>&nbsp;<\/p>\n<p>&nbsp;<\/p>\n<p>&nbsp;<\/p>\n<p>&nbsp;<\/p>\n<p>Im Atrium der Berlin-Schule entsteht ein &#8222;Gr\u00fcnes Klassenzimmer&#8220;.<\/p>\n<p>Der Bereich wird mit Sitzgruppen ausgestattet und auch noch aufgewertet. Dann kann bei gutem Wetter der Unterricht an der frischen Luft erteilt werden.<\/p>\n<h4><\/h4>\n<h4>2019 &#8211; Ein Treffpunkt f\u00fcr die Streitschlichter<\/h4>\n<p><img loading=\"lazy\" decoding=\"async\" class=\"wp-image-697 alignleft\" src=\"https:\/\/wordpress.nibis.de\/gsbadnenndorf\/files\/2019\/06\/20190627_103209-e1561626309992.jpg\" alt=\"\" width=\"321\" height=\"241\" srcset=\"https:\/\/wordpress.nibis.de\/gsbadnenndorf\/files\/2019\/06\/20190627_103209-e1561626309992.jpg 4128w, https:\/\/wordpress.nibis.de\/gsbadnenndorf\/files\/2019\/06\/20190627_103209-e1561626309992-300x225.jpg 300w, https:\/\/wordpress.nibis.de\/gsbadnenndorf\/files\/2019\/06\/20190627_103209-e1561626309992-768x576.jpg 768w, https:\/\/wordpress.nibis.de\/gsbadnenndorf\/files\/2019\/06\/20190627_103209-e1561626309992-1024x768.jpg 1024w\" sizes=\"auto, (max-width: 321px) 100vw, 321px\" \/>F\u00fcr die Streitschlichter und Ersthelfer wurde ein gem\u00fctlicher Treffpunkt eingerichtet.<\/p>\n<p>&nbsp;<\/p>\n<h4><\/h4>\n<h4><\/h4>\n<h4><\/h4>\n<h4><\/h4>\n<h4>2017 &#8211; Aufwertung des Werkraumes<\/h4>\n<p><img loading=\"lazy\" decoding=\"async\" class=\" wp-image-563 alignleft\" src=\"http:\/\/wordpress.nibis.de\/gsbadnenndorf\/files\/2018\/11\/23658418_2024716721118895_6073370785177965363_n.jpg\" alt=\"\" width=\"382\" height=\"253\" srcset=\"https:\/\/wordpress.nibis.de\/gsbadnenndorf\/files\/2018\/11\/23658418_2024716721118895_6073370785177965363_n.jpg 960w, https:\/\/wordpress.nibis.de\/gsbadnenndorf\/files\/2018\/11\/23658418_2024716721118895_6073370785177965363_n-300x199.jpg 300w, https:\/\/wordpress.nibis.de\/gsbadnenndorf\/files\/2018\/11\/23658418_2024716721118895_6073370785177965363_n-768x510.jpg 768w, https:\/\/wordpress.nibis.de\/gsbadnenndorf\/files\/2018\/11\/23658418_2024716721118895_6073370785177965363_n-75x50.jpg 75w\" sizes=\"auto, (max-width: 382px) 100vw, 382px\" \/>In den letzten Monaten haben wir den Raum in knalligen Farben neu gestrichen, einen Spritzschutz aus Industrieblech am Waschbecken angebracht.<br \/>\nZwei ma\u00dfgefertigte Werkb\u00e4nke und zehn neue Hocker erg\u00e4nzen das vorhandene Mobiliar.<br \/>\nAu\u00dferdem w\u00fcrden wir gern den Ton-Brennofen aktivieren, der seit mehr als 10 Jahren nicht mehr betrieben werden darf.<\/p>\n<p>(Stand November 2017)<\/p>\n<p>&nbsp;<\/p>\n<h4>2017 &#8211; Pausenspielzeug f\u00fcr alle Klassen<\/h4>\n<p>Gro\u00df war die Freude der Sch\u00fclerinnen und Sch\u00fcler, als sie das Spielzeug \u00fcbereicht bekamen. F\u00fcr jede der 17 Klassen spendete der F\u00f6rderverein ein Paket mit Pausenspielzeug:\u00a0 B\u00e4lle, Ballspiele, Riesenfederball, Stelzen und Springseile.<\/p>\n<h4><\/h4>\n<h4>2016\/2017 &#8211; Neugestaltung des Schulhofes<\/h4>\n<p>In Abstimmung mit dem Schulleiter Herrn Rolke und der Samtgemeinde wurde\u00a0 seit April 2016 den Schulhof erneuert.<\/p>\n<p>Folgendes wurde neu errichtet:<\/p>\n<ul>\n<li>\u00a0ein Seilgarten<\/li>\n<li>Verbesserung der Fu\u00dfballfelder durch weitere Tore, Feldmarkierungen und ein weiteres, drittes Fu\u00dfballfeld<\/li>\n<li>abwechslungsreichere Gestaltung des Gel\u00e4ndes durch einen H\u00fcgel mit Rutsche und Kletterm\u00f6glichkeiten<\/li>\n<li>Spielh\u00e4user, Spielpferde etc.<\/li>\n<li>klarere Gliederung des Gel\u00e4ndes u.a. durch Neubeplanzung einzelnder Bereiche mit B\u00e4umen und Hecken<\/li>\n<li>Ersetzen der kaputten Stufen durch Rampen<\/li>\n<li>Einrichten eines &#8222;gr\u00fcnen Klassenzimmers&#8220; f\u00fcr Unterricht im Freien<\/li>\n<\/ul>\n<p><img loading=\"lazy\" decoding=\"async\" class=\"wp-image-587 aligncenter\" src=\"http:\/\/wordpress.nibis.de\/gsbadnenndorf\/files\/2018\/11\/15400394_1852740031649899_5819352909949749670_n.jpg\" alt=\"\" width=\"175\" height=\"249\" srcset=\"https:\/\/wordpress.nibis.de\/gsbadnenndorf\/files\/2018\/11\/15400394_1852740031649899_5819352909949749670_n.jpg 677w, https:\/\/wordpress.nibis.de\/gsbadnenndorf\/files\/2018\/11\/15400394_1852740031649899_5819352909949749670_n-212x300.jpg 212w\" sizes=\"auto, (max-width: 175px) 100vw, 175px\" \/><\/p>\n<p>Im Dezember 2016 wurde dem F\u00f6rderverein f\u00fcr sein ehrenamtliches Engagement bei der Schulhofgestaltung von der Samtgemeinde Nenndorf eine Ehrenurkunde \u00fcberreicht.<\/p>\n<p>&nbsp;<\/p>\n<h4>2015 &#8211; Naturwissenschaft und Technik in der Grundschule<\/h4>\n<p>Im Januar 2015 durften die Sch\u00fclerinnen und Sch\u00fcler der Berlin-Schule zum ersten Mal an den knapp 30 schuleigenen Stationen experimentieren. Das Projekt Miniph\u00e4nomenta verfolgt das Ziel, Kinder an naturwissenschaftliche und technische Ph\u00e4nomene heranzuf\u00fchren. Nachdem die Miniph\u00e4nomenta Ende 2013 durch die Universit\u00e4t Flensburg der Berlin-Schule f\u00fcr zwei Wochen ausgeliehen wurde, war die Begeisterung der Sch\u00fclerinnen und Sch\u00fcler, der Lehrer und Elternschaft so gro\u00df, dass man sich gemeinsam entschied, die Experimente nachzubauen. Nur durch die gro\u00dfe Bereitschaft und dem Einsatz der Eltern zum Nachbau sowie die mehr als gro\u00dfz\u00fcgige finanzielle Unterst\u00fctzung der Sparkasse Schaumburg und des F\u00f6rdervereins der Berlin-Schule war es m\u00f6glich, diesen Wunsch gemeinsam in die Realit\u00e4t umzusetzen. Nun laden die Experimentierstationen dauerhaft zum Staunen, Forschen und Verstehenwollen ein.<\/p>\n<p>&nbsp;<\/p>\n<h4>bis 2015 &#8211; Ergonomisches Gest\u00fchl<\/h4>\n<p>Ziel war es, alle Klassen mit diesen M\u00f6beln auszustatten. Die Kosten f\u00fcr einen Klassensatz betrugen ca. 10.000,&#8211; \u20ac.<\/p>\n<p>Die Kosten wurden laut Beschlu\u00df des Schulausschusses der Samtgemeinde Nenndorf je zur H\u00e4lfte vom F\u00f6rderverein und zur H\u00e4lfte vom Schultr\u00e4ger (Samtgermeinde Nenndorf) getragen. Das bedeutete, sobald der F\u00f6rderverein die Mittel f\u00fcr einen halben Klassensatz aufgebracht hat, konnte wieder ein Klassensatz angeschafft werden.<\/p>\n<p>In 2015 war es dann soweit.\u00a0 Alle Klassen sind mit neuen, ergonomischenTischen und St\u00fchlen ausgestattet.<\/p>\n<p><img loading=\"lazy\" decoding=\"async\" class=\" wp-image-558 alignleft\" src=\"http:\/\/wordpress.nibis.de\/gsbadnenndorf\/files\/2018\/11\/IMG_2570.jpg\" alt=\"\" width=\"313\" height=\"208\" srcset=\"https:\/\/wordpress.nibis.de\/gsbadnenndorf\/files\/2018\/11\/IMG_2570.jpg 400w, https:\/\/wordpress.nibis.de\/gsbadnenndorf\/files\/2018\/11\/IMG_2570-300x200.jpg 300w, https:\/\/wordpress.nibis.de\/gsbadnenndorf\/files\/2018\/11\/IMG_2570-75x50.jpg 75w\" sizes=\"auto, (max-width: 313px) 100vw, 313px\" \/>So sieht ein Klassenraum aus, der mit dem neuen Mobiliar ausgestattet ist. Der Einsatz von Einzeltischen bietet der Lehrkraft die M\u00f6glichkeit, individuell einzugreifen. Die Tischplatten sind neigbar. Die St\u00fchle und Tische sind h\u00f6henverstellbar und k\u00f6nnen so auf die K\u00f6rpergr\u00f6\u00dfe des Kindes eingestellt werden &#8211; der Stuhl und der Tisch &#8222;w\u00e4chst mit&#8220;.<\/p>\n<p>&nbsp;<\/p>\n","protected":false},"excerpt":{"rendered":"<p>Ausstattung der Klassenr\u00e4ume \u00a0\u00a0\u00a0 \u00a0\u00a0\u00a0\u00a0\u00a0\u00a0 \u00a0\u00a0\u00a0\u00a0\u00a0\u00a0\u00a0\u00a0\u00a0\u00a0\u00a0\u00a0\u00a0\u00a0\u00a0\u00a0\u00a0\u00a0\u00a0\u00a0\u00a0\u00a0\u00a0\u00a0\u00a0\u00a0\u00a0\u00a0 Sitzkreisb\u00e4nke\u00a0\u00a0\u00a0\u00a0\u00a0\u00a0\u00a0\u00a0\u00a0\u00a0\u00a0\u00a0\u00a0\u00a0\u00a0\u00a0\u00a0\u00a0\u00a0\u00a0\u00a0\u00a0\u00a0\u00a0\u00a0\u00a0\u00a0\u00a0\u00a0\u00a0\u00a0\u00a0\u00a0\u00a0\u00a0 Trockenwagen f\u00fcr Kunstwerke \u00a0\u00a0\u00a0\u00a0\u00a0\u00a0\u00a0\u00a0\u00a0\u00a0\u00a0 Pausenspielzeug Ausstattung f\u00fcr den Fachunterricht \u00a0\u00a0 \u00a0 \u00a0\u00a0\u00a0\u00a0\u00a0\u00a0\u00a0\u00a0\u00a0\u00a0\u00a0\u00a0\u00a0 Standbohrer \u00a0 \u00a0 \u00a0 \u00a0 \u00a0 \u00a0 \u00a0 \u00a0 \u00a0 \u00a0 \u00a0 \u00a0 \u00a0 \u00a0 \u00a0 \u00a0 \u00a0 \u00a0\u00a0 Brennofen\u00a0\u00a0\u00a0\u00a0\u00a0\u00a0\u00a0\u00a0\u00a0\u00a0\u00a0\u00a0\u00a0\u00a0\u00a0\u00a0\u00a0\u00a0\u00a0\u00a0\u00a0\u00a0\u00a0\u00a0\u00a0\u00a0\u00a0\u00a0\u00a0\u00a0\u00a0\u00a0\u00a0\u00a0 Skelett Rechenm\u00e4ppchen f\u00fcr jedes Kind 2023 &#8211; Saftige Leckereien F\u00fcr den Unterricht und besondere Projekttage wie [&hellip;]<\/p>\n","protected":false},"author":9192571,"featured_media":0,"parent":0,"menu_order":0,"comment_status":"closed","ping_status":"closed","template":"","meta":{"footnotes":""},"class_list":["post-557","page","type-page","status-publish","hentry"],"_links":{"self":[{"href":"https:\/\/wordpress.nibis.de\/gsbadnenndorf\/wp-json\/wp\/v2\/pages\/557","targetHints":{"allow":["GET"]}}],"collection":[{"href":"https:\/\/wordpress.nibis.de\/gsbadnenndorf\/wp-json\/wp\/v2\/pages"}],"about":[{"href":"https:\/\/wordpress.nibis.de\/gsbadnenndorf\/wp-json\/wp\/v2\/types\/page"}],"author":[{"embeddable":true,"href":"https:\/\/wordpress.nibis.de\/gsbadnenndorf\/wp-json\/wp\/v2\/users\/9192571"}],"replies":[{"embeddable":true,"href":"https:\/\/wordpress.nibis.de\/gsbadnenndorf\/wp-json\/wp\/v2\/comments?post=557"}],"version-history":[{"count":17,"href":"https:\/\/wordpress.nibis.de\/gsbadnenndorf\/wp-json\/wp\/v2\/pages\/557\/revisions"}],"predecessor-version":[{"id":2073,"href":"https:\/\/wordpress.nibis.de\/gsbadnenndorf\/wp-json\/wp\/v2\/pages\/557\/revisions\/2073"}],"wp:attachment":[{"href":"https:\/\/wordpress.nibis.de\/gsbadnenndorf\/wp-json\/wp\/v2\/media?parent=557"}],"curies":[{"name":"wp","href":"https:\/\/api.w.org\/{rel}","templated":true}]}}