{"id":88,"date":"2017-05-24T12:28:03","date_gmt":"2017-05-24T10:28:03","guid":{"rendered":"http:\/\/wordpress.nibis.de\/gsbarrien\/?page_id=88"},"modified":"2025-12-06T23:22:21","modified_gmt":"2025-12-06T22:22:21","slug":"wichtige-mitteilungen","status":"publish","type":"page","link":"https:\/\/wordpress.nibis.de\/gsbarrien\/wichtige-mitteilungen\/","title":{"rendered":"Wichtige Mitteilungen"},"content":{"rendered":"\n<p><strong>Radfahrpr\u00fcfung<br><\/strong><a href=\"https:\/\/nds.edumaps.de\/49474\/97756\/fatgcbeeft\/udb8dy3jj0\">Hier<\/a> erhalten Sie alle wichtigen Informationen \u00fcber die Radfahrausbildung.<\/p>\n\n\n\n<p><strong>Hinweis zur Berulaubung<br><\/strong>Unter folgendem Link erhalten Sie die Hinweise zur Beurlaubung von Sch\u00fclerinnen und Sch\u00fclern:<br><a href=\"https:\/\/wordpress.nibis.de\/gsbarrien\/files\/2025\/02\/Hinweise-zur-Berurlaubung-von-Schu\u0308lerinnen-und-Schu\u0308lern.pdf\">Hinweise zur Beurlaubung von Schu\u0308lerinnen und Schu\u0308lern<\/a><\/p>\n<p><strong>Merkblatt \u00fcber den Unterrichtsausfall bei extremen Witterungsverh\u00e4ltnissen im Landkreis Diepholz<\/strong><br>Die bevorstehenden Wintermonate machen es wieder erforderlich, die Regelungen f\u00fcr den Unterrichtsausfall bei extremen Witterungsverh\u00e4ltnissen in Erinnerung zu bringen. Unter folgendem <a href=\"https:\/\/www.diepholz.de\/portal\/seiten\/unterrichtsausfall-aufgrund-extremer-witterung-haeufige-fragen-1001228-21750.html\" data-type=\"URL\" data-id=\"https:\/\/www.diepholz.de\/portal\/seiten\/unterrichtsausfall-aufgrund-extremer-witterung-haeufige-fragen-1001228-21750.html\">Merkblatt<\/a> finden Sie alle fragen bzgl. eines Unterrichtsausfalls aufgrund extremer Witterungsverh\u00e4ltnisse.<\/p>\n\n\n\n<p style=\"font-weight: 400\"><strong>Pr\u00e4sentation Einschulung 2026<\/strong><br \/>Liebe Eltern, liebe Erziehungsberechtigte, unter folgenden Link finden Sie die Pr\u00e4sentation des Infoabends f\u00fcr die Einschulung 2026.<br \/><a href=\"https:\/\/wordpress.nibis.de\/gsbarrien\/files\/2025\/12\/2025.11.20-Einschulung-Infoabend-1.pdf\">2025.11.20 Einschulung Infoabend (1)<\/a><br \/>_______________________________________________________________________<br \/><br \/><br \/><\/p>\n\n\n\n<p class=\"has-very-dark-gray-color has-text-color has-medium-font-size\"><br><\/p>\n","protected":false},"excerpt":{"rendered":"<p>Radfahrpr\u00fcfungHier erhalten Sie alle wichtigen Informationen \u00fcber die Radfahrausbildung. Hinweis zur BerulaubungUnter folgendem Link erhalten Sie die Hinweise zur Beurlaubung von Sch\u00fclerinnen und Sch\u00fclern:Hinweise zur Beurlaubung von Schu\u0308lerinnen und Schu\u0308lern Merkblatt \u00fcber den Unterrichtsausfall bei extremen Witterungsverh\u00e4ltnissen im Landkreis DiepholzDie &hellip; <a href=\"https:\/\/wordpress.nibis.de\/gsbarrien\/wichtige-mitteilungen\/\">Weiterlesen <span class=\"meta-nav\">&rarr;<\/span><\/a><\/p>\n","protected":false},"author":1403,"featured_media":0,"parent":0,"menu_order":0,"comment_status":"closed","ping_status":"closed","template":"","meta":{"footnotes":""},"class_list":["post-88","page","type-page","status-publish","hentry"],"_links":{"self":[{"href":"https:\/\/wordpress.nibis.de\/gsbarrien\/wp-json\/wp\/v2\/pages\/88","targetHints":{"allow":["GET"]}}],"collection":[{"href":"https:\/\/wordpress.nibis.de\/gsbarrien\/wp-json\/wp\/v2\/pages"}],"about":[{"href":"https:\/\/wordpress.nibis.de\/gsbarrien\/wp-json\/wp\/v2\/types\/page"}],"author":[{"embeddable":true,"href":"https:\/\/wordpress.nibis.de\/gsbarrien\/wp-json\/wp\/v2\/users\/1403"}],"replies":[{"embeddable":true,"href":"https:\/\/wordpress.nibis.de\/gsbarrien\/wp-json\/wp\/v2\/comments?post=88"}],"version-history":[{"count":63,"href":"https:\/\/wordpress.nibis.de\/gsbarrien\/wp-json\/wp\/v2\/pages\/88\/revisions"}],"predecessor-version":[{"id":1066,"href":"https:\/\/wordpress.nibis.de\/gsbarrien\/wp-json\/wp\/v2\/pages\/88\/revisions\/1066"}],"wp:attachment":[{"href":"https:\/\/wordpress.nibis.de\/gsbarrien\/wp-json\/wp\/v2\/media?parent=88"}],"curies":[{"name":"wp","href":"https:\/\/api.w.org\/{rel}","templated":true}]}}