{"id":48,"date":"2020-03-19T20:52:10","date_gmt":"2020-03-19T19:52:10","guid":{"rendered":"https:\/\/wordpress.nibis.de\/gsbelm\/?page_id=48"},"modified":"2026-04-16T11:33:41","modified_gmt":"2026-04-16T09:33:41","slug":"paedagogische-mitarbeiter","status":"publish","type":"page","link":"https:\/\/wordpress.nibis.de\/gsbelm\/paedagogische-mitarbeiter\/","title":{"rendered":"P\u00e4dagogische Mitarbeiter"},"content":{"rendered":"\n<figure class=\"wp-block-image size-large\"><img loading=\"lazy\" decoding=\"async\" width=\"1200\" height=\"675\" src=\"https:\/\/wordpress.nibis.de\/gsbelm\/files\/2025\/09\/IMG_6560-1-1200x675.jpeg\" alt=\"\" class=\"wp-image-2329\" srcset=\"https:\/\/wordpress.nibis.de\/gsbelm\/files\/2025\/09\/IMG_6560-1-1200x675.jpeg 1200w, https:\/\/wordpress.nibis.de\/gsbelm\/files\/2025\/09\/IMG_6560-1-850x478.jpeg 850w, https:\/\/wordpress.nibis.de\/gsbelm\/files\/2025\/09\/IMG_6560-1-250x141.jpeg 250w\" sizes=\"auto, (max-width: 1200px) 100vw, 1200px\" \/><\/figure>\n\n\n\n<p>\u00a0<\/p>\n<p>P\u00e4dagogische Mitarbeiterinnen (Betreuung im Vertretungsfall, Randstundenbetreuung)<\/p>\n<p>Frau Anja B\u00f6hmer (Koordination)<\/p>\n<p>Frau Kerstin B\u00fccker<\/p>\n<p>Frau Stefanie Harre<\/p>\n<p>Frau Kerstin Tepe<\/p>\n<p>Frau Natalia Fix (Unterst\u00fctzung der Fl\u00fcchtlingskinder aus der Ukraine u.a.)<\/p>\n<p>\u00a0<\/p>\n<p>Schwimmbegleitung:<\/p>\n<p>Frau Hanna Strohkirch<\/p>\n<p>\u00a0<\/p>\n<p>Zus\u00e4tzliche Mitarbeiter*innen in der Ganztagsbetreuung (Kooperationspartner: \u00f6kumenische Jugendhilfe Belm)<\/p>\n<p>Frau Jin-Suk Lim<\/p>\n<p>Herr Frank Kleinschmidt<\/p>\n<p>Frau Grewe<\/p>\n<p>Frau Uta Bornhorst<\/p>\n<p>Frau Hanna Strohkirch<\/p>\n<p>Frau Vanessa Schilling<\/p>\n<p>Frau Lea Sch\u00fcrmann<\/p>\n<p>Frau Schumacher<\/p>\n<p>Frau Marr<\/p>\n<p>\u00a0<\/p>\n","protected":false},"excerpt":{"rendered":"<p>\u00a0 P\u00e4dagogische Mitarbeiterinnen (Betreuung im Vertretungsfall, Randstundenbetreuung) Frau Anja B\u00f6hmer (Koordination) Frau Kerstin B\u00fccker Frau Stefanie Harre Frau Kerstin Tepe Frau Natalia Fix (Unterst\u00fctzung der Fl\u00fcchtlingskinder aus der Ukraine u.a.) \u00a0 Schwimmbegleitung: Frau Hanna Strohkirch \u00a0 Zus\u00e4tzliche Mitarbeiter*innen in der &hellip; <a href=\"https:\/\/wordpress.nibis.de\/gsbelm\/paedagogische-mitarbeiter\/\">Weiterlesen <span class=\"meta-nav\">&rarr;<\/span><\/a><\/p>\n","protected":false},"author":9193389,"featured_media":0,"parent":0,"menu_order":0,"comment_status":"closed","ping_status":"closed","template":"","meta":{"footnotes":""},"class_list":["post-48","page","type-page","status-publish","hentry"],"_links":{"self":[{"href":"https:\/\/wordpress.nibis.de\/gsbelm\/wp-json\/wp\/v2\/pages\/48","targetHints":{"allow":["GET"]}}],"collection":[{"href":"https:\/\/wordpress.nibis.de\/gsbelm\/wp-json\/wp\/v2\/pages"}],"about":[{"href":"https:\/\/wordpress.nibis.de\/gsbelm\/wp-json\/wp\/v2\/types\/page"}],"author":[{"embeddable":true,"href":"https:\/\/wordpress.nibis.de\/gsbelm\/wp-json\/wp\/v2\/users\/9193389"}],"replies":[{"embeddable":true,"href":"https:\/\/wordpress.nibis.de\/gsbelm\/wp-json\/wp\/v2\/comments?post=48"}],"version-history":[{"count":11,"href":"https:\/\/wordpress.nibis.de\/gsbelm\/wp-json\/wp\/v2\/pages\/48\/revisions"}],"predecessor-version":[{"id":2701,"href":"https:\/\/wordpress.nibis.de\/gsbelm\/wp-json\/wp\/v2\/pages\/48\/revisions\/2701"}],"wp:attachment":[{"href":"https:\/\/wordpress.nibis.de\/gsbelm\/wp-json\/wp\/v2\/media?parent=48"}],"curies":[{"name":"wp","href":"https:\/\/api.w.org\/{rel}","templated":true}]}}