{"id":3521,"date":"2022-02-17T17:05:04","date_gmt":"2022-02-17T16:05:04","guid":{"rendered":"https:\/\/wordpress.nibis.de\/gsbernhard\/?page_id=3521"},"modified":"2026-01-23T09:29:29","modified_gmt":"2026-01-23T08:29:29","slug":"beratung","status":"publish","type":"page","link":"https:\/\/wordpress.nibis.de\/gsbernhard\/beratung\/","title":{"rendered":"Beratung"},"content":{"rendered":"<p>Liebe Sch\u00fclerinnen und Sch\u00fcler, \u00a0\u00a0\u00a0\u00a0 <br \/>liebe Eltern und Erziehungsberechtigte,\u00a0 \u00a0\u00a0\u00a0\u00a0\u00a0<\/p>\n<p>wir sind das <strong>Beratungsteam <\/strong>der Bernhardschule und haben ein offenes Ohr f\u00fcr alle Fragen und Sorgen. Unsere Beratung ist auf verschiedene Eckpfeiler gest\u00fctzt:<\/p>\n<ul>\n<li>Beratung ist grunds\u00e4tzlich <strong>freiwillig<\/strong><\/li>\n<li>Beratung erfolgt <strong>vertraulich<\/strong><\/li>\n<li>Beratung ist <strong>unabh\u00e4ngig<\/strong><\/li>\n<li>Beratung ist <strong>kostenlos<\/strong><\/li>\n<li>Beratung kann sich \u00fcber einen l\u00e4ngeren Zeitraum erstrecken<\/li>\n<\/ul>\n<p>\u00a0<\/p>\n<p>Zur Beratungslehrerin: <a href=\"https:\/\/wordpress.nibis.de\/gsbernhard\/beratungslehrerin\/\"><span style=\"color: #339966\">Beratungslehrerin (Frau Voges)<\/span><\/a><\/p>\n<div class=\"wp-block-image\"><img loading=\"lazy\" decoding=\"async\" class=\"wpa-warning wpa-image-missing-alt  wp-image-3522 alignleft\" src=\"https:\/\/wordpress.nibis.de\/gsbernhard\/files\/2022\/02\/Bild-Maria-Beratung.png\" alt=\"\" width=\"198\" height=\"293\" data-warning=\"Missing alt text\" \/><\/div>\n<p>\u00a0<\/p>\n<p>\u00a0<\/p>\n<p>\u00a0<\/p>\n<p>\u00a0<\/p>\n<p>\u00a0<\/p>\n<p>Zur Schulsozialarbeit: <a href=\"https:\/\/wordpress.nibis.de\/gsbernhard\/schulsozialarbeit\/\"><span style=\"color: #339966\">Schulsozialarbeit (Frau Martin &amp; Frau Terhalle)<\/span><\/a><\/p>\n<div class=\"wp-block-image\"><img loading=\"lazy\" decoding=\"async\" class=\"wpa-warning wpa-image-missing-alt size-full wp-image-4790 alignleft\" src=\"https:\/\/wordpress.nibis.de\/gsbernhard\/files\/2026\/01\/Fotos-Sonja-und-Chantal.png\" alt=\"\" width=\"513\" height=\"355\" data-warning=\"Missing alt text\" srcset=\"https:\/\/wordpress.nibis.de\/gsbernhard\/files\/2026\/01\/Fotos-Sonja-und-Chantal.png 513w, https:\/\/wordpress.nibis.de\/gsbernhard\/files\/2026\/01\/Fotos-Sonja-und-Chantal-100x69.png 100w, https:\/\/wordpress.nibis.de\/gsbernhard\/files\/2026\/01\/Fotos-Sonja-und-Chantal-390x270.png 390w\" sizes=\"auto, (max-width: 513px) 100vw, 513px\" \/><\/div>\n<p><span style=\"color: #ffffff\">.<\/span><\/p>\n<p><span style=\"color: #ffffff\">.<\/span><\/p>\n<p><span style=\"color: #ffffff\">.<\/span><\/p>\n\n","protected":false},"excerpt":{"rendered":"<p>Liebe Sch\u00fclerinnen und Sch\u00fcler, \u00a0\u00a0\u00a0\u00a0 liebe Eltern und Erziehungsberechtigte,\u00a0 \u00a0\u00a0\u00a0\u00a0\u00a0 wir sind das Beratungsteam der Bernhardschule und haben ein offenes Ohr f\u00fcr alle Fragen und Sorgen. Unsere Beratung ist auf verschiedene Eckpfeiler gest\u00fctzt: Beratung ist grunds\u00e4tzlich freiwillig Beratung erfolgt vertraulich Beratung ist unabh\u00e4ngig Beratung ist kostenlos Beratung kann sich \u00fcber einen l\u00e4ngeren Zeitraum erstrecken \u00a0 Zur Beratungslehrerin: Beratungslehrerin (Frau Voges) \u00a0 \u00a0 \u00a0 \u00a0 \u00a0 Zur Schulsozialarbeit: Schulsozialarbeit (Frau Martin &amp; Frau Terhalle) . . .<\/p>\n","protected":false},"author":1002,"featured_media":0,"parent":0,"menu_order":0,"comment_status":"closed","ping_status":"closed","template":"","meta":{"footnotes":""},"class_list":["post-3521","page","type-page","status-publish","hentry"],"_links":{"self":[{"href":"https:\/\/wordpress.nibis.de\/gsbernhard\/wp-json\/wp\/v2\/pages\/3521","targetHints":{"allow":["GET"]}}],"collection":[{"href":"https:\/\/wordpress.nibis.de\/gsbernhard\/wp-json\/wp\/v2\/pages"}],"about":[{"href":"https:\/\/wordpress.nibis.de\/gsbernhard\/wp-json\/wp\/v2\/types\/page"}],"author":[{"embeddable":true,"href":"https:\/\/wordpress.nibis.de\/gsbernhard\/wp-json\/wp\/v2\/users\/1002"}],"replies":[{"embeddable":true,"href":"https:\/\/wordpress.nibis.de\/gsbernhard\/wp-json\/wp\/v2\/comments?post=3521"}],"version-history":[{"count":24,"href":"https:\/\/wordpress.nibis.de\/gsbernhard\/wp-json\/wp\/v2\/pages\/3521\/revisions"}],"predecessor-version":[{"id":4821,"href":"https:\/\/wordpress.nibis.de\/gsbernhard\/wp-json\/wp\/v2\/pages\/3521\/revisions\/4821"}],"wp:attachment":[{"href":"https:\/\/wordpress.nibis.de\/gsbernhard\/wp-json\/wp\/v2\/media?parent=3521"}],"curies":[{"name":"wp","href":"https:\/\/api.w.org\/{rel}","templated":true}]}}