{"id":427,"date":"2016-07-29T13:20:41","date_gmt":"2016-07-29T11:20:41","guid":{"rendered":"http:\/\/wordpress.nibis.de\/gsbernhard\/?page_id=427"},"modified":"2026-08-21T13:26:23","modified_gmt":"2026-08-21T11:26:23","slug":"personal-im-ganztagsbereich","status":"publish","type":"page","link":"https:\/\/wordpress.nibis.de\/gsbernhard\/ganztagsschule\/personal-im-ganztagsbereich\/","title":{"rendered":"Team des Ganztages"},"content":{"rendered":"<p><span style=\"color: #ffffff\">.<\/span>Alle unsere Angebote sind freiwillig und nat\u00fcrlich vertraulich. Wir unterliegen der Schweigepflicht!<\/p>\n<p>Zu erreichen sind wir im B\u00fcro auch unter folgender Nummer:<br \/>\n<strong><span style=\"color: #339966\">0173-5925030<\/span><\/strong> oder im Notfall \u00fcber das Sekretariat unter <strong><span style=\"color: #339966\">05952- 512<\/span><\/strong><\/p>\n<p>sowie per E-Mail: <span style=\"color: #339966\"><a style=\"color: #339966\" href=\"&#x6d;&#97;&#105;&#x6c;&#x74;&#111;&#58;&#x67;&#x61;&#110;&#122;&#x74;&#x61;&#103;&#64;&#x67;&#x73;&#45;&#115;&#x6f;&#x65;&#103;&#101;&#x6c;&#x2e;&#100;&#101;\"><strong>ga&#110;&#122;&#x74;&#x61;&#x67;&#x40;gs&#45;&#115;&#x6f;&#x65;&#x67;&#x65;l&#46;&#100;&#101;<\/strong><\/a><\/span><strong> .<\/strong><\/p>\n<p>Das B\u00fcro von Frau Terhalle und Frau Martin findet sich im Flur des 1. Stocks.<br \/>\nFrau Kurlemann hat ihr B\u00fcro im Verwaltungstrakt, im Bereich des Ganztages, hinter der Mensa.<\/p>\n<p>Wir freuen uns sehr, dass wir Teil der Schulgemeinde sein d\u00fcrfen und freuen uns auf eine gute Zusammenarbeit!<br \/>\n<span style=\"color: #ffffff\">.<\/span><br \/>\n<span style=\"color: #ffffff\">.<\/span><\/p>\n<p>Betreuung Schulkindergarten und Klassen 1 &amp; 2:<\/p>\n<div class=\"wp-block-image\"><img loading=\"lazy\" decoding=\"async\" class=\"wpa-warning wpa-image-missing-alt aligncenter  wp-image-5154\" src=\"https:\/\/wordpress.nibis.de\/gsbernhard\/files\/2026\/08\/Team-des-Ganztages-neu.jpg\" alt=\"\" width=\"606\" height=\"426\" data-warning=\"Missing alt text\" srcset=\"https:\/\/wordpress.nibis.de\/gsbernhard\/files\/2026\/08\/Team-des-Ganztages-neu.jpg 935w, https:\/\/wordpress.nibis.de\/gsbernhard\/files\/2026\/08\/Team-des-Ganztages-neu-100x70.jpg 100w, https:\/\/wordpress.nibis.de\/gsbernhard\/files\/2026\/08\/Team-des-Ganztages-neu-384x270.jpg 384w\" sizes=\"auto, (max-width: 606px) 100vw, 606px\" \/><\/div>\n<p><span style=\"color: #ffffff\">.<img loading=\"lazy\" decoding=\"async\" class=\"aligncenter  wp-image-3963\" src=\"https:\/\/wordpress.nibis.de\/gsbernhard\/files\/2023\/08\/Platzhalter-PMs.png\" alt=\"\" width=\"608\" height=\"838\" srcset=\"https:\/\/wordpress.nibis.de\/gsbernhard\/files\/2023\/08\/Platzhalter-PMs.png 547w, https:\/\/wordpress.nibis.de\/gsbernhard\/files\/2023\/08\/Platzhalter-PMs-196x270.png 196w\" sizes=\"auto, (max-width: 608px) 100vw, 608px\" \/><\/span><\/p>\n","protected":false},"excerpt":{"rendered":"<p>.Alle unsere Angebote sind freiwillig und nat\u00fcrlich vertraulich. Wir unterliegen der Schweigepflicht! Zu erreichen sind wir im B\u00fcro auch unter folgender Nummer: 0173-5925030 oder im Notfall \u00fcber das Sekretariat unter 05952- 512 sowie per E-Mail: &#x67;&#x61;&#x6e;&#x7a;&#x74;&#x61;&#x67;&#x40;&#x67;&#x73;&#x2d;&#x73;&#x6f;&#x65;&#103;&#101;&#108;&#46;&#100;&#101; . Das B\u00fcro von Frau Terhalle und Frau Martin findet sich im Flur des 1. Stocks. Frau Kurlemann hat ihr B\u00fcro im Verwaltungstrakt, im Bereich des Ganztages, hinter der Mensa. Wir freuen uns sehr, dass wir Teil der Schulgemeinde sein d\u00fcrfen und freuen uns&#8230;<\/p>\n<p class=\"read-more\"><a class=\"btn btn-default\" href=\"https:\/\/wordpress.nibis.de\/gsbernhard\/ganztagsschule\/personal-im-ganztagsbereich\/\">Weiterlesen<span class=\"screen-reader-text\"> Weiterlesen<\/span><\/a><\/p>\n","protected":false},"author":1002,"featured_media":0,"parent":131,"menu_order":0,"comment_status":"closed","ping_status":"closed","template":"","meta":{"footnotes":""},"class_list":["post-427","page","type-page","status-publish","hentry"],"_links":{"self":[{"href":"https:\/\/wordpress.nibis.de\/gsbernhard\/wp-json\/wp\/v2\/pages\/427","targetHints":{"allow":["GET"]}}],"collection":[{"href":"https:\/\/wordpress.nibis.de\/gsbernhard\/wp-json\/wp\/v2\/pages"}],"about":[{"href":"https:\/\/wordpress.nibis.de\/gsbernhard\/wp-json\/wp\/v2\/types\/page"}],"author":[{"embeddable":true,"href":"https:\/\/wordpress.nibis.de\/gsbernhard\/wp-json\/wp\/v2\/users\/1002"}],"replies":[{"embeddable":true,"href":"https:\/\/wordpress.nibis.de\/gsbernhard\/wp-json\/wp\/v2\/comments?post=427"}],"version-history":[{"count":26,"href":"https:\/\/wordpress.nibis.de\/gsbernhard\/wp-json\/wp\/v2\/pages\/427\/revisions"}],"predecessor-version":[{"id":5156,"href":"https:\/\/wordpress.nibis.de\/gsbernhard\/wp-json\/wp\/v2\/pages\/427\/revisions\/5156"}],"up":[{"embeddable":true,"href":"https:\/\/wordpress.nibis.de\/gsbernhard\/wp-json\/wp\/v2\/pages\/131"}],"wp:attachment":[{"href":"https:\/\/wordpress.nibis.de\/gsbernhard\/wp-json\/wp\/v2\/media?parent=427"}],"curies":[{"name":"wp","href":"https:\/\/api.w.org\/{rel}","templated":true}]}}

<p><span style="color: #ffffff">.</span>Alle unsere Angebote sind freiwillig und natürlich vertraulich. Wir unterliegen der Schweigepflicht!</p>
<p>Zu erreichen sind wir im Büro auch unter folgender Nummer:<br />
<strong><span style="color: #339966">0173-5925030</span></strong> oder im Notfall über das Sekretariat unter <strong><span style="color: #339966">05952- 512</span></strong></p>
<p>sowie per E-Mail: <span style="color: #339966"><a style="color: #339966" href="&#x6d;&#97;&#105;&#x6c;&#x74;&#111;&#58;&#x67;&#x61;&#110;&#122;&#x74;&#x61;&#103;&#64;&#x67;&#x73;&#45;&#115;&#x6f;&#x65;&#103;&#101;&#x6c;&#x2e;&#100;&#101;"><strong>ga&#110;&#122;&#x74;&#x61;&#x67;&#x40;gs&#45;&#115;&#x6f;&#x65;&#x67;&#x65;l&#46;&#100;&#101;</strong></a></span><strong> .</strong></p>
<p>Das Büro von Frau Terhalle und Frau Martin findet sich im Flur des 1. Stocks.<br />
Frau Kurlemann hat ihr Büro im Verwaltungstrakt, im Bereich des Ganztages, hinter der Mensa.</p>
<p>Wir freuen uns sehr, dass wir Teil der Schulgemeinde sein dürfen und freuen uns auf eine gute Zusammenarbeit!<br />
<span style="color: #ffffff">.</span><br />
<span style="color: #ffffff">.</span></p>
<p>Betreuung Schulkindergarten und Klassen 1 &amp; 2:</p>
<div class="wp-block-image"><img loading="lazy" decoding="async" class="wpa-warning wpa-image-missing-alt aligncenter  wp-image-5154" src="https://wordpress.nibis.de/gsbernhard/files/2026/08/Team-des-Ganztages-neu.jpg" alt="" width="606" height="426" data-warning="Missing alt text" srcset="https://wordpress.nibis.de/gsbernhard/files/2026/08/Team-des-Ganztages-neu.jpg 935w, https://wordpress.nibis.de/gsbernhard/files/2026/08/Team-des-Ganztages-neu-100x70.jpg 100w, https://wordpress.nibis.de/gsbernhard/files/2026/08/Team-des-Ganztages-neu-384x270.jpg 384w" sizes="auto, (max-width: 606px) 100vw, 606px" /></div>
<p><span style="color: #ffffff">.<img loading="lazy" decoding="async" class="aligncenter  wp-image-3963" src="https://wordpress.nibis.de/gsbernhard/files/2023/08/Platzhalter-PMs.png" alt="" width="608" height="838" srcset="https://wordpress.nibis.de/gsbernhard/files/2023/08/Platzhalter-PMs.png 547w, https://wordpress.nibis.de/gsbernhard/files/2023/08/Platzhalter-PMs-196x270.png 196w" sizes="auto, (max-width: 608px) 100vw, 608px" /></span></p>

<p>.Alle unsere Angebote sind freiwillig und natürlich vertraulich. Wir unterliegen der Schweigepflicht! Zu erreichen sind wir im Büro auch unter folgender Nummer: 0173-5925030 oder im Notfall über das Sekretariat unter 05952- 512 sowie per E-Mail: &#x67;&#x61;&#x6e;&#x7a;&#x74;&#x61;&#x67;&#x40;&#x67;&#x73;&#x2d;&#x73;&#x6f;&#x65;&#103;&#101;&#108;&#46;&#100;&#101; . Das Büro von Frau Terhalle und Frau Martin findet sich im Flur des 1. Stocks. Frau Kurlemann hat ihr Büro im Verwaltungstrakt, im Bereich des Ganztages, hinter der Mensa. Wir freuen uns sehr, dass wir Teil der Schulgemeinde sein dürfen und freuen uns&#8230;</p>
<p class="read-more"><a class="btn btn-default" href="https://wordpress.nibis.de/gsbernhard/ganztagsschule/personal-im-ganztagsbereich/">Weiterlesen<span class="screen-reader-text"> Weiterlesen</span></a></p>
