{"id":4436,"date":"2025-03-18T08:27:44","date_gmt":"2025-03-18T07:27:44","guid":{"rendered":"https:\/\/wordpress.nibis.de\/gsbernhard\/?page_id=4436"},"modified":"2025-03-18T08:38:42","modified_gmt":"2025-03-18T07:38:42","slug":"beratungslehrerin","status":"publish","type":"page","link":"https:\/\/wordpress.nibis.de\/gsbernhard\/beratungslehrerin\/","title":{"rendered":"Beratungslehrerin"},"content":{"rendered":"<p><img loading=\"lazy\" decoding=\"async\" class=\" wp-image-3522 alignleft\" src=\"https:\/\/wordpress.nibis.de\/gsbernhard\/files\/2022\/02\/Bild-Maria-Beratung.png\" alt=\"\" width=\"176\" height=\"260\" \/>Hallo,<\/p>\n<p>ich hei\u00dfe <strong>Maria Voges<\/strong> und bin die Beratungslehrerin an der Bernhardschule.<\/p>\n<p>Ich bin seit 2013 als Grundschullehrerin an unserer Schule t\u00e4tig und habe im Jahr 2018 meine Weiterbildung als Beratungslehrerin beendet.<\/p>\n<p>Als Beratungslehrerin berate ich neben den Sch\u00fclern und Sch\u00fclerinnen unserer Schule, auch Eltern und KollegInnen.<\/p>\n<p><span style=\"color: #ffffff\">.<\/span><\/p>\n<p>Zu meinen Aufgaben geh\u00f6ren u.a.:<\/p>\n<ul>\n<li>die Einzelfallhilfen, z.B.:<br \/>\n&#8211;\u00a0 vor der Einschulung<br \/>\n&#8211;\u00a0 beim \u00dcberspringen bzw. Wiederholen einer Klasse<br \/>\n&#8211;\u00a0 beim \u00dcbergang zu weiterf\u00fchrenden Schulen.<\/li>\n<\/ul>\n<ul>\n<li>die Systemberatung, z.B.:<br \/>\n&#8211; Arbeiten mit Sch\u00fclergruppen (z.B. zum Thema \u201esoziales Lernen\u201c)<br \/>\n&#8211; Schulkassenbezogene Beratung<\/li>\n<\/ul>\n<p><span style=\"color: #ffffff\">.<\/span><\/p>\n<p>In diesem Schuljahr habe ich folgende Sprechstunden:<\/p>\n<ul>\n<li>jeden Dienstag in der 3. Stunde<\/li>\n<li>jeden Donnerstag in der 3. Stunde<\/li>\n<li>jeden Freitag in der 2. Stunde<\/li>\n<\/ul>\n<p><span style=\"color: #ffffff\">.<\/span><\/p>\n<p><span style=\"text-decoration: underline\">Kontakt:<br \/>\n<\/span>Zur Terminvereinbarung k\u00f6nnen Sie \/ k\u00f6nnt ihr \u2026<\/p>\n<ul>\n<li>mich direkt in der Schule ansprechen.<\/li>\n<li>einen Termin \u00fcber den\/die KlassenlehrerIn vereinbaren.<\/li>\n<li>eine E-Mail schreiben: <strong>m&#97;&#x72;&#x69;a&#46;&#x76;&#x6f;g&#101;&#115;&#x40;&#x67;s&#45;&#x73;&#x6f;e&#103;&#x65;&#x6c;&#46;&#100;&#101;<\/strong><\/li>\n<\/ul>\n","protected":false},"excerpt":{"rendered":"<p>Hallo, ich hei\u00dfe Maria Voges und bin die Beratungslehrerin an der Bernhardschule. Ich bin seit 2013 als Grundschullehrerin an unserer Schule t\u00e4tig und habe im Jahr 2018 meine Weiterbildung als Beratungslehrerin beendet. Als Beratungslehrerin berate ich neben den Sch\u00fclern und Sch\u00fclerinnen unserer Schule, auch Eltern und KollegInnen. . Zu meinen Aufgaben geh\u00f6ren u.a.: die Einzelfallhilfen, z.B.: &#8211;\u00a0 vor der Einschulung &#8211;\u00a0 beim \u00dcberspringen bzw. Wiederholen einer Klasse &#8211;\u00a0 beim \u00dcbergang zu weiterf\u00fchrenden Schulen. die Systemberatung, z.B.: &#8211; Arbeiten mit Sch\u00fclergruppen&#8230;<\/p>\n<p class=\"read-more\"><a class=\"btn btn-default\" href=\"https:\/\/wordpress.nibis.de\/gsbernhard\/beratungslehrerin\/\">Weiterlesen<span class=\"screen-reader-text\"> Weiterlesen<\/span><\/a><\/p>\n","protected":false},"author":1002,"featured_media":0,"parent":0,"menu_order":0,"comment_status":"closed","ping_status":"closed","template":"","meta":{"footnotes":""},"class_list":["post-4436","page","type-page","status-publish","hentry"],"_links":{"self":[{"href":"https:\/\/wordpress.nibis.de\/gsbernhard\/wp-json\/wp\/v2\/pages\/4436","targetHints":{"allow":["GET"]}}],"collection":[{"href":"https:\/\/wordpress.nibis.de\/gsbernhard\/wp-json\/wp\/v2\/pages"}],"about":[{"href":"https:\/\/wordpress.nibis.de\/gsbernhard\/wp-json\/wp\/v2\/types\/page"}],"author":[{"embeddable":true,"href":"https:\/\/wordpress.nibis.de\/gsbernhard\/wp-json\/wp\/v2\/users\/1002"}],"replies":[{"embeddable":true,"href":"https:\/\/wordpress.nibis.de\/gsbernhard\/wp-json\/wp\/v2\/comments?post=4436"}],"version-history":[{"count":8,"href":"https:\/\/wordpress.nibis.de\/gsbernhard\/wp-json\/wp\/v2\/pages\/4436\/revisions"}],"predecessor-version":[{"id":4448,"href":"https:\/\/wordpress.nibis.de\/gsbernhard\/wp-json\/wp\/v2\/pages\/4436\/revisions\/4448"}],"wp:attachment":[{"href":"https:\/\/wordpress.nibis.de\/gsbernhard\/wp-json\/wp\/v2\/media?parent=4436"}],"curies":[{"name":"wp","href":"https:\/\/api.w.org\/{rel}","templated":true}]}}