{"id":11,"date":"2015-03-17T16:40:18","date_gmt":"2015-03-17T15:40:18","guid":{"rendered":"http:\/\/wordpress.nibis.de\/gsblender\/?page_id=11"},"modified":"2026-01-09T09:00:56","modified_gmt":"2026-01-09T08:00:56","slug":"kollegium","status":"publish","type":"page","link":"https:\/\/wordpress.nibis.de\/gsblender\/schule\/kollegium\/","title":{"rendered":"Kollegium"},"content":{"rendered":"<p style=\"text-align: justify\"><span style=\"font-size: 12pt\">Das Kollegium der Grundschule Blender besteht aus 10 Lehrerinnen, einer F\u00f6rderschullehrkraft, einer Lehrerin im Vorbereitungsdienst, sechs p\u00e4dagogischen Mitarbeiterinnen, einem Hausmeister, zwei Reinigungskr\u00e4ften, einer K\u00f6chin und der Leiterin des Sekretariats.<\/span><\/p>\n<p style=\"text-align: justify\"><span style=\"font-size: 12pt\"><strong><span style=\"text-decoration: underline\">Schulleitung<\/span>:<\/strong>\u00a0 <\/span><\/p>\n<p style=\"text-align: justify\"><span style=\"font-size: 12pt\">Corinna Kuhr (&#x73;&#x63;&#104;&#117;ll&#x65;&#x69;&#x74;&#117;ng&#x40;&#x67;&#x73;&#98;&#108;e&#x6e;&#x64;&#x65;&#114;&#46;d&#x65;)\u00a0<\/span><\/p>\n<p><span style=\"font-size: 12pt\"><strong><span style=\"text-decoration: underline\">Lehrkr\u00e4fte<\/span>:<\/strong>\u00a0 <\/span><\/p>\n<p><span style=\"font-size: 12pt\">Klassenleitung 1a: Melanie Winter (&#109;&#x65;&#108;&#x61;&#110;&#x69;&#101;&#x2e;&#119;&#x69;&#110;&#x74;e&#x72;&#64;&#x67;s&#x2d;b&#x6c;e&#x6e;d&#101;&#x72;&#46;&#x64;&#101;) <\/span><\/p>\n<p><span style=\"font-size: 12pt\">Klassenleitung 1b: Nicole Kretschmar (&#x6e;i&#x63;&#111;&#x6c;&#x65;&#46;&#x6b;&#114;&#x65;&#x74;s&#x63;&#104;&#x6d;&#x61;r&#x40;&#103;&#x73;&#x2d;b&#x6c;&#101;&#x6e;&#x64;e&#x72;&#46;&#x64;&#x65;) <\/span><\/p>\n<p><span style=\"font-size: 12pt\">Klassenleitung 2a: Annika Peters (&#x61;&#110;&#110;i&#x6b;&#x61;&#46;p&#x65;&#x74;&#101;rs&#x40;&#103;&#115;-&#x62;&#x6c;&#101;n&#x64;&#x65;&#114;&#46;d&#x65;) <\/span><\/p>\n<p><span style=\"font-size: 12pt\">Klassenleitung 2b: Cordula Wenzel-Kling (c&#111;&#x72;&#x64;u&#108;&#x61;&#x2e;w&#101;&#110;&#x7a;&#x65;l&#45;&#x6b;&#x6c;i&#110;&#x67;&#x40;g&#115;&#45;&#x62;&#x6c;e&#110;&#x64;&#x65;r&#46;&#x64;&#x65;) <\/span><\/p>\n<p><span style=\"font-size: 12pt\">Klassenleitung 3a: Kerstin Hahne (&#x6b;&#x65;&#x72;&#x73;&#x74;&#105;&#110;&#46;&#104;ahn&#x65;&#x40;&#x67;&#x73;&#x2d;&#x62;&#108;&#101;&#110;der&#x2e;&#x64;&#x65;)<\/span><\/p>\n<p><span style=\"font-size: 12pt\">Klassenleitung 3b: Judith Sch\u00f6pplein (judith&#46;&#115;&#99;&#104;&#111;&#101;&#112;&#x70;&#x6c;&#x65;&#x69;&#x6e;&#x40;&#x67;&#x73;&#x2d;&#x62;&#x6c;&#x65;nder&#46;d&#101;) <\/span><\/p>\n<p><span style=\"font-size: 12pt\">Klassenleitung 4a: Ilona Schierer (ilon&#97;&#46;&#115;&#99;&#104;&#105;&#101;&#x72;&#x65;&#x72;&#x40;&#x67;&#x73;&#x2d;&#x62;&#x6c;ende&#114;&#46;&#100;&#101;) <\/span><\/p>\n<p><span style=\"font-size: 12pt\">Fachlehrerin: Annika Henrichs (&#x61;&#110;&#110;i&#x6b;&#x61;&#46;h&#x65;&#x6e;&#114;ic&#x68;&#115;&#64;g&#x73;&#x2d;&#98;l&#x65;&#x6e;&#100;&#101;r&#x2e;&#x64;&#101;) <\/span><\/p>\n<p><span style=\"font-size: 12pt\">Fachlehrerin: Bettina Temme (&#x42;&#x65;&#x74;&#x74;&#105;&#110;&#97;&#46;t&#x65;&#x6d;&#x6d;&#x65;&#x40;&#103;&#115;&#45;bl&#x65;&#x6e;&#x64;&#x65;&#x72;&#46;&#100;&#101;)\u00a0<\/span><\/p>\n<p><span style=\"font-size: 12pt\">Fachlehrerin: Ivonne Simic (I&#118;&#111;&#x6e;&#x6e;e&#46;&#115;&#x69;&#x6d;&#x69;c&#64;&#103;&#x73;&#x2d;bl&#101;&#x6e;&#x64;&#x65;r&#46;&#100;&#x65;)\u00a0<\/span><\/p>\n<p><span style=\"font-size: 12pt\">Lehrkraft im Vorbereitungsdienst: Jana Eileen Benike (&#x6a;&#97;&#x6e;&#x61;&#46;&#x65;&#x69;&#108;&#x65;&#x65;&#110;&#x2e;&#x62;e&#x6e;&#x69;k&#x65;&#64;g&#x73;&#45;b&#x6c;&#101;n&#x64;&#101;r&#x2e;&#100;e)\u00a0<\/span><\/p>\n<p><span style=\"font-size: 12pt\">F\u00f6rderschullehrkraft: Inga Weilandt (i&#110;&#103;&#x61;&#x2e;&#x77;ei&#108;&#97;&#x6e;&#x64;&#x40;g&#115;&#45;&#98;&#x6c;&#x65;&#x6e;d&#101;&#114;&#x2e;&#x64;&#x65;)\u00a0<\/span><\/p>\n<p><span style=\"font-size: 12pt\"><strong><a href=\"http:\/\/wordpress.nibis.de\/gsblender\/verlaessliche-grundschule\/\">P\u00e4dagogische Mitarbeiter*innen<\/a>: <\/strong><\/span><\/p>\n<p><span style=\"font-size: 12pt\">Nina Avetisova<\/span><\/p>\n<p><span style=\"font-size: 12pt\">Johanna B\u00fcntemeyer<\/span><\/p>\n<p><span style=\"font-size: 12pt\">Gudrun Fr\u00f6hlich<\/span><\/p>\n<p><span style=\"font-size: 12pt\">Elisabeta Skandeva<\/span><\/p>\n<p><span style=\"font-size: 12pt\"><span style=\"text-decoration: underline\"><strong>Bundesfreiwilligendienstler:<\/strong><\/span><strong>\u00a0<\/strong><\/span><\/p>\n<p><span style=\"font-size: 12pt\">Till Benjamin Schlenker\u00a0<\/span><\/p>\n<p><span style=\"font-size: 12pt\"><span style=\"text-decoration: underline\"><strong>Ansprechpartnerin im Sekretariat:<\/strong><\/span>\u00a0<\/span><\/p>\n<p><span style=\"font-size: 12pt\">Nadine Makowka\u00a0<\/span><\/p>\n<p><span style=\"font-size: 12pt\"><span style=\"text-decoration: underline\"><strong>Hausmeister:<\/strong><\/span><strong>\u00a0<\/strong><\/span><\/p>\n<p><span style=\"font-size: 12pt\">Heiko Olsson<\/span><\/p>\n\n","protected":false},"excerpt":{"rendered":"<p>Das Kollegium der Grundschule Blender besteht aus 10 Lehrerinnen, einer F\u00f6rderschullehrkraft, einer Lehrerin im Vorbereitungsdienst, sechs p\u00e4dagogischen Mitarbeiterinnen, einem Hausmeister, zwei Reinigungskr\u00e4ften, einer K\u00f6chin und der Leiterin des Sekretariats. Schulleitung:\u00a0 Corinna Kuhr (&#x73;&#99;&#x68;&#117;l&#x6c;&#101;i&#x74;&#117;&#x6e;&#x67;&#64;&#x67;&#115;b&#x6c;&#101;&#x6e;&#x64;e&#x72;&#46;d&#x65;)\u00a0 Lehrkr\u00e4fte:\u00a0 Klassenleitung 1a: Melanie Winter (melani&#101;&#46;&#119;&#105;&#110;&#116;&#101;&#x72;&#x40;&#x67;&#x73;&#x2d;&#x62;&#x6c;&#x65;&#x6e;&#x64;&#x65;&#x72;&#46;de) Klassenleitung 1b: Nicole Kretschmar (&#110;&#105;&#x63;o&#108;&#x65;&#x2e;k&#114;&#x65;&#x74;s&#99;&#x68;m&#97;&#x72;&#x40;g&#115;&#x2d;&#x62;l&#101;&#x6e;d&#101;&#x72;&#x2e;d&#101;) Klassenleitung 2a: Annika Peters (&#97;n&#x6e;i&#x6b;a&#x2e;p&#x65;t&#x65;r&#x73;&#64;&#x67;&#115;&#x2d;&#98;&#x6c;&#101;&#x6e;&#100;&#x65;&#114;&#x2e;&#100;e) Klassenleitung 2b: Cordula Wenzel-Kling (&#99;&#x6f;r&#100;&#x75;l&#x61;&#x2e;&#119;&#x65;n&#122;&#x65;l&#45;&#x6b;&#108;&#x69;n&#103;&#x40;g&#115;&#x2d;&#98;&#x6c;&#x65;&#110;&#x64;e&#114;&#x2e;d&#x65;) Klassenleitung &hellip; <a href=\"https:\/\/wordpress.nibis.de\/gsblender\/schule\/kollegium\/\" class=\"more-link\"><span class=\"screen-reader-text\">Kollegium<\/span> weiterlesen<\/a><\/p>\n","protected":false},"author":666,"featured_media":0,"parent":57,"menu_order":0,"comment_status":"closed","ping_status":"closed","template":"","meta":{"footnotes":""},"class_list":["post-11","page","type-page","status-publish","hentry"],"_links":{"self":[{"href":"https:\/\/wordpress.nibis.de\/gsblender\/wp-json\/wp\/v2\/pages\/11","targetHints":{"allow":["GET"]}}],"collection":[{"href":"https:\/\/wordpress.nibis.de\/gsblender\/wp-json\/wp\/v2\/pages"}],"about":[{"href":"https:\/\/wordpress.nibis.de\/gsblender\/wp-json\/wp\/v2\/types\/page"}],"author":[{"embeddable":true,"href":"https:\/\/wordpress.nibis.de\/gsblender\/wp-json\/wp\/v2\/users\/666"}],"replies":[{"embeddable":true,"href":"https:\/\/wordpress.nibis.de\/gsblender\/wp-json\/wp\/v2\/comments?post=11"}],"version-history":[{"count":79,"href":"https:\/\/wordpress.nibis.de\/gsblender\/wp-json\/wp\/v2\/pages\/11\/revisions"}],"predecessor-version":[{"id":2079,"href":"https:\/\/wordpress.nibis.de\/gsblender\/wp-json\/wp\/v2\/pages\/11\/revisions\/2079"}],"up":[{"embeddable":true,"href":"https:\/\/wordpress.nibis.de\/gsblender\/wp-json\/wp\/v2\/pages\/57"}],"wp:attachment":[{"href":"https:\/\/wordpress.nibis.de\/gsblender\/wp-json\/wp\/v2\/media?parent=11"}],"curies":[{"name":"wp","href":"https:\/\/api.w.org\/{rel}","templated":true}]}}