{"id":115,"date":"2015-05-12T19:21:33","date_gmt":"2015-05-12T17:21:33","guid":{"rendered":"http:\/\/wordpress.nibis.de\/gsblender\/?page_id=115"},"modified":"2024-08-23T09:04:05","modified_gmt":"2024-08-23T07:04:05","slug":"unser-schulgarten","status":"publish","type":"page","link":"https:\/\/wordpress.nibis.de\/gsblender\/schulprofil\/unser-schulgarten\/","title":{"rendered":"Unser Schulgarten"},"content":{"rendered":"<p><span style=\"font-size: 12pt\"><strong>Gem\u00fcsegarten<\/strong><\/span><\/p>\n<p style=\"text-align: justify\"><span style=\"font-size: 12pt\">Im Innenhof befinden sich 9 Hochbeete.\u00a0<\/span><span style=\"font-size: 12pt\">Die Kinder pflanzen hier je nach Interesse gemeinsam Gem\u00fcse, Blumen oder Getreide an. Dies kann im 3. Schuljahr als Thema im Sachunterricht behandelt\u00a0werden.<\/span><\/p>\n<p><img loading=\"lazy\" decoding=\"async\" class=\"wp-image-1899 aligncenter\" src=\"https:\/\/wordpress.nibis.de\/gsblender\/files\/2024\/08\/IMG_3924-225x300.jpg\" alt=\"\" width=\"435\" height=\"580\" srcset=\"https:\/\/wordpress.nibis.de\/gsblender\/files\/2024\/08\/IMG_3924-225x300.jpg 225w, https:\/\/wordpress.nibis.de\/gsblender\/files\/2024\/08\/IMG_3924-1500x2000.jpg 1500w, https:\/\/wordpress.nibis.de\/gsblender\/files\/2024\/08\/IMG_3924-1152x1536.jpg 1152w, https:\/\/wordpress.nibis.de\/gsblender\/files\/2024\/08\/IMG_3924-1536x2048.jpg 1536w, https:\/\/wordpress.nibis.de\/gsblender\/files\/2024\/08\/IMG_3924-scaled.jpg 1920w\" sizes=\"auto, (max-width: 435px) 100vw, 435px\" \/><\/p>\n<p><img loading=\"lazy\" decoding=\"async\" class=\"alignnone  wp-image-1678\" src=\"https:\/\/wordpress.nibis.de\/gsblender\/files\/2023\/03\/IMG_20210628_113248-300x225.jpg\" alt=\"\" width=\"694\" height=\"520\" srcset=\"https:\/\/wordpress.nibis.de\/gsblender\/files\/2023\/03\/IMG_20210628_113248-300x225.jpg 300w, https:\/\/wordpress.nibis.de\/gsblender\/files\/2023\/03\/IMG_20210628_113248-1536x1152.jpg 1536w, https:\/\/wordpress.nibis.de\/gsblender\/files\/2023\/03\/IMG_20210628_113248-2048x1536.jpg 2048w\" sizes=\"auto, (max-width: 694px) 100vw, 694px\" \/><\/p>\n<p style=\"text-align: center\"><img loading=\"lazy\" decoding=\"async\" class=\"alignnone  wp-image-1680\" src=\"https:\/\/wordpress.nibis.de\/gsblender\/files\/2023\/03\/IMG_20210628_113855-225x300.jpg\" alt=\"\" width=\"406\" height=\"542\" srcset=\"https:\/\/wordpress.nibis.de\/gsblender\/files\/2023\/03\/IMG_20210628_113855-225x300.jpg 225w, https:\/\/wordpress.nibis.de\/gsblender\/files\/2023\/03\/IMG_20210628_113855-1500x2000.jpg 1500w, https:\/\/wordpress.nibis.de\/gsblender\/files\/2023\/03\/IMG_20210628_113855-1152x1536.jpg 1152w, https:\/\/wordpress.nibis.de\/gsblender\/files\/2023\/03\/IMG_20210628_113855-1536x2048.jpg 1536w, https:\/\/wordpress.nibis.de\/gsblender\/files\/2023\/03\/IMG_20210628_113855-scaled.jpg 1920w\" sizes=\"auto, (max-width: 406px) 100vw, 406px\" \/><\/p>\n<p><img loading=\"lazy\" decoding=\"async\" class=\"alignnone  wp-image-1681\" src=\"https:\/\/wordpress.nibis.de\/gsblender\/files\/2023\/03\/IMG_20210628_113904-300x225.jpg\" alt=\"\" width=\"688\" height=\"516\" srcset=\"https:\/\/wordpress.nibis.de\/gsblender\/files\/2023\/03\/IMG_20210628_113904-300x225.jpg 300w, https:\/\/wordpress.nibis.de\/gsblender\/files\/2023\/03\/IMG_20210628_113904-1536x1152.jpg 1536w, https:\/\/wordpress.nibis.de\/gsblender\/files\/2023\/03\/IMG_20210628_113904-2048x1536.jpg 2048w\" sizes=\"auto, (max-width: 688px) 100vw, 688px\" \/><\/p>\n<p><span style=\"font-size: 12pt\"><strong>H\u00fchnerhof im Beerengarten<\/strong><\/span><\/p>\n<p style=\"text-align: justify\"><span style=\"font-size: 12pt\">Im Beerengarten, der sich im Innenhof des Schulgeb\u00e4udes befindet, ist ein H\u00fchnerhof entstanden.\u00a0Nach den Osterferien zieht eine Henne mit ihrem Gelege ein. Die Kinder k\u00f6nnen das Br\u00fcten und die Aufzucht der K\u00fcken bis zu den Weihnachtsferien begleiten und beobachten.<\/span><br \/>\n<span style=\"font-size: 12pt\"> Die anfallenden Arbeiten, wie f\u00fcttern, tr\u00e4nken oder das Reinigen, wird abwechselnd von den Kinder erledigt.<\/span><\/p>\n<p><img loading=\"lazy\" decoding=\"async\" class=\"wp-image-1923 alignnone\" src=\"https:\/\/wordpress.nibis.de\/gsblender\/files\/2024\/08\/IMG_3923-1-300x225.jpg\" alt=\"\" width=\"639\" height=\"479\" srcset=\"https:\/\/wordpress.nibis.de\/gsblender\/files\/2024\/08\/IMG_3923-1-300x225.jpg 300w, https:\/\/wordpress.nibis.de\/gsblender\/files\/2024\/08\/IMG_3923-1-1536x1152.jpg 1536w, https:\/\/wordpress.nibis.de\/gsblender\/files\/2024\/08\/IMG_3923-1-2048x1536.jpg 2048w\" sizes=\"auto, (max-width: 639px) 100vw, 639px\" \/><\/p>\n<p><img loading=\"lazy\" decoding=\"async\" class=\"alignnone  wp-image-1683\" src=\"https:\/\/wordpress.nibis.de\/gsblender\/files\/2023\/03\/IMG_20210702_203219-300x225.jpg\" alt=\"\" width=\"640\" height=\"480\" srcset=\"https:\/\/wordpress.nibis.de\/gsblender\/files\/2023\/03\/IMG_20210702_203219-300x225.jpg 300w, https:\/\/wordpress.nibis.de\/gsblender\/files\/2023\/03\/IMG_20210702_203219-1536x1152.jpg 1536w, https:\/\/wordpress.nibis.de\/gsblender\/files\/2023\/03\/IMG_20210702_203219-2048x1536.jpg 2048w\" sizes=\"auto, (max-width: 640px) 100vw, 640px\" \/><\/p>\n<p><span style=\"font-size: 12pt\"><a href=\"http:\/\/wordpress.nibis.de\/gsblender\/files\/2015\/05\/DSC01557.jpg\"><img loading=\"lazy\" decoding=\"async\" class=\"alignnone wp-image-814\" src=\"http:\/\/wordpress.nibis.de\/gsblender\/files\/2015\/05\/DSC01557.jpg\" alt=\"DSC01557\" width=\"643\" height=\"482\" srcset=\"https:\/\/wordpress.nibis.de\/gsblender\/files\/2015\/05\/DSC01557.jpg 2667w, https:\/\/wordpress.nibis.de\/gsblender\/files\/2015\/05\/DSC01557-300x225.jpg 300w\" sizes=\"auto, (max-width: 643px) 100vw, 643px\" \/><\/a><\/span><\/p>\n","protected":false},"excerpt":{"rendered":"<p>Gem\u00fcsegarten Im Innenhof befinden sich 9 Hochbeete.\u00a0Die Kinder pflanzen hier je nach Interesse gemeinsam Gem\u00fcse, Blumen oder Getreide an. Dies kann im 3. Schuljahr als Thema im Sachunterricht behandelt\u00a0werden. H\u00fchnerhof im Beerengarten Im Beerengarten, der sich im Innenhof des Schulgeb\u00e4udes befindet, ist ein H\u00fchnerhof entstanden.\u00a0Nach den Osterferien zieht eine Henne mit ihrem Gelege ein. Die &hellip; <a href=\"https:\/\/wordpress.nibis.de\/gsblender\/schulprofil\/unser-schulgarten\/\" class=\"more-link\"><span class=\"screen-reader-text\">Unser Schulgarten<\/span> weiterlesen<\/a><\/p>\n","protected":false},"author":666,"featured_media":0,"parent":85,"menu_order":0,"comment_status":"closed","ping_status":"closed","template":"","meta":{"footnotes":""},"class_list":["post-115","page","type-page","status-publish","hentry"],"_links":{"self":[{"href":"https:\/\/wordpress.nibis.de\/gsblender\/wp-json\/wp\/v2\/pages\/115","targetHints":{"allow":["GET"]}}],"collection":[{"href":"https:\/\/wordpress.nibis.de\/gsblender\/wp-json\/wp\/v2\/pages"}],"about":[{"href":"https:\/\/wordpress.nibis.de\/gsblender\/wp-json\/wp\/v2\/types\/page"}],"author":[{"embeddable":true,"href":"https:\/\/wordpress.nibis.de\/gsblender\/wp-json\/wp\/v2\/users\/666"}],"replies":[{"embeddable":true,"href":"https:\/\/wordpress.nibis.de\/gsblender\/wp-json\/wp\/v2\/comments?post=115"}],"version-history":[{"count":21,"href":"https:\/\/wordpress.nibis.de\/gsblender\/wp-json\/wp\/v2\/pages\/115\/revisions"}],"predecessor-version":[{"id":1925,"href":"https:\/\/wordpress.nibis.de\/gsblender\/wp-json\/wp\/v2\/pages\/115\/revisions\/1925"}],"up":[{"embeddable":true,"href":"https:\/\/wordpress.nibis.de\/gsblender\/wp-json\/wp\/v2\/pages\/85"}],"wp:attachment":[{"href":"https:\/\/wordpress.nibis.de\/gsblender\/wp-json\/wp\/v2\/media?parent=115"}],"curies":[{"name":"wp","href":"https:\/\/api.w.org\/{rel}","templated":true}]}}

<p><span style="font-size: 12pt"><strong>Gemüsegarten</strong></span></p>
<p style="text-align: justify"><span style="font-size: 12pt">Im Innenhof befinden sich 9 Hochbeete. </span><span style="font-size: 12pt">Die Kinder pflanzen hier je nach Interesse gemeinsam Gemüse, Blumen oder Getreide an. Dies kann im 3. Schuljahr als Thema im Sachunterricht behandelt werden.</span></p>
<p><img loading="lazy" decoding="async" class="wp-image-1899 aligncenter" src="https://wordpress.nibis.de/gsblender/files/2024/08/IMG_3924-225x300.jpg" alt="" width="435" height="580" srcset="https://wordpress.nibis.de/gsblender/files/2024/08/IMG_3924-225x300.jpg 225w, https://wordpress.nibis.de/gsblender/files/2024/08/IMG_3924-1500x2000.jpg 1500w, https://wordpress.nibis.de/gsblender/files/2024/08/IMG_3924-1152x1536.jpg 1152w, https://wordpress.nibis.de/gsblender/files/2024/08/IMG_3924-1536x2048.jpg 1536w, https://wordpress.nibis.de/gsblender/files/2024/08/IMG_3924-scaled.jpg 1920w" sizes="auto, (max-width: 435px) 100vw, 435px" /></p>
<p><img loading="lazy" decoding="async" class="alignnone  wp-image-1678" src="https://wordpress.nibis.de/gsblender/files/2023/03/IMG_20210628_113248-300x225.jpg" alt="" width="694" height="520" srcset="https://wordpress.nibis.de/gsblender/files/2023/03/IMG_20210628_113248-300x225.jpg 300w, https://wordpress.nibis.de/gsblender/files/2023/03/IMG_20210628_113248-1536x1152.jpg 1536w, https://wordpress.nibis.de/gsblender/files/2023/03/IMG_20210628_113248-2048x1536.jpg 2048w" sizes="auto, (max-width: 694px) 100vw, 694px" /></p>
<p style="text-align: center"><img loading="lazy" decoding="async" class="alignnone  wp-image-1680" src="https://wordpress.nibis.de/gsblender/files/2023/03/IMG_20210628_113855-225x300.jpg" alt="" width="406" height="542" srcset="https://wordpress.nibis.de/gsblender/files/2023/03/IMG_20210628_113855-225x300.jpg 225w, https://wordpress.nibis.de/gsblender/files/2023/03/IMG_20210628_113855-1500x2000.jpg 1500w, https://wordpress.nibis.de/gsblender/files/2023/03/IMG_20210628_113855-1152x1536.jpg 1152w, https://wordpress.nibis.de/gsblender/files/2023/03/IMG_20210628_113855-1536x2048.jpg 1536w, https://wordpress.nibis.de/gsblender/files/2023/03/IMG_20210628_113855-scaled.jpg 1920w" sizes="auto, (max-width: 406px) 100vw, 406px" /></p>
<p><img loading="lazy" decoding="async" class="alignnone  wp-image-1681" src="https://wordpress.nibis.de/gsblender/files/2023/03/IMG_20210628_113904-300x225.jpg" alt="" width="688" height="516" srcset="https://wordpress.nibis.de/gsblender/files/2023/03/IMG_20210628_113904-300x225.jpg 300w, https://wordpress.nibis.de/gsblender/files/2023/03/IMG_20210628_113904-1536x1152.jpg 1536w, https://wordpress.nibis.de/gsblender/files/2023/03/IMG_20210628_113904-2048x1536.jpg 2048w" sizes="auto, (max-width: 688px) 100vw, 688px" /></p>
<p><span style="font-size: 12pt"><strong>Hühnerhof im Beerengarten</strong></span></p>
<p style="text-align: justify"><span style="font-size: 12pt">Im Beerengarten, der sich im Innenhof des Schulgebäudes befindet, ist ein Hühnerhof entstanden. Nach den Osterferien zieht eine Henne mit ihrem Gelege ein. Die Kinder können das Brüten und die Aufzucht der Küken bis zu den Weihnachtsferien begleiten und beobachten.</span><br />
<span style="font-size: 12pt"> Die anfallenden Arbeiten, wie füttern, tränken oder das Reinigen, wird abwechselnd von den Kinder erledigt.</span></p>
<p><img loading="lazy" decoding="async" class="wp-image-1923 alignnone" src="https://wordpress.nibis.de/gsblender/files/2024/08/IMG_3923-1-300x225.jpg" alt="" width="639" height="479" srcset="https://wordpress.nibis.de/gsblender/files/2024/08/IMG_3923-1-300x225.jpg 300w, https://wordpress.nibis.de/gsblender/files/2024/08/IMG_3923-1-1536x1152.jpg 1536w, https://wordpress.nibis.de/gsblender/files/2024/08/IMG_3923-1-2048x1536.jpg 2048w" sizes="auto, (max-width: 639px) 100vw, 639px" /></p>
<p><img loading="lazy" decoding="async" class="alignnone  wp-image-1683" src="https://wordpress.nibis.de/gsblender/files/2023/03/IMG_20210702_203219-300x225.jpg" alt="" width="640" height="480" srcset="https://wordpress.nibis.de/gsblender/files/2023/03/IMG_20210702_203219-300x225.jpg 300w, https://wordpress.nibis.de/gsblender/files/2023/03/IMG_20210702_203219-1536x1152.jpg 1536w, https://wordpress.nibis.de/gsblender/files/2023/03/IMG_20210702_203219-2048x1536.jpg 2048w" sizes="auto, (max-width: 640px) 100vw, 640px" /></p>
<p><span style="font-size: 12pt"><a href="http://wordpress.nibis.de/gsblender/files/2015/05/DSC01557.jpg"><img loading="lazy" decoding="async" class="alignnone wp-image-814" src="http://wordpress.nibis.de/gsblender/files/2015/05/DSC01557.jpg" alt="DSC01557" width="643" height="482" srcset="https://wordpress.nibis.de/gsblender/files/2015/05/DSC01557.jpg 2667w, https://wordpress.nibis.de/gsblender/files/2015/05/DSC01557-300x225.jpg 300w" sizes="auto, (max-width: 643px) 100vw, 643px" /></a></span></p>

<p>Gemüsegarten Im Innenhof befinden sich 9 Hochbeete. Die Kinder pflanzen hier je nach Interesse gemeinsam Gemüse, Blumen oder Getreide an. Dies kann im 3. Schuljahr als Thema im Sachunterricht behandelt werden. Hühnerhof im Beerengarten Im Beerengarten, der sich im Innenhof des Schulgebäudes befindet, ist ein Hühnerhof entstanden. Nach den Osterferien zieht eine Henne mit ihrem Gelege ein. Die &hellip; <a href="https://wordpress.nibis.de/gsblender/schulprofil/unser-schulgarten/" class="more-link"><span class="screen-reader-text">Unser Schulgarten</span> weiterlesen</a></p>
